000
CXUS53 KFGF 010915
CF6FAR
PRELIMINARY LOCAL CLIMATOLOGICAL DATA (WS FORM: F-6)
STATION: FARGO HECTOR INTL AP ND
MONTH: JANUARY
YEAR: 2023
LATITUDE: 46 54 N
LONGITUDE: 96 48 W
TEMPERATURE IN F: :PCPN: SNOW: WIND :SUNSHINE: SKY :PK WND
================================================================================
1 2 3 4 5 6A 6B 7 8 9 10 11 12 13 14 15 16 17 18
12Z AVG MX 2MIN
DY MAX MIN AVG DEP HDD CDD WTR SNW DPTH SPD SPD DIR MIN PSBL S-S WX SPD DR
================================================================================
1 23 7 15 4 50 0 0.00 0.0 14 8.0 14 300 M M 8 1 M M
2 15 2 9 -1 56 0 0.00 0.0 14 5.6 12 170 M M 4 18 13 160
3 10 -1 5 -5 60 0 0.00 0.0 14 7.4 16 360 M M 6 12 20 360
4 12 3 8 -2 57 0 0.00 0.0 13 12.5 20 340 M M 3 1 23 360
5 11 -2 5 -5 60 0 0.00 0.0 13 4.4 10 280 M M 5 12 12 270
6 12 -8 2 -8 63 0 T T 13 3.4 10 30 M M 6 12 12 30
7 8 -4 2 -8 63 0 0.00 0.0 13 9.5 17 170 M M 5 12 23 170
8 17 2 10 1 55 0 0.00 0.0 12 8.4 15 170 M M 0 1 18 170
9 18 3 11 2 54 0 0.00 0.0 13 3.3 10 350 M M 7 128 12 100
10 25 19 22 13 43 0 0.00 0.0 13 7.1 16 170 M M 10 12 24 180
11 24 18 21 12 44 0 T T 13 13.3 22 340 M M 10 1 26 340
12 18 10 14 5 51 0 T T 13 12.5 24 350 M M 10 1 29 340
13 12 4 8 -1 57 0 T T 13 12.0 23 150 M M 5 12 32 170
14 28 11 20 11 45 0 0.00 0.0 13 16.3 23 160 M M 0 18 32 160
15 35 18 27 18 38 0 0.00 0.0 12 6.7 18 180 M M 1 1 28 180
16 28 19 24 15 41 0 0.05 0.7 11 14.5 24 350 M M 9 1 30 350
17 19 12 16 7 49 0 T T 12 16.1 24 340 M M 10 1 32 350
18 24 13 19 10 46 0 T T 12 6.1 12 350 M M 10 1 13 350
19 23 19 21 12 44 0 T T 12 11.2 21 340 M M 10 1 24 350
20 25 19 22 13 43 0 0.00 0.0 11 7.9 18 270 M M 10 1 22 270
21 20 2 11 2 54 0 0.00 0.0 11 7.6 13 210 M M 2 18 17 210
22 11 -2 5 -4 60 0 0.00 0.0 11 8.0 15 170 M M 1 1 20 180
23 33 8 21 12 44 0 T T 11 11.5 23 280 M M 9 1 29 280
24 26 14 20 11 45 0 0.09 1.1 11 10.6 29 350 M M 9 1 34 340
25 18 0 9 0 56 0 T T 12 16.4 30 340 M M 6 1689 38 340
26 34 2 18 9 47 0 0.08 0.8 12 10.9 29 160 M M 10 129 39 170
27 35 -6 15 6 50 0 T T 12 17.7 37 330 M M 6 189 49 320
28 -5 -15 -10 -19 75 0 0.00 0.0 12 6.7 15 360 M M 1 19 350
29 -3 -20 -11 -20 76 0 0.00 0.0 12 8.9 14 260 M M 0 17 250
30 -3 -22 -12 -21 77 0 0.00 0.0 12 12.2 20 190 M M 0 25 190
31 3 -16 -6 -16 71 0 0.01 0.1 12 8.4 14 180 M M 2 18 17 170
================================================================================
SM 556 109 1674 0 0.23 2.7 305.1 M 175
================================================================================
AV 17.9 3.5 9.8 FASTST M M 6 MAX(MPH)
MISC ----> 37 330 49 320
================================================================================
NOTES:
# LAST OF SEVERAL OCCURRENCES
COLUMN 17 PEAK WIND IN M.P.H.
PRELIMINARY LOCAL CLIMATOLOGICAL DATA (WS FORM: F-6) , PAGE 2
STATION: FARGO HECTOR INTL AP ND
MONTH: JANUARY
YEAR: 2023
LATITUDE: 46 54 N
LONGITUDE: 96 48 W
[TEMPERATURE DATA] [PRECIPITATION DATA] SYMBOLS USED IN COLUMN 16
AVERAGE MONTHLY: 10.7 TOTAL FOR MONTH: 0.23 1 = FOG OR MIST
DPTR FM NORMAL: 1.5 DPTR FM NORMAL: -0.48 2 = FOG REDUCING VISIBILITY
HIGHEST: 35 ON 27,15 GRTST 24HR 0.09 ON 24-24 TO 1/4 MILE OR LESS
LOWEST: -22 ON 30 3 = THUNDER
SNOW, ICE PELLETS, HAIL 4 = ICE PELLETS
TOTAL MONTH: 2.7 INCHES 5 = HAIL
GRTST 24HR 1.1 ON 24-24 6 = FREEZING RAIN OR DRIZZLE
GRTST DEPTH: 14 ON 3, 2 7 = DUSTSTORM OR SANDSTORM:
VSBY 1/2 MILE OR LESS
8 = SMOKE OR HAZE
[NO. OF DAYS WITH] [WEATHER - DAYS WITH] 9 = BLOWING SNOW
X = TORNADO
MAX 32 OR BELOW: 27 0.01 INCH OR MORE: 4
MAX 90 OR ABOVE: 0 0.10 INCH OR MORE: 0
MIN 32 OR BELOW: 31 0.50 INCH OR MORE: 0
MIN 0 OR BELOW: 11 1.00 INCH OR MORE: 0
[HDD (BASE 65) ]
TOTAL THIS MO. 1674 CLEAR (SCALE 0-3) 9
DPTR FM NORMAL -56 PTCLDY (SCALE 4-7) 10
TOTAL FM JUL 1 5279 CLOUDY (SCALE 8-10) 12
DPTR FM NORMAL 104
[CDD (BASE 65) ]
TOTAL THIS MO. 0
DPTR FM NORMAL 0 [PRESSURE DATA]
TOTAL FM JAN 1 0 HIGHEST SLP 30.54 ON 30
DPTR FM NORMAL 0 LOWEST SLP 29.33 ON 27
[REMARKS]
#FINAL-01-23#