000
CXUS54 KLZK 011130
CF6HRO
PRELIMINARY LOCAL CLIMATOLOGICAL DATA (WS FORM: F-6)
STATION: Harrison
MONTH: APRIL
YEAR: 2020
LATITUDE: 36 15 N
LONGITUDE: 93 9 W
TEMPERATURE IN F: :PCPN: SNOW: WIND :SUNSHINE: SKY :PK WND
================================================================================
1 2 3 4 5 6A 6B 7 8 9 10 11 12 13 14 15 16 17 18
12Z AVG MX 2MIN
DY MAX MIN AVG DEP HDD CDD WTR SNW DPTH SPD SPD DIR MIN PSBL S-S WX SPD DR
================================================================================
1 71 44 58 4 7 0 0.00 0.0 0 6.7 16 150 M M 0 20 140
2 74 54 64 10 1 0 T 0.0 0 13.1 28 150 M M 1 35 190
3 68 38 53 -1 12 0 0.54 0.0 0 7.8 20 280 M M 8 13 27 290
4 44 36 40 -15 25 0 0.01 T 0 4.6 10 340 M M 10 14 13 300
5 63 44 54 -1 11 0 0.00 0.0 0 2.7 9 160 M M 9 1 12 170
6 73 49 61 6 4 0 0.00 0.0 0 6.2 15 180 M M 5 12 21 190
7 83 61 72 16 0 7 0.00 0.0 0 6.5 16 240 M M 2 22 230
8 92 62 77 21 0 12 0.00 0.0 0 7.0 20 340 M M 0 27 340
9 67 47 57 1 8 0 0.00 0.0 0 7.4 16 350 M M 2 24 350
10 59 33 46 -10 19 0 0.00 0.0 0 6.3 13 20 M M 0 18 120
11 67 44 56 -1 9 0 0.21 0.0 0 11.3 25 170 M M 5 13 34 190
12 67 35 51 -6 14 0 1.72 0.0 0 11.4 29 280 M M 7 13 42 260
13 46 33 40 -17 25 0 T T 0 10.3 23 320 M M 8 34 320
14 48 32 40 -18 25 0 0.04 0.5 T 3.0 10 100 M M 7 1 15 40
15 60 32 46 -12 19 0 0.00 0.0 0 5.1 16 270 M M 0 24 240
16 69 35 52 -6 13 0 0.00 0.0 0 9.8 23 170 M M 0 31 160
17 60 39 50 -8 15 0 T 0.0 0 8.7 17 170 M M 8 18 23 320
18 66 28 47 -12 18 0 0.03 0.0 0 8.0 20 160 M M 1 13 24 170
19 57 44 51 -8 14 0 0.15 M 0 4.4 14 130 M M 8 13 17 180
20 76 42 59 0 6 0 0.00 M 0 6.0 17 290 M M 1 24 250
21 76 51 64 4 1 0 0.00 0.0 0 5.6 14 320 M M 0 20 270
22 62 51 57 -3 8 0 0.92 0.0 0 9.7 23 130 M M 8 13 30 130
23 70 51 61 1 4 0 0.04 0.0 0 7.1 20 320 M M 6 13 26 320
24 70 48 59 -1 6 0 0.01 M 0 6.8 24 270 M M 3 13 36 260
25 67 51 59 -2 6 0 0.02 0.0 0 11.2 22 320 M M 6 1 39 300
26 72 44 58 -3 7 0 0.00 0.0 0 4.6 14 350 M M 2 19 290
27 68 52 60 -1 5 0 0.09 0.0 0 8.9 16 170 M M 5 13 20 160
28 79 58 69 8 0 4 1.08 0.0 0 10.0 25 310 M M 5 13 37 320
29 62 51 57 -5 8 0 0.01 0.0 0 11.0 23 310 M M 4 33 310
30 73 49 61 -1 4 0 0.00 0.0 0 7.3 20 30 M M 0 25 310
================================================================================
SM 2009 1338 294 23 4.87 0.5 228.5 M 121
================================================================================
AV 67.0 44.6 7.6 FASTST M M 4 MAX(MPH)
MISC ----> # 29 280 # 42 260
================================================================================
NOTES:
# LAST OF SEVERAL OCCURRENCES
COLUMN 17 PEAK WIND IN M.P.H.
PRELIMINARY LOCAL CLIMATOLOGICAL DATA (WS FORM: F-6) , PAGE 2
STATION: Harrison
MONTH: APRIL
YEAR: 2020
LATITUDE: 36 15 N
LONGITUDE: 93 9 W
[TEMPERATURE DATA] [PRECIPITATION DATA] SYMBOLS USED IN COLUMN 16
AVERAGE MONTHLY: 55.8 TOTAL FOR MONTH: 4.87 1 = FOG OR MIST
DPTR FM NORMAL: -2.2 DPTR FM NORMAL: 0.55 2 = FOG REDUCING VISIBILITY
HIGHEST: 92 ON 8 GRTST 24HR 1.72 ON 12-12 TO 1/4 MILE OR LESS
LOWEST: 28 ON 18 3 = THUNDER
SNOW, ICE PELLETS, HAIL 4 = ICE PELLETS
TOTAL MONTH: 0.5 INCH 5 = HAIL
GRTST 24HR 0.5 ON 14-14 6 = FREEZING RAIN OR DRIZZLE
GRTST DEPTH: T 7 = DUSTSTORM OR SANDSTORM:
VSBY 1/2 MILE OR LESS
8 = SMOKE OR HAZE
[NO. OF DAYS WITH] [WEATHER - DAYS WITH] 9 = BLOWING SNOW
X = TORNADO
MAX 32 OR BELOW: 0 0.01 INCH OR MORE: 14
MAX 90 OR ABOVE: 1 0.10 INCH OR MORE: 6
MIN 32 OR BELOW: 3 0.50 INCH OR MORE: 4
MIN 0 OR BELOW: 0 1.00 INCH OR MORE: 2
[HDD (BASE 65) ]
TOTAL THIS MO. 294 CLEAR (SCALE 0-3) 13
DPTR FM NORMAL 53 PTCLDY (SCALE 4-7) 14
TOTAL FM JUL 1 3622 CLOUDY (SCALE 8-10) 3
DPTR FM NORMAL -299
[CDD (BASE 65) ]
TOTAL THIS MO. 23
DPTR FM NORMAL -8 [PRESSURE DATA]
TOTAL FM JAN 1 49 HIGHEST SLP 30.36 ON 14
DPTR FM NORMAL 12 LOWEST SLP 29.40 ON 12
[REMARKS]
ALL SNOWFALL DATA IS FROM THE HARRISON COOPERATIVE OBSERVER SITE
#FINAL-04-20#