000
CXUS53 KSGF 010710
CF6JLN
PRELIMINARY LOCAL CLIMATOLOGICAL DATA (WS FORM: F-6)
STATION: JOPLIN MO
MONTH: AUGUST
YEAR: 2021
LATITUDE: 37 10 N
LONGITUDE: 94 30 W
TEMPERATURE IN F: :PCPN: SNOW: WIND :SUNSHINE: SKY :PK WND
================================================================================
1 2 3 4 5 6A 6B 7 8 9 10 11 12 13 14 15 16 17 18
12Z AVG MX 2MIN
DY MAX MIN AVG DEP HDD CDD WTR SNW DPTH SPD SPD DIR MIN PSBL S-S WX SPD DR
================================================================================
1 84 66 75 -5 0 10 0.03 M M 3.9 15 10 M M 3 138 21 360
2 84 61 73 -7 0 8 0.00 M M 2.6 13 10 M M 1 18 17 70
3 84 61 73 -7 0 8 0.00 M M 4.4 10 350 M M 1 18 15 350
4 85 62 74 -6 0 9 0.00 M M 4.1 9 30 M M 3 18 13 30
5 83 67 75 -5 0 10 T M M 7.4 16 220 M M 3 18 22 220
6 90 64 77 -3 0 12 0.00 M M 7.9 15 210 M M 1 18 20 190
7 92 71 82 2 0 17 0.00 M M 12.2 18 160 M M 1 8 26 160
8 90 69 80 0 0 15 0.20 M M 11.0 23 340 M M 5 138 31 340
9 94 78 86 6 0 21 0.00 M M 13.7 22 220 M M 2 8 30 220
10 97 79 88 8 0 23 0.00 M M 15.0 23 190 M M 1 31 190
11 97 77 87 7 0 22 0.00 M M 14.8 24 210 M M 1 35 220
12 98 75 87 7 0 22 0.00 M M 13.2 22 210 M M 1 3 39 70
13 88 70 79 -1 0 14 0.04 M M 6.9 20 320 M M 5 13 26 340
14 87 67 77 -3 0 12 0.00 M M 5.0 10 50 M M 4 15 90
15 89 65 77 -3 0 12 0.00 M M 6.3 13 50 M M 3 18 130
16 88 68 78 -1 0 13 0.01 M M 3.9 14 130 M M 4 3 19 120
17 90 71 81 2 0 16 0.00 M M 6.3 22 120 M M 5 30 110
18 88 67 78 -1 0 13 1.05 M M 4.9 22 300 M M 4 138 27 300
19 89 71 80 1 0 15 0.05 M M 5.2 16 80 M M 5 3 21 90
20 92 74 83 4 0 18 0.10 M M 10.2 17 210 M M 5 13 26 220
21 87 70 79 1 0 14 0.65 M M 6.5 25 310 M M 5 13 34 310
22 94 73 84 6 0 19 0.00 M M 5.6 12 200 M M 4 15 180
23 95 77 86 8 0 21 0.00 M M 10.1 18 190 M M 1 24 200
24 94 74 84 6 0 19 0.00 M M 10.4 18 180 M M 1 25 180
25 95 74 85 7 0 20 0.00 M M 7.1 15 160 M M 1 21 150
26 96 75 86 8 0 21 0.00 M M 5.1 10 200 M M 2 14 210
27 94 74 84 7 0 19 0.00 M M 8.7 16 150 M M 2 22 170
28 93 73 83 6 0 18 0.00 M M 7.6 17 150 M M 2 25 180
29 92 71 82 5 0 17 T M M 3.6 18 150 M M 3 3 27 150
30 92 71 82 6 0 17 T M M 4.0 14 50 M M 3 3 20 60
31 89 68 79 3 0 14 T M M 5.1 31 10 M M 2 38 47 20
================================================================================
SM 2810 2183 0 489 2.13 M 232.7 M 84
================================================================================
AV 90.6 70.4 7.5 FASTST M M 3 MAX(MPH)
MISC ----> 31 10 47 20
================================================================================
NOTES:
# LAST OF SEVERAL OCCURRENCES
COLUMN 17 PEAK WIND IN M.P.H.
PRELIMINARY LOCAL CLIMATOLOGICAL DATA (WS FORM: F-6) , PAGE 2
STATION: JOPLIN MO
MONTH: AUGUST
YEAR: 2021
LATITUDE: 37 10 N
LONGITUDE: 94 30 W
[TEMPERATURE DATA] [PRECIPITATION DATA] SYMBOLS USED IN COLUMN 16
AVERAGE MONTHLY: 80.5 TOTAL FOR MONTH: 2.13 1 = FOG OR MIST
DPTR FM NORMAL: 1.5 DPTR FM NORMAL: -1.23 2 = FOG REDUCING VISIBILITY
HIGHEST: 98 ON 12 GRTST 24HR 1.05 ON 18-18 TO 1/4 MILE OR LESS
LOWEST: 61 ON 3, 2 3 = THUNDER
SNOW, ICE PELLETS, HAIL 4 = ICE PELLETS
TOTAL MONTH: M 5 = HAIL
GRTST 24HR M ON M 6 = FREEZING RAIN OR DRIZZLE
GRTST DEPTH: M ON M 7 = DUSTSTORM OR SANDSTORM:
VSBY 1/2 MILE OR LESS
8 = SMOKE OR HAZE
[NO. OF DAYS WITH] [WEATHER - DAYS WITH] 9 = BLOWING SNOW
X = TORNADO
MAX 32 OR BELOW: 0 0.01 INCH OR MORE: 8
MAX 90 OR ABOVE: 18 0.10 INCH OR MORE: 4
MIN 32 OR BELOW: 0 0.50 INCH OR MORE: 2
MIN 0 OR BELOW: 0 1.00 INCH OR MORE: 1
[HDD (BASE 65) ]
TOTAL THIS MO. 0 CLEAR (SCALE 0-3) 16
DPTR FM NORMAL -1 PTCLDY (SCALE 4-7) 15
TOTAL FM JUL 1 0 CLOUDY (SCALE 8-10) 0
DPTR FM NORMAL 0
[CDD (BASE 65) ]
TOTAL THIS MO. 489
DPTR FM NORMAL 56 [PRESSURE DATA]
TOTAL FM JAN 1 1398 HIGHEST SLP M ON M
DPTR FM NORMAL 9 LOWEST SLP 29.70 ON 31
[REMARKS]
#FINAL-08-21#