000
CXUS53 KBIS 010830
CF6N60
PRELIMINARY LOCAL CLIMATOLOGICAL DATA (WS FORM: F-6)
STATION: GARRISON (AMOS) ND
MONTH: OCTOBER
YEAR: 2020
LATITUDE: 47 39 N
LONGITUDE: 101 23 W
TEMPERATURE IN F: :PCPN: SNOW: WIND :SUNSHINE: SKY :PK WND
================================================================================
1 2 3 4 5 6A 6B 7 8 9 10 11 12 13 14 15 16 17 18
12Z AVG MX 2MIN
DY MAX MIN AVG DEP HDD CDD WTR SNW DPTH SPD SPD DIR MIN PSBL S-S WX SPD DR
================================================================================
1 50 29 40 M 25 0 0.00 M M 7.6 16 350 M M 0 23 360
2 53 38 46 M 19 0 0.00 M M 8.6 16 130 M M 0 21 140
3 58 34 46 M 19 0 0.00 M M 5.0 14 80 M M 0 18 90
4 72 37 55 M 10 0 0.00 M M 12.2 25 210 M M 0 33 200
5 70 48 59 M 6 0 0.00 M M 16.2 33 320 M M 0 48 330
6 73 48 61 M 4 0 0.00 M M 13.7 28 340 M M 0 36 340
7 66 37 52 M 13 0 0.00 M M 9.5 22 310 M M 0 28 320
8 72 37 55 M 10 0 0.00 M M 11.6 25 180 M M 0 36 160
9 67 37 52 M 13 0 0.00 M M 9.6 22 320 M M 0 33 310
10 70 36 53 M 12 0 0.00 M M 13.7 26 160 M M 0 35 170
11 64 38 51 M 14 0 0.00 M M 15.2 35 300 M M 0 48 310
12 61 35 48 M 17 0 0.00 M M 10.5 25 240 M M 0 32 250
13 57 36 47 M 18 0 0.01 M M 11.9 28 280 M M 0 36 290
14 51 31 41 M 24 0 0.00 M M 18.2 33 310 M M 0 44 310
15 45 26 36 M 29 0 0.00 M M 17.0 32 310 M M 0 45 310
16 42 22 32 M 33 0 0.02 M M 11.1 25 310 M M 0 34 310
17 32 23 28 M 37 0 0.08 M M 13.5 26 310 M M 0 33 310
18 28 23 26 M 39 0 0.00 M M 12.5 23 320 M M 0 32 290
19 31 21 26 M 39 0 0.00 M M 6.3 18 150 M M 0 23 140
20 35 26 31 M 34 0 0.25 M M 13.5 28 300 M M 0 37 290
21 33 24 29 M 36 0 0.00 M M 6.6 16 330 M M 0 23 310
22 30 13 22 M 43 0 M M M 10.1 20 350 M M 0 25 350
23 27 9 18 M 47 0 0.00 M M 8.6 16 310 M M 0 21 310
24 25 18 22 M 43 0 0.00 M M 5.7 13 80 M M 0 17 70
25 26 13 20 M 45 0 0.00 M M 12.4 22 310 M M 0 29 300
26 27 15 21 M 44 0 0.00 M M 13.6 24 220 M M 0 30 230
27 49 21 35 M 30 0 0.00 M M 14.8 28 260 M M 0 39 280
28 46 23 35 M 30 0 0.00 M M 11.9 28 330 M M 0 36 340
29 38 24 31 M 34 0 0.03 M M 5.5 12 130 M M 0 15 130
30 42 36 39 M 26 0 0.00 M M 11.6 29 190 M M 0 36 190
31 50 21 36 M 29 0 0.00 M M 25.5 48 300 M M 0 66 310
================================================================================
SM 1490 879 822 0 0.39 M 363.7 M 0
================================================================================
AV 48.1 28.4 11.7 FASTST M M 0 MAX(MPH)
MISC ----> # 48 300 # 66 310
================================================================================
NOTES:
# LAST OF SEVERAL OCCURRENCES
COLUMN 17 PEAK WIND IN M.P.H.
PRELIMINARY LOCAL CLIMATOLOGICAL DATA (WS FORM: F-6) , PAGE 2
STATION: GARRISON (AMOS) ND
MONTH: OCTOBER
YEAR: 2020
LATITUDE: 47 39 N
LONGITUDE: 101 23 W
[TEMPERATURE DATA] [PRECIPITATION DATA] SYMBOLS USED IN COLUMN 16
AVERAGE MONTHLY: 38.2 TOTAL FOR MONTH: 0.39 1 = FOG OR MIST
DPTR FM NORMAL: M DPTR FM NORMAL: M 2 = FOG REDUCING VISIBILITY
HIGHEST: 73 ON 6 GRTST 24HR 0.25 ON 20-20 TO 1/4 MILE OR LESS
LOWEST: 9 ON 23 3 = THUNDER
SNOW, ICE PELLETS, HAIL 4 = ICE PELLETS
TOTAL MONTH: M 5 = HAIL
GRTST 24HR M ON M 6 = FREEZING RAIN OR DRIZZLE
GRTST DEPTH: M ON M 7 = DUSTSTORM OR SANDSTORM:
VSBY 1/2 MILE OR LESS
8 = SMOKE OR HAZE
[NO. OF DAYS WITH] [WEATHER - DAYS WITH] 9 = BLOWING SNOW
X = TORNADO
MAX 32 OR BELOW: 8 0.01 INCH OR MORE: 5
MAX 90 OR ABOVE: 0 0.10 INCH OR MORE: 1
MIN 32 OR BELOW: 18 0.50 INCH OR MORE: 0
MIN 0 OR BELOW: 0 1.00 INCH OR MORE: 0
[HDD (BASE 65) ]
TOTAL THIS MO. 822 CLEAR (SCALE 0-3) 31
DPTR FM NORMAL M PTCLDY (SCALE 4-7) 0
TOTAL FM JUL 1 1088 CLOUDY (SCALE 8-10) 0
DPTR FM NORMAL M
[CDD (BASE 65) ]
TOTAL THIS MO. 0
DPTR FM NORMAL M [PRESSURE DATA]
TOTAL FM JAN 1 407 HIGHEST SLP 30.59 ON 23
DPTR FM NORMAL M LOWEST SLP 29.24 ON 11
[REMARKS]
#FINAL-10-20#