000
CXUS53 KARX 010709
CLMRST

CLIMATE REPORT
NATIONAL WEATHER SERVICE LA CROSSE WI
209 AM CDT WED SEP 01 2021

...................................

...THE ROCHESTER MN CLIMATE SUMMARY FOR THE MONTH OF AUGUST 2021...

CLIMATE NORMAL PERIOD 1991 TO 2020
CLIMATE RECORD PERIOD 1886 TO 2021

WEATHER         OBSERVED          NORMAL  DEPART   LAST YEAR`S
                VALUE   DATE(S)   VALUE   FROM     VALUE DATE(S)
                                          NORMAL
................................................................
TEMPERATURE (F)
RECORD
 HIGH            100   08/24/1948
                       08/23/1948
                       08/04/1947
 LOW              32   08/30/1915
HIGHEST           86   08/10                          92  08/25
                                                          08/24
LOWEST            50   08/22                          46  08/04
AVG. MAXIMUM    79.2               78.0     1.2     81.1
AVG. MINIMUM    59.0               58.3     0.7     58.2
MEAN            69.1               68.2     0.9     69.6
DAYS MAX >= 90     0                0.5    -0.5        3
DAYS MAX <= 32     0                0.0     0.0        0
DAYS MIN <= 32     0                0.0     0.0        0
DAYS MIN <= 0      0                0.0     0.0        0

PRECIPITATION (INCHES)
RECORD
 MAXIMUM       14.07   2007
TOTALS          6.74               4.12    2.62     4.24
DAYS >= .01       13               10.0     3.0        9
DAYS >= .10        7                6.0     1.0        4
DAYS >= .50        5                2.8     2.2        3
DAYS >= 1.00       1                1.1    -0.1        1
GREATEST
 24 HR. TOTAL   3.79   08/26 TO 08/27               2.01  08/31 TO 08/31

SNOWFALL (INCHES)
RECORDS
 TOTAL           0.0   2020
 SNOW DEPTH        0   08/31/2020
TOTALS           0.0                0.0     0.0      0.0
SINCE 7/1        0.0                0.0     0.0       MM
SNOWDEPTH AVG.     0                                   0
DAYS >= TRACE      0                0.0     0.0        0
DAYS >= 1.0        0                0.0     0.0        0
GREATEST
 SNOW DEPTH        0                                   0  MM

DEGREE DAYS
HEATING TOTAL      5                 30     -25       20
 SINCE 7/1         7                 45     -38       25
COOLING TOTAL    139                128      11      171
 SINCE 1/1       662                474     188      605
................................................................

WIND (MPH)
AVERAGE WIND SPEED              7.6
HIGHEST WIND SPEED/DIRECTION    38/190    DATE  08/28
HIGHEST GUST SPEED/DIRECTION    60/190    DATE  08/28

AVERAGE RH (PERCENT)     77

WEATHER CONDITIONS. NUMBER OF DAYS WITH
THUNDERSTORM             11     MIXED PRECIP               0
HEAVY RAIN                6     RAIN                       8
LIGHT RAIN               15     FREEZING RAIN              0
LT FREEZING RAIN          0     HAIL                       0
HEAVY SNOW                0     SNOW                       0
LIGHT SNOW                0     SLEET                      0
FOG                      16     FOG W/VIS <= 1/4 MILE      1
HAZE                      2

-  INDICATES NEGATIVE NUMBERS.
R  INDICATES RECORD WAS SET OR TIED.
MM INDICATES DATA IS MISSING.
T  INDICATES TRACE AMOUNT.

$$
