000
CXUS54 KLZK 011230
CF6SRC
PRELIMINARY LOCAL CLIMATOLOGICAL DATA (WS FORM: F-6)
STATION: SEARCY AIRPORT
MONTH: NOVEMBER
YEAR: 2021
LATITUDE: 35 12 N
LONGITUDE: 91 44 W
TEMPERATURE IN F: :PCPN: SNOW: WIND :SUNSHINE: SKY :PK WND
================================================================================
1 2 3 4 5 6A 6B 7 8 9 10 11 12 13 14 15 16 17 18
12Z AVG MX 2MIN
DY MAX MIN AVG DEP HDD CDD WTR SNW DPTH SPD SPD DIR MIN PSBL S-S WX SPD DR
================================================================================
1 62 44 53 -3 12 0 T M M 7.4 13 30 M M 3 17 100
2 51 44 48 -8 17 0 0.00 M M 9.5 15 40 M M 9 M M
3 49 34 42 -13 23 0 0.27 M M 6.8 16 50 M M 7 M M
4 56 31 44 -11 21 0 0.00 M M 4.5 10 20 M M 0 23 40
5 59 29 44 -10 21 0 0.00 M M 3.7 8 60 M M 0 8 M M
6 63 29 46 -8 19 0 0.00 M M 1.2 7 360 M M 0 1 M M
7 68 31 50 -4 15 0 0.00 M M 2.1 8 140 M M 0 1 M M
8 72 35 54 1 11 0 0.00 M M 2.9 12 190 M M 0 1 16 190
9 71 37 54 1 11 0 0.00 M M 2.6 10 190 M M 1 12 M M
10 70 42 56 3 9 0 0.01 M M 4.4 13 170 M M 7 12 17 170
11 67 43 55 3 10 0 1.66 M M 5.9 13 290 M M 5 13 25 310
12 56 33 45 -7 20 0 T M M 5.8 12 190 M M 2 20 260
13 52 29 41 -10 24 0 0.00 M M 3.2 8 260 M M 0 M M
14 64 30 47 -4 18 0 0.00 M M 2.7 12 320 M M 0 17 320
15 67 32 50 -1 15 0 0.00 M M 3.7 12 190 M M 0 16 210
16 70 43 57 7 8 0 T M M 7.3 16 190 M M 6 12 22 190
17 73 47 60 10 5 0 0.12 M M 10.1 22 360 M M 8 3 28 360
18 55 30 43 -6 22 0 0.38 M M 6.1 16 360 M M 3 18 24 360
19 54 26 40 -9 25 0 0.00 M M 3.5 10 60 M M 0 M M
20 61 31 46 -2 19 0 0.00 M M 2.8 10 170 M M 0 M M
21 62 47 55 7 10 0 0.08 M M 3.5 8 190 M M 8 3 M M
22 56 31 44 -4 21 0 0.00 M M 3.7 8 350 M M 0 M M
23 58 27 43 -4 22 0 0.00 M M 5.1 14 150 M M 0 M M
24 66 32 49 2 16 0 T M M 7.9 16 170 M M 5 24 190
25 60 32 46 0 19 0 0.55 M M 7.2 15 190 M M 7 1 22 340
26 49 23 36 -10 29 0 0.00 M M 3.5 7 210 M M 0 M M
27 54 26 40 -6 25 0 0.00 M M 5.0 10 200 M M 0 16 200
28 61 31 46 1 19 0 0.00 M M 3.5 10 20 M M 0 M M
29 61 28 45 0 20 0 0.00 M M 4.5 14 180 M M 0 1 M M
30 71 34 53 9 12 0 0.00 M M 1.6 6 40 M M 0 M M
================================================================================
SM 1838 1011 518 0 3.07 M 141.6 M 71
================================================================================
AV 61.3 33.7 4.7 FASTST M M 2 MAX(MPH)
MISC ----> 22 360 28 360
================================================================================
NOTES:
# LAST OF SEVERAL OCCURRENCES
COLUMN 17 PEAK WIND IN M.P.H.
PRELIMINARY LOCAL CLIMATOLOGICAL DATA (WS FORM: F-6) , PAGE 2
STATION: SEARCY AIRPORT
MONTH: NOVEMBER
YEAR: 2021
LATITUDE: 35 12 N
LONGITUDE: 91 44 W
[TEMPERATURE DATA] [PRECIPITATION DATA] SYMBOLS USED IN COLUMN 16
AVERAGE MONTHLY: 47.5 TOTAL FOR MONTH: 3.07 1 = FOG OR MIST
DPTR FM NORMAL: -2.8 DPTR FM NORMAL: -2.08 2 = FOG REDUCING VISIBILITY
HIGHEST: 73 ON 17 GRTST 24HR 1.67 ON 10-11 TO 1/4 MILE OR LESS
LOWEST: 23 ON 26 3 = THUNDER
SNOW, ICE PELLETS, HAIL 4 = ICE PELLETS
TOTAL MONTH: M 5 = HAIL
GRTST 24HR M ON M 6 = FREEZING RAIN OR DRIZZLE
GRTST DEPTH: M ON M 7 = DUSTSTORM OR SANDSTORM:
VSBY 1/2 MILE OR LESS
8 = SMOKE OR HAZE
[NO. OF DAYS WITH] [WEATHER - DAYS WITH] 9 = BLOWING SNOW
X = TORNADO
MAX 32 OR BELOW: 0 0.01 INCH OR MORE: 7
MAX 90 OR ABOVE: 0 0.10 INCH OR MORE: 5
MIN 32 OR BELOW: 18 0.50 INCH OR MORE: 2
MIN 0 OR BELOW: 0 1.00 INCH OR MORE: 1
[HDD (BASE 65) ]
TOTAL THIS MO. 518 CLEAR (SCALE 0-3) 19
DPTR FM NORMAL 72 PTCLDY (SCALE 4-7) 9
TOTAL FM JUL 1 608 CLOUDY (SCALE 8-10) 2
DPTR FM NORMAL -35
[CDD (BASE 65) ]
TOTAL THIS MO. 0
DPTR FM NORMAL -5 [PRESSURE DATA]
TOTAL FM JAN 1 1967 HIGHEST SLP 30.43 ON 26
DPTR FM NORMAL 60 LOWEST SLP 30.00 ON 27
[REMARKS]
#FINAL-11-21#