000
CXUS56 KLOX 011155
CF6VNY
PRELIMINARY LOCAL CLIMATOLOGICAL DATA (WS FORM: F-6)
STATION: VAN NUYS AIRPORT CA
MONTH: AUGUST
YEAR: 2023
LATITUDE: 34 13 N
LONGITUDE: 118 29 W
TEMPERATURE IN F: :PCPN: SNOW: WIND :SUNSHINE: SKY :PK WND
================================================================================
1 2 3 4 5 6A 6B 7 8 9 10 11 12 13 14 15 16 17 18
12Z AVG MX 2MIN
DY MAX MIN AVG DEP HDD CDD WTR SNW DPTH SPD SPD DIR MIN PSBL S-S WX SPD DR
================================================================================
1 95 73 84 5 0 19 0.00 M M 4.0 15 150 M M 0 19 170
2 95 70 83 4 0 18 0.00 M M 5.6 14 150 M M 0 20 140
3 92 64 78 -1 0 13 0.00 M M 5.0 14 130 M M 0 19 140
4 92 63 78 -1 0 13 0.00 M M 4.5 14 140 M M 0 18 140
5 97 65 81 2 0 16 0.00 M M 4.7 14 110 M M 0 18 140
6 100 67 84 5 0 19 0.00 M M 6.0 15 150 M M 0 23 160
7 93 64 79 0 0 14 0.00 M M 5.9 16 170 M M 0 18 29 160
8 90 64 77 -2 0 12 0.00 M M 6.2 17 160 M M 0 22 160
9 87 68 78 -1 0 13 T M M 5.8 16 160 M M 2 20 150
10 85 67 76 -3 0 11 0.00 M M 6.0 15 170 M M 5 8 18 120
11 86 66 76 -3 0 11 0.00 M M 5.6 15 160 M M 3 18 160
12 90 66 78 -1 0 13 0.00 M M 5.3 14 150 M M 0 21 140
13 93 68 81 2 0 16 0.00 M M 5.3 13 110 M M 0 16 140
14 98 67 83 4 0 18 0.00 M M 4.6 12 140 M M 0 16 140
15 102 68 85 6 0 20 0.00 M M 3.1 12 150 M M 0 8 17 150
16 106 73 90 11 0 25 T M M 5.9 15 110 M M 0 20 140
17 102 70 86 7 0 21 0.00 M M 4.2 14 150 M M 0 17 110
18 98 66 82 3 0 17 0.00 M M 3.9 14 110 M M 0 19 120
19 88 65 77 -2 0 12 0.00 M M 4.0 15 150 M M 1 19 160
20 80 68 74 -5 0 9 3.93 M M 8.4 22 350 M M 9 1 30 360
21 84 64 74 -5 0 9 0.77 M M 7.6 21 100 M M 6 1 30 90
22 92 65 79 0 0 14 0.00 M M 3.0 13 120 M M 0 16 140
23 98 67 83 4 0 18 0.00 M M 2.9 12 100 M M 0 16 90
24 91 67 79 0 0 14 0.00 M M 4.9 14 150 M M 0 8 16 150
25 95 64 80 1 0 15 0.00 M M 3.5 12 130 M M 0 15 150
26 99 65 82 3 0 17 0.00 M M 3.0 10 300 M M 0 16 300
27 104 67 86 7 0 21 0.00 M M 3.1 10 150 M M 0 14 140
28 106 72 89 10 0 24 0.00 M M 2.7 12 140 M M 0 16 140
29 103 71 87 8 0 22 0.00 M M 2.5 10 170 M M 0 15 120
30 99 70 85 6 0 20 0.00 M M 4.6 16 170 M M 0 19 170
31 90 69 80 1 0 15 0.00 M M 4.8 16 140 M M 0 22 110
================================================================================
SM 2930 2083 0 499 4.70 M 146.6 M 26
================================================================================
AV 94.5 67.2 4.7 FASTST M M 1 MAX(MPH)
MISC ----> 22 350 # 30 360
================================================================================
NOTES:
# LAST OF SEVERAL OCCURRENCES
COLUMN 17 PEAK WIND IN M.P.H.
PRELIMINARY LOCAL CLIMATOLOGICAL DATA (WS FORM: F-6) , PAGE 2
STATION: VAN NUYS AIRPORT CA
MONTH: AUGUST
YEAR: 2023
LATITUDE: 34 13 N
LONGITUDE: 118 29 W
[TEMPERATURE DATA] [PRECIPITATION DATA] SYMBOLS USED IN COLUMN 16
AVERAGE MONTHLY: 80.9 TOTAL FOR MONTH: 4.70 1 = FOG OR MIST
DPTR FM NORMAL: 1.9 DPTR FM NORMAL: 4.69 2 = FOG REDUCING VISIBILITY
HIGHEST: 106 ON 28,16 GRTST 24HR 4.70 ON 20-21 TO 1/4 MILE OR LESS
LOWEST: 63 ON 4 3 = THUNDER
SNOW, ICE PELLETS, HAIL 4 = ICE PELLETS
TOTAL MONTH: M 5 = HAIL
GRTST 24HR M ON M 6 = FREEZING RAIN OR DRIZZLE
GRTST DEPTH: M ON M 7 = DUSTSTORM OR SANDSTORM:
VSBY 1/2 MILE OR LESS
8 = SMOKE OR HAZE
[NO. OF DAYS WITH] [WEATHER - DAYS WITH] 9 = BLOWING SNOW
X = TORNADO
MAX 32 OR BELOW: 0 0.01 INCH OR MORE: 2
MAX 90 OR ABOVE: 25 0.10 INCH OR MORE: 2
MIN 32 OR BELOW: 0 0.50 INCH OR MORE: 2
MIN 0 OR BELOW: 0 1.00 INCH OR MORE: 1
[HDD (BASE 65) ]
TOTAL THIS MO. 0 CLEAR (SCALE 0-3) 27
DPTR FM NORMAL 0 PTCLDY (SCALE 4-7) 3
TOTAL FM JUL 1 0 CLOUDY (SCALE 8-10) 1
DPTR FM NORMAL 0
[CDD (BASE 65) ]
TOTAL THIS MO. 499
DPTR FM NORMAL 65 [PRESSURE DATA]
TOTAL FM JAN 1 1314 HIGHEST SLP M ON M
DPTR FM NORMAL 46 LOWEST SLP 29.46 ON 20
[REMARKS]
#FINAL-08-23#