188
CXUS56 KOTX 240900
CF6PUW
PRELIMINARY LOCAL CLIMATOLOGICAL DATA (WS FORM: F-6)

                                          STATION:   PULLMAN-MOSCOW  AIRPORT
                                          MONTH:     APRIL
                                          YEAR:      2018
                                          LATITUDE:   46 44 N
                                          LONGITUDE: 117  7 W

  TEMPERATURE IN F:       :PCPN:    SNOW:  WIND      :SUNSHINE: SKY     :PK WND
================================================================================
1   2   3   4   5  6A  6B    7    8   9   10  11  12  13   14  15   16   17  18
                                     12Z  AVG MX 2MIN
DY MAX MIN AVG DEP HDD CDD  WTR  SNW DPTH SPD SPD DIR MIN PSBL S-S WX    SPD DR
================================================================================

 1  47  30  39  -4  26   0 0.18    M    M 11.1 29 240   M    M   8 1      40 270
 2  42  27  35  -9  30   0 0.03    M    M 13.4 24 250   M    M   5 12     32 250
 3  48  29  39  -5  26   0    T    M    M  6.2 21 270   M    M   5        27 280
 4  45  36  41  -3  24   0 0.27    M    M  5.5 21 240   M    M   8 18     25 240
 5  50  42  46   2  19   0 0.36    M    M  6.4 13 100   M    M   9 8      15 100
 6  59  44  52   8  13   0 0.07    M    M  4.0 13 100   M    M   8 18     16 100
 7  50  42  46   2  19   0 0.31    M    M 14.6 36 270   M    M   7 1      46 270
 8  46  42  44   0  21   0 0.25    M    M 17.7 35 240   M    M   9 1      42 240
 9  59  33  46   1  19   0 0.00    M    M  7.5 15 100   M    M   2        19 100
10  55  43  49   4  16   0 0.04    M    M 12.7 23 230   M    M   5 1      29 220
11  58  41  50   5  15   0 0.06    M    M  9.0 28 250   M    M   7 1      33 240
12  49  34  42  -3  23   0 0.19    M    M 19.0 31 240   M    M   7 1      40 250
13  45  33  39  -6  26   0 0.04    M    M  8.3 20 250   M    M   7 1      26 250
14  53  43  48   2  17   0 0.04    M    M  8.8 20 240   M    M   7 1      24 240
15  57  42  50   4  15   0 0.19    M    M 10.1 23 100   M    M   8 1      28  90
16  50  37  44  -2  21   0 0.24    M    M 16.2 30 230   M    M   7 1      38 250
17  49  34  42  -4  23   0    T    M    M 16.1 32 240   M    M   6 1      42 240
18  56  31  44  -2  21   0 0.00    M    M  7.0 17 100   M    M   1        21  90
19  61  32  47   0  18   0 0.00    M    M  5.4 17 290   M    M   0        23 290
20  61  32  47   0  18   0 0.00    M    M  2.2 13 290   M    M   1        14 290
21  56  35  46  -1  19   0 0.00    M    M 12.8 26 250   M    M   5        35 260
22  54  29  42  -5  23   0 0.00    M    M  4.0 14 260   M    M   0        18 280
23  62  29  46  -2  19   0 0.00    M    M  2.7  9 100   M    M   0        13  40
================================================================================
SM 1212  820       471   0  2.27    M    220.7          M      122
================================================================================
AV 52.7 35.7                               9.6 FASTST   M    M   5    MAX(MPH)
                                 MISC ---->  # 36 270               # 46  270
================================================================================
NOTES:
# LAST OF SEVERAL OCCURRENCES

COLUMN 17 PEAK WIND IN M.P.H.

PRELIMINARY LOCAL CLIMATOLOGICAL DATA (WS FORM: F-6) , PAGE 2

                                          STATION:  PULLMAN-MOSCOW  AIRPORT
                                          MONTH:    APRIL
                                          YEAR:     2018
                                          LATITUDE:   46 44 N
                                          LONGITUDE: 117  7 W

[TEMPERATURE DATA]      [PRECIPITATION DATA]       SYMBOLS USED IN COLUMN 16

AVERAGE MONTHLY: 44.2   TOTAL FOR MONTH:   2.27    1 = FOG OR MIST
DPTR FM NORMAL:  -1.1   DPTR FM NORMAL:    1.05    2 = FOG REDUCING VISIBILITY
HIGHEST:    62 ON 23    GRTST 24HR  0.36 ON  5- 5      TO 1/4 MILE OR LESS
LOWEST:     27 ON  2                               3 = THUNDER
                        SNOW, ICE PELLETS, HAIL    4 = ICE PELLETS
                        TOTAL MONTH:    M          5 = HAIL
                        GRTST 24HR    M  ON   M    6 = FREEZING RAIN OR DRIZZLE
                        GRTST DEPTH:  M  ON   M    7 = DUSTSTORM OR SANDSTORM:
                                                       VSBY 1/2 MILE OR LESS
                                                   8 = SMOKE OR HAZE
[NO. OF DAYS WITH]      [WEATHER - DAYS WITH]      9 = BLOWING SNOW
                                                   X = TORNADO
MAX 32 OR BELOW:   0    0.01 INCH OR MORE:  14
MAX 90 OR ABOVE:   0    0.10 INCH OR MORE:   8
MIN 32 OR BELOW:   8    0.50 INCH OR MORE:   0
MIN  0 OR BELOW:   0    1.00 INCH OR MORE:   0

[HDD (BASE 65) ]
TOTAL THIS MO.   471    CLEAR  (SCALE 0-3)   6
DPTR FM NORMAL    17    PTCLDY (SCALE 4-7)  13
TOTAL FM JUL 1  5612    CLOUDY (SCALE 8-10)  4
DPTR FM NORMAL  -301

[CDD (BASE 65) ]
TOTAL THIS MO.     0
DPTR FM NORMAL     0    [PRESSURE DATA]
TOTAL FM JAN 1     0    HIGHEST SLP M ON M
DPTR FM NORMAL     0    LOWEST  SLP 29.36 ON  7

[REMARKS]
