254
CDUS43 KARX 210655
CLIRST


CLIMATE REPORT
NATIONAL WEATHER SERVICE LA CROSSE WI
155 AM CDT WED AUG 21 2019


...................................

...THE ROCHESTER MN CLIMATE SUMMARY FOR AUGUST 20 2019...

CLIMATE NORMAL PERIOD 1981 TO 2010
CLIMATE RECORD PERIOD 1886 TO 2019


WEATHER ITEM   OBSERVED TIME   RECORD YEAR NORMAL DEPARTURE LAST
                VALUE   (LST)  VALUE       VALUE  FROM      YEAR
                                                  NORMAL
..................................................................
TEMPERATURE (F)
 YESTERDAY
  MAXIMUM         82    326 PM  96    1955  79      3       74
                                      1916
  MINIMUM         57    111 AM  35    1950  59     -2       61
  AVERAGE         70                        69      1       68

PRECIPITATION (IN)
  YESTERDAY        0.02          1.84 1947   0.15  -0.13     0.01
  MONTH TO DATE    1.13                      2.95  -1.82     1.64
  SINCE JUN 1     17.59                     12.18   5.41    10.90
  SINCE JAN 1     36.61                     22.62  13.99    22.68

SNOWFALL (IN)
  YESTERDAY        0.0           0.0  2012   0.0    0.0      0.0
  MONTH TO DATE    0.0                       0.0    0.0      0.0
  SINCE JUL 1      0.0                       0.0    0.0      0.0
  SNOW DEPTH       0

DEGREE DAYS
 HEATING
  YESTERDAY        0                         1     -1        0
  MONTH TO DATE    1                        17    -16        2
  SINCE JUL 1      2                        28    -26        6

 COOLING
  YESTERDAY        5                         5      0        3
  MONTH TO DATE   84                       110    -26      132
  SINCE JAN 1    420                       481    -61      580
..................................................................


WIND (MPH)
  HIGHEST WIND SPEED    26   HIGHEST WIND DIRECTION     N (20)
  HIGHEST GUST SPEED    36   HIGHEST GUST DIRECTION     N (20)
  AVERAGE WIND SPEED     6.5


SKY COVER
  POSSIBLE SUNSHINE  MM
  AVERAGE SKY COVER 0.3


WEATHER CONDITIONS
 THE FOLLOWING WEATHER WAS RECORDED YESTERDAY.
  THUNDERSTORM
  LIGHT RAIN
  FOG


RELATIVE HUMIDITY (PERCENT)
 HIGHEST    93          1200 AM
 LOWEST     67           200 PM
 AVERAGE    80

..........................................................


THE ROCHESTER MN CLIMATE NORMALS FOR TODAY
                         NORMAL    RECORD    YEAR
 MAXIMUM TEMPERATURE (F)   79        97      1947
 MINIMUM TEMPERATURE (F)   59        39      2004


SUNRISE AND SUNSET
AUGUST 21 2019........SUNRISE   621 AM CDT   SUNSET   805 PM CDT
AUGUST 22 2019........SUNRISE   622 AM CDT   SUNSET   803 PM CDT


-  INDICATES NEGATIVE NUMBERS.
R  INDICATES RECORD WAS SET OR TIED.
MM INDICATES DATA IS MISSING.
T  INDICATES TRACE AMOUNT.




$$
