000
CDUS43 KARX 092132
CLIRST

CLIMATE REPORT
NATIONAL WEATHER SERVICE
432 PM CDT SUN MAY 09 2021

...................................

...THE ROCHESTER MN CLIMATE SUMMARY FOR MAY 9 2021...
VALID TODAY AS OF 0400 PM LOCAL TIME.

CLIMATE NORMAL PERIOD 1991 TO 2020
CLIMATE RECORD PERIOD 1886 TO 2021


WEATHER ITEM   OBSERVED TIME   RECORD YEAR NORMAL DEPARTURE LAST
                VALUE   (LST)  VALUE       VALUE  FROM      YEAR
                                                  NORMAL
...................................................................
TEMPERATURE (F)
 TODAY
  MAXIMUM         63    254 PM  90    1934  65     -2       66
  MINIMUM         36    438 AM  22    1966  44     -8       27
  AVERAGE         50                        55     -5       47

PRECIPITATION (IN)
  TODAY            0.00          1.76 1990   0.13  -0.13     0.25
  MONTH TO DATE    0.78                      1.14  -0.36     0.25
  SINCE MAR 1      3.67                      6.68  -3.01     4.58
  SINCE JAN 1      5.46                      8.69  -3.23     6.79

SNOWFALL (IN)
  TODAY            0.0           T    1945   0.0    0.0      0.0
                                      1960
  MONTH TO DATE    0.0                       0.3   -0.3      0.0
  SINCE MAR 1      8.9                      12.2   -3.3     10.5
  SINCE JUL 1     41.7                      52.9  -11.2     58.1
  SNOW DEPTH       0

DEGREE DAYS
 HEATING
  TODAY           15                        11      4       18
  MONTH TO DATE  113                       109      4      125
  SINCE MAR 1   1498                      1739   -241     1685
  SINCE JUL 1   7416                      7651   -235     7694

 COOLING
  TODAY            0                         0      0        0
  MONTH TO DATE   12                         0     12        0
  SINCE MAR 1     15                         2     13        0
  SINCE JAN 1     15                         2     13        0
...................................................................

WIND (MPH)
  HIGHEST WIND SPEED    18   HIGHEST WIND DIRECTION     N (350)
  HIGHEST GUST SPEED    24   HIGHEST GUST DIRECTION     N (340)
  AVERAGE WIND SPEED     7.1

WEATHER CONDITIONS
THE FOLLOWING WEATHER WAS RECORDED TODAY.
  NO SIGNIFICANT WEATHER WAS OBSERVED.

RELATIVE HUMIDITY (PERCENT)
 HIGHEST    85           600 AM
 LOWEST     23           300 PM
 AVERAGE    54

..........................................................

THE ROCHESTER MN CLIMATE NORMALS FOR TOMORROW
                         NORMAL    RECORD    YEAR
 MAXIMUM TEMPERATURE (F)   66        89      1887
 MINIMUM TEMPERATURE (F)   45        23      1966

SUNRISE AND SUNSET
MAY  9 2021...........SUNRISE   551 AM CDT   SUNSET   823 PM CDT
MAY 10 2021...........SUNRISE   550 AM CDT   SUNSET   824 PM CDT

-  INDICATES NEGATIVE NUMBERS.
R  INDICATES RECORD WAS SET OR TIED.
MM INDICATES DATA IS MISSING.
T  INDICATES TRACE AMOUNT.

$$

BOYNE
