000
CDUS43 KARX 160701
CLIRST


CLIMATE REPORT
NATIONAL WEATHER SERVICE LA CROSSE WI
100 AM CST MON DEC 16 2019


...................................

...THE ROCHESTER MN CLIMATE SUMMARY FOR DECEMBER 15 2019...

CLIMATE NORMAL PERIOD 1981 TO 2010
CLIMATE RECORD PERIOD 1886 TO 2019


WEATHER ITEM   OBSERVED TIME   RECORD YEAR NORMAL DEPARTURE LAST
                VALUE   (LST)  VALUE       VALUE  FROM      YEAR
                                                  NORMAL
..................................................................
TEMPERATURE (F)
 YESTERDAY
  MAXIMUM         14   1159 PM  52    1910  27    -13       37
  MINIMUM         -8    739 AM -30    1919  12    -20       11
  AVERAGE          3                        19    -16       24

PRECIPITATION (IN)
  YESTERDAY        0.00          1.12 1940   0.04  -0.04     0.00
  MONTH TO DATE    0.31                      0.69  -0.38     1.01
  SINCE DEC 1      0.31                      0.69  -0.38     1.01
  SINCE JAN 1     54.28                     32.48  21.80    38.09

SNOWFALL (IN)
  YESTERDAY        0.0           4.2  1940   0.5   -0.5      0.0
  MONTH TO DATE    4.3                       6.4   -2.1      7.7
  SINCE JUL 1     17.7                      13.3    4.4     13.3
  SNOW DEPTH       4

DEGREE DAYS
 HEATING
  YESTERDAY       62                        46     16       41
  MONTH TO DATE  700                       645     55      662
  SINCE JUL 1   2550                      2317    233     2615

 COOLING
  YESTERDAY        0                         0      0        0
  MONTH TO DATE    0                         0      0        0
  SINCE JAN 1    509                       585    -76      710
..................................................................


WIND (MPH)
  HIGHEST WIND SPEED    10   HIGHEST WIND DIRECTION    NW (330)
  HIGHEST GUST SPEED    12   HIGHEST GUST DIRECTION     W (280)
  AVERAGE WIND SPEED     4.8



WEATHER CONDITIONS
 THE FOLLOWING WEATHER WAS RECORDED YESTERDAY.
  NO SIGNIFICANT WEATHER WAS OBSERVED.


RELATIVE HUMIDITY (PERCENT)
 HIGHEST    83           500 AM
 LOWEST     63           100 PM
 AVERAGE    73

..........................................................


THE ROCHESTER MN CLIMATE NORMALS FOR TODAY
                         NORMAL    RECORD    YEAR
 MAXIMUM TEMPERATURE (F)   27        52      1959
                                             1939
                                             1913
 MINIMUM TEMPERATURE (F)   12       -26      1932


SUNRISE AND SUNSET
DECEMBER 16 2019......SUNRISE   738 AM CST   SUNSET   433 PM CST
DECEMBER 17 2019......SUNRISE   739 AM CST   SUNSET   433 PM CST


-  INDICATES NEGATIVE NUMBERS.
R  INDICATES RECORD WAS SET OR TIED.
MM INDICATES DATA IS MISSING.
T  INDICATES TRACE AMOUNT.




$$
