000
CXUS51 KBGM 011143
CLAAVP

CLIMATE REPORT
NATIONAL WEATHER SERVICE BINGHAMTON, NY
643 AM EST FRI JAN 01 2021

...................................

...THE AVOCA PA CLIMATE SUMMARY FOR THE YEAR OF 2020...

CLIMATE NORMAL PERIOD 1981 TO 2010
CLIMATE RECORD PERIOD 1901 TO 2020

WEATHER         OBSERVED          NORMAL  DEPART   LAST YEAR`S
                VALUE   DATE(S)   VALUE   FROM     VALUE DATE(S)
                                          NORMAL
................................................................
TEMPERATURE (F)
RECORD
 HIGH            103   07/09/1936
 LOW             -21   01/21/1994
HIGHEST           97   07/27         59      38       94  07/20
LOWEST             5   02/15         40     -35       -5  02/01
                       12/19
                                                          01/31
AVG. MAXIMUM    63.2               58.8     4.4     60.8
AVG. MINIMUM    44.0               40.1     3.9     42.2
MEAN            53.6               49.4     4.2     51.5
DAYS MAX >= 90    25                6.3    18.7       12
DAYS MAX <= 32    13               36.2   -23.2       32
DAYS MIN <= 32    94              123.6   -29.6      127
DAYS MIN <= 0      0                2.9    -2.9        5

PRECIPITATION (INCHES)
RECORD
 MAXIMUM       61.08   2018
 MINIMUM       26.22   1963
TOTALS         36.71              38.26   -1.55    49.39
DAILY AVG.      0.10               0.10   -0.00     0.14
DAYS >= .01      133              139.2    -6.2      157
DAYS >= .10       75               78.0    -3.0      100
DAYS >= .50       24               23.4     0.6       32
DAYS >= 1.00       6                7.8    -1.8       11
GREATEST
 24 HR. TOTAL   2.54   08/04 TO 08/04               2.79

SNOWFALL (INCHES)
RECORDS
 TOTAL          80.2   1994
 24 HR TOTAL    22.1   03/14/2017 TO 03/14/2017
TOTALS          29.3               46.2   -16.9     29.1
SINCE 7/1       16.4               10.4     6.0      8.8
DAYS >= TRACE     49               33.0    16.0       63
DAYS >= 1.0       11               12.5    -1.5       12
GREATEST
 24 HR TOTAL     7.0   12/16 TO 12/16                5.0

DEGREE DAYS
HEATING TOTAL   5122               6255   -1133     5636
 SINCE 7/1      1871               2378    -507     2078
COOLING TOTAL   1058                579     479      846
 SINCE 1/1      1058                580     478      846

FREEZE DATES
RECORD
 EARLIEST     09/21/1956
 LATEST       05/25/1956
EARLIEST                        10/30
LATEST                          05/13
................................................................

WIND (MPH)
AVERAGE WIND SPEED              6.3
RESULTANT WIND SPEED/DIRECTION   2/280
HIGHEST WIND SPEED/DIRECTION    36/150    DATE  04/13
HIGHEST GUST SPEED/DIRECTION    64/150    DATE  04/13

SKY COVER
POSSIBLE SUNSHINE (PERCENT)   MM
AVERAGE SKY COVER           0.49
NUMBER OF DAYS FAIR          123
NUMBER OF DAYS PC            132
NUMBER OF DAYS CLOUDY         80

AVERAGE RH (PERCENT)     64

WEATHER CONDITIONS. NUMBER OF DAYS WITH
THUNDERSTORM             25     MIXED PRECIP               0
HEAVY RAIN               40     RAIN                      68
LIGHT RAIN              157     FREEZING RAIN              1
LT FREEZING RAIN          3     HAIL                       0
HEAVY SNOW                5     SNOW                      14
LIGHT SNOW               53     SLEET                      0
FOG                     157     FOG W/VIS <= 1/4 MILE     14
HAZE                     44

-  INDICATES NEGATIVE NUMBERS.
R  INDICATES RECORD WAS SET OR TIED.
MM INDICATES DATA IS MISSING.
T  INDICATES TRACE AMOUNT.

&&
WARMEST YEAR EVER

$$

TAC
