000
CDUS41 KBGM 140637
CLIAVP

CLIMATE REPORT
NATIONAL WEATHER SERVICE BINGHAMTON, NY
237 AM EDT WED APR 14 2021

...................................

...THE AVOCA PA CLIMATE SUMMARY FOR APRIL 13 2021...

CLIMATE NORMAL PERIOD 1981 TO 2010
CLIMATE RECORD PERIOD 1901 TO 2021


WEATHER ITEM   OBSERVED TIME   RECORD YEAR NORMAL DEPARTURE LAST
                VALUE   (LST)  VALUE       VALUE  FROM      YEAR
                                                  NORMAL
...................................................................
TEMPERATURE (F)
 YESTERDAY
  MAXIMUM         67    403 PM  85    1945  58      9       70
  MINIMUM         40    606 AM  22    1940  37      3       45
                                      1990
  AVERAGE         54                        48      6       58

PRECIPITATION (IN)
  YESTERDAY        T             0.97 2004   0.12  -0.12     0.42
  MONTH TO DATE    0.45                      1.43  -0.98     1.05
  SINCE MAR 1      3.38                      3.98  -0.60     3.90
  SINCE JAN 1      8.28                      8.38  -0.10     9.13

SNOWFALL (IN)
  YESTERDAY        0.0           4.0  1961   0.1   -0.1      0.0
  MONTH TO DATE    0.3                       1.7   -1.4      0.0
  SINCE MAR 1      0.3                      10.7  -10.4       T
  SINCE JUL 1     53.2                      44.6    8.6     21.7

DEGREE DAYS
 HEATING
  YESTERDAY       11                        17     -6        7
  MONTH TO DATE  180                       257    -77      202
  SINCE MAR 1    871                      1128   -257      837
  SINCE JUL 1   4819                      5734   -915     4729

 COOLING
  YESTERDAY        0                         0      0        0
  MONTH TO DATE    0                         0      0        0
  SINCE MAR 1      0                         0      0        0
  SINCE JAN 1      0                         0      0        0
...................................................................


WIND (MPH)
  HIGHEST WIND SPEED    10   HIGHEST WIND DIRECTION    NW (330)
  HIGHEST GUST SPEED    16   HIGHEST GUST DIRECTION    NW (330)
  AVERAGE WIND SPEED     4.7


SKY COVER
  AVERAGE SKY COVER 0.3


RELATIVE HUMIDITY (PERCENT)
 HIGHEST    89           600 AM
 LOWEST     27           500 PM
 AVERAGE    58

..........................................................


THE AVOCA PA CLIMATE NORMALS FOR TODAY
                         NORMAL    RECORD    YEAR
 MAXIMUM TEMPERATURE (F)   59        84      1968
 MINIMUM TEMPERATURE (F)   38        22      1950


SUNRISE AND SUNSET
APRIL 14 2021.........SUNRISE   625 AM EDT   SUNSET   742 PM EDT
APRIL 15 2021.........SUNRISE   623 AM EDT   SUNSET   743 PM EDT


-  INDICATES NEGATIVE NUMBERS.
R  INDICATES RECORD WAS SET OR TIED.
MM INDICATES DATA IS MISSING.
T  INDICATES TRACE AMOUNT.




$$
