380
CXUS51 KBGM 030232 AAA
CLMAVP

CLIMATE REPORT...UPDATED
NATIONAL WEATHER SERVICE BINGHAMTON, NY
1031 PM EDT FRI APR 02 2021

...................................

...THE AVOCA PA CLIMATE SUMMARY FOR THE MONTH OF MARCH 2021...

CLIMATE NORMAL PERIOD 1981 TO 2010
CLIMATE RECORD PERIOD 1901 TO 2021

WEATHER         OBSERVED          NORMAL  DEPART   LAST YEAR`S
                VALUE   DATE(S)   VALUE   FROM     VALUE DATE(S)
                                          NORMAL
................................................................
TEMPERATURE (F)
RECORD
 HIGH             85   03/31/1998
 LOW              -4   03/19/1967
HIGHEST           75   03/26         46      29       73  03/20
LOWEST            14   03/08         28     -14       22  03/22
                                                          03/08
                                                          03/01
AVG. MAXIMUM    53.3               46.2     7.1     53.3
AVG. MINIMUM    31.7               27.6     4.1     35.1
MEAN            42.5               36.9     5.6     44.2
DAYS MAX >= 90     0                0.0     0.0        0
DAYS MAX <= 32     2                2.9    -0.9        0
DAYS MIN <= 32    17               21.0    -4.0       12
DAYS MIN <= 0      0                0.0     0.0        0

PRECIPITATION (INCHES)
RECORD
 MAXIMUM        5.45   2017
 MINIMUM        0.49   1981
TOTALS          2.93               2.55    0.38     2.85
DAILY AVG.      0.09               0.08    0.01     0.09
DAYS >= .01        7               11.8    -4.8       14
DAYS >= .10        5                6.6    -1.6        8
DAYS >= .50        3                1.6     1.4        1
DAYS >= 1.00       1                0.4     0.6        0
GREATEST
 24 HR. TOTAL   1.16   03/18 TO 03/18

SNOWFALL (INCHES)
RECORDS
 TOTAL          32.0   1993
 24 HR TOTAL    22.1   03/14/2017 TO 03/14/2017
TOTALS             T                9.0    -9.0        T
SINCE 7/1       52.9               42.9    10.0       MM
DAYS >= TRACE      6                5.0     1.0        5
DAYS >= 1.0        0                2.3    -2.3        0
GREATEST
 24 HR TOTAL      MM

DEGREE DAYS
HEATING TOTAL    691                871    -180      635
 SINCE 7/1      4639               5478    -839     4527
COOLING TOTAL      0                  0       0        0
 SINCE 1/1         0                  0       0        0
................................................................

WIND (MPH)
AVERAGE WIND SPEED              8.3
RESULTANT WIND SPEED/DIRECTION   4/310
HIGHEST WIND SPEED/DIRECTION    36/250    DATE  03/26
HIGHEST GUST SPEED/DIRECTION    51/280    DATE  03/01

SKY COVER
POSSIBLE SUNSHINE (PERCENT)   MM
AVERAGE SKY COVER           0.41
NUMBER OF DAYS FAIR           16
NUMBER OF DAYS PC              7
NUMBER OF DAYS CLOUDY          8

AVERAGE RH (PERCENT)     53

WEATHER CONDITIONS. NUMBER OF DAYS WITH
THUNDERSTORM              0     MIXED PRECIP               0
HEAVY RAIN                3     RAIN                       5
LIGHT RAIN                9     FREEZING RAIN              0
LT FREEZING RAIN          0     HAIL                       0
HEAVY SNOW                0     SNOW                       0
LIGHT SNOW                5     SLEET                      0
FOG                       7     FOG W/VIS <= 1/4 MILE      2
HAZE                      2

-  INDICATES NEGATIVE NUMBERS.
R  INDICATES RECORD WAS SET OR TIED.
MM INDICATES DATA IS MISSING.
T  INDICATES TRACE AMOUNT.

&&
12TH WARMEST MARCH
TIED LOWEST MARCH SNOWFALL TOTAL

$$
