728
CXUS51 KBGM 030210 CCA
CLSAVP

CLIMATE REPORT...CORRECTED
NATIONAL WEATHER SERVICE BINGHAMTON, NY
910 PM EST TUE MAR 02 2021

...................................

...THE AVOCA PA CLIMATE SUMMARY FOR THE SEASON, FROM
12/1/2020 TO 2/28/2021...

CLIMATE NORMAL PERIOD 1981 TO 2010
CLIMATE RECORD PERIOD 1901 TO 2021

WEATHER         OBSERVED          NORMAL  DEPART   LAST YEAR`S
                VALUE   DATE(S)   VALUE   FROM     VALUE DATE(S)
                                          NORMAL
................................................................
TEMPERATURE (F)
RECORD
 HIGH             76   02/21/2018
                       02/24/2017
                       02/24/2017
 LOW             -21   01/21/1994
HIGHEST           64   12/25         34      30       68  01/12
LOWEST             5   12/19         20     -15        5  02/15
AVG. MAXIMUM    37.4               35.8     1.6     41.4
AVG. MINIMUM    24.7               21.0     3.7     27.0
MEAN            31.1               28.4     2.7     34.2
DAYS MAX >= 90     0                0.0     0.0        0
DAYS MAX <= 32    25               32.2    -7.2       11
DAYS MIN <= 32    78               76.6     1.4       63
DAYS MIN <= 0      0                2.9    -2.9        0

PRECIPITATION (INCHES)
RECORD
 MAXIMUM       12.47   2008
 MINIMUM        2.78   1979
TOTALS          8.42               7.08    1.34     7.70
DAILY AVG.      0.09               0.08    0.01     0.09
DAYS >= .01       27               34.5    -7.5       43
DAYS >= .10       17               16.7     0.3       21
DAYS >= .50        2                4.0    -2.0        3
DAYS >= 1.00       0                1.0    -1.0        1
GREATEST
 24 HR. TOTAL   1.88   12/24 TO 12/25               1.25  01/25 TO 01/25

SNOWFALL (INCHES)
RECORDS
 TOTAL          64.5   1993
 24 HR TOTAL    18.3   01/13/1964 TO 01/13/1964
TOTALS          52.4               30.9    21.5     20.7
SINCE 7/1       52.9               33.9    19.0     21.7
DAYS >= TRACE     37               24.1    12.9       38
DAYS >= 1.0       11                8.7     2.3       10
GREATEST
 24 HR TOTAL    13.5  02/01                          4.0  12/02

DEGREE DAYS
HEATING TOTAL   3023               3293    -270     2786
 SINCE 7/1      3948               4606    -658     3892
COOLING TOTAL      0                  0       0        0
 SINCE 1/1         0                  0       0        0

FREEZE DATES
RECORD
 EARLIEST     09/21/1956
 LATEST       05/25/1956
EARLIEST                        10/30
LATEST                          05/13
................................................................

WIND (MPH)
AVERAGE WIND SPEED              6.8
RESULTANT WIND SPEED/DIRECTION   3/300
HIGHEST WIND SPEED/DIRECTION    28/330    DATE  02/16
HIGHEST GUST SPEED/DIRECTION    40/150    DATE  12/24

SKY COVER
POSSIBLE SUNSHINE (PERCENT)   MM
AVERAGE SKY COVER           0.68
NUMBER OF DAYS FAIR           13
NUMBER OF DAYS PC             20
NUMBER OF DAYS CLOUDY         26

AVERAGE RH (PERCENT)     67

WEATHER CONDITIONS. NUMBER OF DAYS WITH
THUNDERSTORM              0     MIXED PRECIP               0
HEAVY RAIN                2     RAIN                       6
LIGHT RAIN               18     FREEZING RAIN              3
LT FREEZING RAIN          3     HAIL                       0
HEAVY SNOW                5     SNOW                      14
LIGHT SNOW               49     SLEET                      0
FOG                      50     FOG W/VIS <= 1/4 MILE     14
HAZE                     31

-  INDICATES NEGATIVE NUMBERS.
R  INDICATES RECORD WAS SET OR TIED.
MM INDICATES DATA IS MISSING.
T  INDICATES TRACE AMOUNT.

&&
9TH GREATEST SNOWFALL DECEMBER TO FEBRUARY
ADDED MISSING VALUES FOR LAST YEAR
ADDED MISSING GREATEST 24 HOUR SNOWFALL

$$

TAC
