000
CXUS51 KBGM 011143
CLABGM

CLIMATE REPORT
NATIONAL WEATHER SERVICE BINGHAMTON, NY
643 AM EST FRI JAN 01 2021

...................................

...THE BINGHAMTON NY CLIMATE SUMMARY FOR THE YEAR OF 2020...

CLIMATE NORMAL PERIOD 1981 TO 2010
CLIMATE RECORD PERIOD 1951 TO 2020

WEATHER         OBSERVED          NORMAL  DEPART   LAST YEAR`S
                VALUE   DATE(S)   VALUE   FROM     VALUE DATE(S)
                                          NORMAL
................................................................
TEMPERATURE (F)
RECORD
 HIGH             98   07/16/1988
 LOW             -20   01/15/1957
HIGHEST           93   07/27         54      39       89  07/19
LOWEST            -2   02/15         38     -40      -10  01/31
AVG. MAXIMUM    56.6               54.5     2.1     54.4
AVG. MINIMUM    39.9               38.1     1.8     37.8
MEAN            48.2               46.3     1.9     46.1
DAYS MAX >= 90     2                1.1     0.9        0
DAYS MAX <= 32    43               59.1   -16.1       65
DAYS MIN <= 32   145              137.3     7.7      146
DAYS MIN <= 0      2                5.4    -3.4        6

PRECIPITATION (INCHES)
RECORD
 MAXIMUM       68.05   2011
 MINIMUM       30.26   1981
TOTALS         43.45              39.30    4.15    43.99
DAILY AVG.      0.12               0.11    0.01     0.12
DAYS >= .01      176              159.2    16.8      177
DAYS >= .10       87               83.4     3.6       92
DAYS >= .50       23               24.3    -1.3       31
DAYS >= 1.00      12                6.5     5.5        9
GREATEST
 24 HR. TOTAL   2.80   12/16 TO 12/17               1.92

SNOWFALL (INCHES)
RECORDS
 TOTAL         134.0   1995
 24 HR TOTAL    31.3   03/14/2017 TO 03/15/2017
 SNOW DEPTH       35   03/15/1993
TOTALS         104.0               83.4    20.6     74.0
SINCE 7/1       51.6               24.6    27.0     26.7
SNOWDEPTH AVG.     1                                   1
DAYS >= TRACE     97               64.5    32.5       95
DAYS >= 1.0       22               24.0    -2.0       24
GREATEST
 SNOW DEPTH       39R  12/17                          14  01/20
 24 HR TOTAL    40.0R  12/16 TO 12/17


DEGREE DAYS
HEATING TOTAL   6590               7193    -603     7169
 SINCE 7/1      2426               2743    -317     2718
COOLING TOTAL    573                382     191      389
 SINCE 1/1       573                381     192      389

FREEZE DATES
RECORD
 EARLIEST     09/20/1993
 LATEST       05/25/1956
EARLIEST                        10/17
LATEST                          05/13
................................................................

WIND (MPH)
AVERAGE WIND SPEED              8.2
RESULTANT WIND SPEED/DIRECTION   3/260
HIGHEST WIND SPEED/DIRECTION    39/280    DATE  07/19
HIGHEST GUST SPEED/DIRECTION    52/280    DATE  01/12

SKY COVER
POSSIBLE SUNSHINE (PERCENT)   MM
AVERAGE SKY COVER           0.54
NUMBER OF DAYS FAIR           83
NUMBER OF DAYS PC             99
NUMBER OF DAYS CLOUDY         92

AVERAGE RH (PERCENT)     71

WEATHER CONDITIONS. NUMBER OF DAYS WITH
THUNDERSTORM             26     MIXED PRECIP               0
HEAVY RAIN               43     RAIN                      57
LIGHT RAIN              146     FREEZING RAIN              4
LT FREEZING RAIN          8     HAIL                       1
HEAVY SNOW               12     SNOW                      31
LIGHT SNOW               92     SLEET                      0
FOG                     209     FOG W/VIS <= 1/4 MILE     61
HAZE                     72

-  INDICATES NEGATIVE NUMBERS.
R  INDICATES RECORD WAS SET OR TIED.
MM INDICATES DATA IS MISSING.
T  INDICATES TRACE AMOUNT.

&&
4TH WARMEST YEAR
GREATEST 24 HOUR SNOWFALL AND GREATEST SNOW DEPTH

$$

TAC
