000
CXUS51 KBGM 011620 RRB
CLSBGM

CLIMATE REPORT
NATIONAL WEATHER SERVICE BINGHAMTON NY
1203 PM EDT SAT SEP 1 2018

...................................

...THE BINGHAMTON NY CLIMATE SUMMARY FOR THE SEASON, FROM
6/1/2018 TO 8/31/2018...

CLIMATE NORMAL PERIOD 1981 TO 2010
CLIMATE RECORD PERIOD 1951 TO 2018

WEATHER         OBSERVED          NORMAL  DEPART  LAST YEAR`S
                 VALUE   DATE(S)  VALUE   FROM    VALUE  DATE(S)
                                          NORMAL
................................................................
TEMPERATURE (F)
RECORD
 HIGH              98   07/16/1988
 LOW               33   06/09/1980
HIGHEST            90   07/02        76      14       85  06/12
                        07/01
                        06/18
LOWEST             48   06/26        57      -9       44  08/26
                        06/07                             06/04
                        06/22                             06/02
AVG. MAXIMUM     76.5              76.0     0.5     74.3
AVG. MINIMUM     59.4              57.7     1.7     56.7
MEAN             68.0              66.8     1.2     65.5
DAYS MAX >= 90      3               1.1     1.9        0
DAYS MAX <= 32      0               0.0     0.0        0
DAYS MIN <= 32      0               0.0     0.0        0
DAYS MIN <= 0       0               0.0     0.0        0

PRECIPITATION (INCHES)
RECORD
 MAXIMUM        23.50   2006
 MINIMUM         4.87   1979
TOTALS          18.82             11.46    7.36    15.29
DAILY AVG.       0.21              0.12    0.09     0.16
DAYS >= .01        38              35.0     3.0       48
DAYS >= .10        27              22.2     4.8       28
DAYS >= .50        18               7.7    10.3        8
DAYS >= 1.00        6               2.5     3.5        6
GREATEST
 24 HR. TOTAL    2.06   08/13 TO 08/14

SNOWFALL (INCHES)
RECORDS
 TOTAL              T   2014
                        2008
                        2004
 24 HR TOTAL        T   08/10/2008 TO 08/10/2008
 SNOW DEPTH         T   08/10/2008
TOTALS            0.0               0.0     0.0        T
SINCE 7/1         0.0               0.0     0.0      0.0
SNOWDEPTH AVG.      0                MM      MM        0
DAYS >= TRACE       0               0.0     0.0        1
DAYS >= 1.0         0               0.0     0.0        0
GREATEST
 SNOW DEPTH         0   MM                             T  06/27
 24 HR TOTAL      0.0   MM

DEGREE_DAYS
HEATING TOTAL      92               153     -61      176
 SINCE 7/1         12                63     -51       81
COOLING TOTAL     391               326      65      250
 SINCE 1/1        437               348      89      271

FREEZE DATES
RECORD
 EARLIEST     09/20/1993
 LATEST       05/25/1956
EARLIEST                        10/08
LATEST                          05/02
.................................................................

WIND (MPH)
AVERAGE WIND SPEED              6.7
RESULTANT WIND SPEED/DIRECTION   2/252
HIGHEST WIND SPEED/DIRECTION    29/310    DATE  06/14
HIGHEST GUST SPEED/DIRECTION    41/320    DATE  06/14

SKY COVER
POSSIBLE SUNSHINE (PERCENT)   MM
AVERAGE SKY COVER           0.40
NUMBER OF DAYS FAIR           45
NUMBER OF DAYS PC             27
NUMBER OF DAYS CLOUDY         20

AVERAGE RH (PERCENT)     75

WEATHER CONDITIONS. NUMBER OF DAYS WITH
THUNDERSTORM             17     MIXED PRECIP                0
HEAVY RAIN               19     RAIN                       27
LIGHT RAIN               46     FREEZING RAIN               0
LT FREEZING RAIN          0     HAIL                        0
HEAVY SNOW                0     SNOW                        0
LIGHT SNOW                0     SLEET                       0
FOG                      58     FOG W/VIS <= 1/4 MILE      13
HAZE                      4

-  INDICATES NEGATIVE NUMBERS.
R  INDICATES RECORD WAS SET OR TIED.
MM INDICATES DATA IS MISSING.
T  INDICATES TRACE AMOUNT.

&&
2ND WETTEST JUNE TO AUGUST
18TH WARMEST JUNE TO AUGUST

$$
