000
CXUS51 KBGM 012322 CCA
CLSBGM

CLIMATE REPORT...CORRECTED
NATIONAL WEATHER SERVICE BINGHAMTON, NY
723 PM EDT THU SEP 01 2022

...................................

...THE BINGHAMTON NY CLIMATE SUMMARY FOR THE SEASON, FROM
6/1/2022 TO 8/31/2022...

CLIMATE NORMAL PERIOD 1991 TO 2020
CLIMATE RECORD PERIOD 1951 TO 2022

WEATHER         OBSERVED          NORMAL  DEPART   LAST YEAR`S
                VALUE   DATE(S)   VALUE   FROM     VALUE DATE(S)
                                          NORMAL
................................................................
TEMPERATURE (F)
RECORD
 HIGH             98   07/16/1988
 LOW              33   06/09/1980
HIGHEST           92   08/04         76      16       91  06/29
LOWEST            43   06/19         57     -14       43  06/17
AVG. MAXIMUM    78.2               76.3     1.9     77.4
AVG. MINIMUM    58.3               57.4     0.9     60.2
MEAN            68.3               66.9     1.4     68.8
DAYS MAX >= 90     3                2.1     0.9        2
DAYS MAX <= 32     0                0.0     0.0        0
DAYS MIN <= 32     0                0.0     0.0        0
DAYS MIN <= 0      0                0.0     0.0        0

PRECIPITATION (INCHES)
RECORD
 MAXIMUM       23.50   2006
 MINIMUM        4.87   1979
TOTALS         11.54              12.59   -1.05    19.34
DAILY AVG.      0.13               0.14   -0.01     0.21
DAYS >= .01       32               36.1    -4.1       42
DAYS >= .10       21               23.1    -2.1       32
DAYS >= .50        8                8.6    -0.6       13
DAYS >= 1.00       4                3.2     0.8        7
GREATEST
 24 HR. TOTAL   1.47   06/01 TO 06/01               2.21  08/22 TO 08/23
                       06/16 TO 06/16

SNOWFALL (INCHES)
RECORDS
 TOTAL             T   2021
 24 HR TOTAL       T   08/13/2021 TO 08/13/2021
                       08/10/2008 TO 08/10/2008
 SNOW DEPTH        T   08/10/2008
TOTALS           0.0                0.0     0.0        T
SINCE 7/1        0.0                0.0     0.0        T
SNOWDEPTH AVG.     0                                   0
DAYS >= TRACE      0                0.0     0.0        1
DAYS >= 1.0        0                0.0     0.0        0
GREATEST
 SNOW DEPTH        0                                   T  08/13
 24 HR TOTAL     0.0                                   T  08/13 TO 08/13

DEGREE DAYS
HEATING TOTAL     85                145     -60       85
 SINCE 7/1         7                 60     -53       32
COOLING TOTAL    407                322      85      460
 SINCE 1/1       443                348      95      494

FREEZE DATES
RECORD
 EARLIEST     09/20/1993
 LATEST       05/25/1956
EARLIEST                        MM
LATEST                          04/29
................................................................

WIND (MPH)
AVERAGE WIND SPEED              7.0
RESULTANT WIND SPEED/DIRECTION   2/270
HIGHEST WIND SPEED/DIRECTION    32/210    DATE  06/26
HIGHEST GUST SPEED/DIRECTION    43/250    DATE  06/26

SKY COVER
POSSIBLE SUNSHINE (PERCENT)   MM
AVERAGE SKY COVER           0.33
NUMBER OF DAYS FAIR           53
NUMBER OF DAYS PC             35
NUMBER OF DAYS CLOUDY          4

AVERAGE RH (PERCENT)     69

WEATHER CONDITIONS. NUMBER OF DAYS WITH
THUNDERSTORM             16     MIXED PRECIP               0
HEAVY RAIN               19     RAIN                      17
LIGHT RAIN               41     FREEZING RAIN              0
LT FREEZING RAIN          0     HAIL                       0
HEAVY SNOW                0     SNOW                       0
LIGHT SNOW                0     SLEET                      0
FOG                      37     FOG W/VIS <= 1/4 MILE      9
HAZE                      2

-  INDICATES NEGATIVE NUMBERS.
R  INDICATES RECORD WAS SET OR TIED.
MM INDICATES DATA IS MISSING.
T  INDICATES TRACE AMOUNT.

&&
18TH WARMEST JUNE TO AUGUST
CORRECTED AVERAGE MAXIMUM TEMPERATURE

$$

TAC
