978
CXUS51 KBGM 030128 CCB
CLSBGM

CLIMATE REPORT...CORRECTED
NATIONAL WEATHER SERVICE BINGHAMTON, NY
822 PM EST TUE MAR 02 2021

...................................

...THE BINGHAMTON NY CLIMATE SUMMARY FOR THE SEASON, FROM
12/1/2020 TO 2/28/2021...

CLIMATE NORMAL PERIOD 1981 TO 2010
CLIMATE RECORD PERIOD 1951 TO 2021

WEATHER         OBSERVED          NORMAL  DEPART   LAST YEAR`S
                VALUE   DATE(S)   VALUE   FROM     VALUE DATE(S)
                                          NORMAL
................................................................
TEMPERATURE (F)
RECORD
 HIGH             70   02/24/2017
 LOW             -20   01/15/1957
HIGHEST           53   12/25         31      22       62  01/11
LOWEST             2   02/08         18     -16       -2  02/15
AVG. MAXIMUM    31.0               31.3    -0.3     34.6
AVG. MINIMUM    20.1               18.1     2.0     21.5
MEAN            25.6               24.7     0.9     28.0
DAYS MAX >= 90     0                0.0     0.0        0
DAYS MAX <= 32    57               48.6     8.4       41
DAYS MIN <= 32    87               80.9     6.1       83
DAYS MIN <= 0      0                5.2    -5.2        2

PRECIPITATION (INCHES)
RECORD
 MAXIMUM       12.16   1977
 MINIMUM        3.99   1979
TOTALS         10.36               7.59    2.77    10.00
DAILY AVG.      0.11               0.08    0.03     0.11
DAYS >= .01       51               44.3     6.7       49
DAYS >= .10       19               18.4     0.6       21
DAYS >= .50        4                3.9     0.1        6
DAYS >= 1.00       3                0.7     2.3        2
GREATEST
 24 HR. TOTAL   2.80   12/16 TO 12/17               1.28  01/25 TO 01/25

SNOWFALL (INCHES)
RECORDS
 TOTAL          90.3   1977
 24 HR TOTAL    21.0   02/19/1972 TO 02/19/1972
 SNOW DEPTH       33   12/28/1969
TOTALS          94.3R              57.1    37.2     58.0
SINCE 7/1       97.7               63.9    33.8     62.9
SNOWDEPTH AVG.     7                                   3
DAYS >= TRACE     69               43.6    25.4       57
DAYS >= 1.0       22               16.7     5.3       18
GREATEST
 SNOW DEPTH       39R  12/17                          14  01/10
 24 HR TOTAL    40.0R  12/16 TO 12/17               10.3  12/01 TO 12/02

DEGREE DAYS
HEATING TOTAL   3519               3624    -105     3339
 SINCE 7/1      4840               5199    -359     4864
COOLING TOTAL      0                  0       0        0
 SINCE 1/1         0                  0       0        0

FREEZE DATES
RECORD
 EARLIEST     09/20/1993
 LATEST       05/25/1956
EARLIEST                        10/17
LATEST                          05/13
................................................................

WIND (MPH)
AVERAGE WIND SPEED              8.9
RESULTANT WIND SPEED/DIRECTION   3/290
HIGHEST WIND SPEED/DIRECTION    28/340    DATE  02/05
HIGHEST GUST SPEED/DIRECTION    39/310    DATE  02/25

SKY COVER
POSSIBLE SUNSHINE (PERCENT)   MM
AVERAGE SKY COVER           0.75
NUMBER OF DAYS FAIR            9
NUMBER OF DAYS PC             30
NUMBER OF DAYS CLOUDY         51

AVERAGE RH (PERCENT)     76

WEATHER CONDITIONS. NUMBER OF DAYS WITH
THUNDERSTORM              0     MIXED PRECIP               1
HEAVY RAIN                2     RAIN                       4
LIGHT RAIN               12     FREEZING RAIN              3
LT FREEZING RAIN          6     HAIL                       0
HEAVY SNOW                9     SNOW                      18
LIGHT SNOW               65     SLEET                      0
FOG                      67     FOG W/VIS <= 1/4 MILE     22
HAZE                     34

-  INDICATES NEGATIVE NUMBERS.
R  INDICATES RECORD WAS SET OR TIED.
MM INDICATES DATA IS MISSING.
T  INDICATES TRACE AMOUNT.

&&
CORRECTED GREATEST SNOW DEPTH AND DATE FROM LAST YEAR
ADDED AMOUNTS FOR LAST YEAR FOR HEATING DEGREE DATES AND SNOWFALL
MULTIPLE SNOW RECORDS
 -GREATEST SNOW DEPTH
 -GREATEST SNOWFALL DECEMBER TO FEBRUARY
 -GREATEST 24 HOUR SNOWFALL
6TH GREATEST PRECIPITATION FOR DECEMBER TO FEBRUARY

$$

TAC
