000
CXUS51 KBGM 051710
CLSBGM


CLIMATE REPORT
NATIONAL WEATHER SERVICE BINGHAMTON NY
1144 AM EST MON MAR 5 2018

...................................

...THE BINGHAMTON NY CLIMATE SUMMARY FOR THE SEASON, FROM
12/1/2017 TO 2/28/2018...

CLIMATE NORMAL PERIOD 1981 TO 2010
CLIMATE RECORD PERIOD 1951 TO 2018

WEATHER         OBSERVED          NORMAL  DEPART  LAST YEAR`S
                 VALUE   DATE(S)  VALUE   FROM    VALUE  DATE(S)
                                          NORMAL
................................................................
TEMPERATURE (F)
RECORD
 HIGH              70   02/24/2017
 LOW              -20   01/15/1957
HIGHEST            69   02/21        31      38       70  02/24
LOWEST             -7   01/07        18     -25        1  12/16
                        01/01
AVG. MAXIMUM     32.3              31.3     1.0     34.9
AVG. MINIMUM     18.3              18.1     0.2     22.3
MEAN             25.3              24.7     0.6     28.6
DAYS MAX >= 90      0               0.0     0.0        0
DAYS MAX <= 32     47              48.6    -1.6       37
DAYS MIN <= 32     80              80.9    -0.9       80
DAYS MIN <= 0       9               5.2     3.8        0

PRECIPITATION (INCHES)
RECORD
 MAXIMUM        12.16   1977
 MINIMUM         3.99   1979
TOTALS           7.61              7.59    0.02     9.85
DAILY AVG.       0.09              0.08    0.01     0.11
DAYS >= .01        47              44.3     2.7       55
DAYS >= .10        19              18.4     0.6       24
DAYS >= .50         5               3.9     1.1        9
DAYS >= 1.00        1               0.7     0.3        0
GREATEST
 24 HR. TOTAL    1.49   01/12 TO 01/13

SNOWFALL (INCHES)
RECORDS
 TOTAL           90.3   1977
 24 HR TOTAL     21.0   02/19/1972 TO 02/19/1972
 SNOW DEPTH        33   12/28/1969
TOTALS           46.3              57.1   -10.8     64.9
SINCE 7/1        48.1              63.9   -15.8     93.5
SNOWDEPTH AVG.      2                 4      -2        3
DAYS >= TRACE      58              43.6    14.4       66
DAYS >= 1.0        16              16.7    -0.7       22
GREATEST
 SNOW DEPTH        10   02/10                         10  02/17
                        02/09                             02/16
                                                          12/17
 24 HR TOTAL      5.5   02/07 TO 02/07
                        01/13 TO 01/13

DEGREE_DAYS
HEATING TOTAL    3570              3624     -54     3264
 SINCE 7/1       4968              5199    -231     4613
COOLING TOTAL       0                 0       0        0
 SINCE 1/1          0                 0       0        0

FREEZE DATES
RECORD
 EARLIEST     09/20/1993
 LATEST       05/25/1956
EARLIEST                        10/08
LATEST                          05/02
.................................................................

WIND (MPH)
AVERAGE WIND SPEED              9.0
RESULTANT WIND SPEED/DIRECTION   4/255
HIGHEST WIND SPEED/DIRECTION    32/280    DATE  12/25
HIGHEST GUST SPEED/DIRECTION    46/290    DATE  12/25

SKY COVER
POSSIBLE SUNSHINE (PERCENT)   MM
AVERAGE SKY COVER           0.70
NUMBER OF DAYS FAIR           14
NUMBER OF DAYS PC             35
NUMBER OF DAYS CLOUDY         41

AVERAGE RH (PERCENT)     75

WEATHER CONDITIONS. NUMBER OF DAYS WITH
THUNDERSTORM         0     MIXED PRECIP          0
HEAVY RAIN           1     RAIN                  7
LIGHT RAIN          20     FREEZING RAIN         2
LT FREEZING RAIN     4     HAIL                  0
HEAVY SNOW           2     SNOW                 14
LIGHT SNOW          52     SLEET                 0
FOG                 61     FOG W/VIS<=1/4 MILE  18
HAZE                28

-  INDICATES NEGATIVE NUMBERS.
R  INDICATES RECORD WAS SET OR TIED.
MM INDICATES DATA IS MISSING.
T  INDICATES TRACE AMOUNT.

$$
