000
CXUS51 KLWX 010815
CF6CHO
PRELIMINARY LOCAL CLIMATOLOGICAL DATA (WS FORM: F-6)
STATION: CHARLOTTESVILLE VA
MONTH: MARCH
YEAR: 2023
LATITUDE: 38 7 N
LONGITUDE: 78 27 W
TEMPERATURE IN F: :PCPN: SNOW: WIND :SUNSHINE: SKY :PK WND
================================================================================
1 2 3 4 5 6A 6B 7 8 9 10 11 12 13 14 15 16 17 18
12Z AVG MX 2MIN
DY MAX MIN AVG DEP HDD CDD WTR SNW DPTH SPD SPD DIR MIN PSBL S-S WX SPD DR
================================================================================
1 63 38 51 7 14 0 0.00 M M 6.7 17 180 M M 3 24 180
2 70 52 61 16 4 0 0.03 M M 3.7 12 300 M M 2 20 280
3 54 40 47 2 18 0 0.37 M M 6.7 15 30 M M 7 128 22 60
4 62 40 51 6 14 0 0.00 M M 8.2 18 320 M M 1 12 31 320
5 68 36 52 7 13 0 0.00 M M 3.6 10 190 M M 0 16 290
6 65 34 50 4 15 0 0.00 M M 3.8 14 160 M M 0 19 180
7 61 42 52 6 13 0 0.00 M M 9.2 23 330 M M 2 36 320
8 57 35 46 0 19 0 0.00 M M 7.6 18 360 M M 0 28 330
9 63 34 49 3 16 0 0.00 M M 3.3 10 60 M M 0 16 310
10 50 41 46 -1 19 0 0.02 M M 4.1 16 310 M M 6 18 28 330
11 49 33 41 -6 24 0 0.00 M M 7.5 18 310 M M 6 26 340
12 40 31 36 -11 29 0 0.15 M M 2.0 8 60 M M 7 18 10 60
13 53 35 44 -4 21 0 0.00 0.0 0 3.2 18 310 M M 9 12 31 300
14 46 33 40 -8 25 0 0.00 0.0 0 9.0 20 290 M M 4 32 330
15 54 32 43 -5 22 0 0.00 0.0 0 8.9 26 300 M M 0 38 300
16 69 36 53 5 12 0 0.00 M M 8.0 17 200 M M 0 23 180
17 65 50 58 9 7 0 T M M 11.2 20 200 M M 5 26 190
18 56 41 49 0 16 0 0.00 M M 7.0 14 260 M M 1 22 280
19 45 30 38 -12 27 0 0.00 M M 6.0 15 300 M M 0 23 290
20 55 26 41 -9 24 0 0.00 M M 3.3 13 180 M M 0 8 18 190
21 68 27 48 -2 17 0 0.00 M M 5.5 17 170 M M 0 22 190
22 69 50 60 10 5 0 0.00 M M 9.2 20 170 M M 5 24 180
23 87 49 68 17 0 3 0.00 M M 10.6 22 200 M M 2 28 190
24 72 49 61 10 4 0 0.09 M M 8.1 17 360 M M 7 18 25 360
25 65 46 56 5 9 0 0.11 M M 4.7 16 200 M M 8 18 20 190
26 75 51 63 11 2 0 0.00 M M 4.6 13 200 M M 0 19 170
27 73 49 61 9 4 0 0.00 M M 5.4 13 180 M M 4 18 10
28 61 45 53 1 12 0 0.04 M M 4.5 14 360 M M 4 19 10
29 63 35 49 -4 16 0 0.01 M M 4.7 15 190 M M 2 1 20 200
30 62 40 51 -2 14 0 0.00 M M 5.6 13 150 M M 0 16 70
31 67 39 53 -1 12 0 0.23 M M 7.9 24 210 M M 5 32 200
================================================================================
SM 1907 1219 447 3 1.05 0.0 193.8 M 90
================================================================================
AV 61.5 39.3 6.3 FASTST M M 3 MAX(MPH)
MISC ----> 26 300 38 300
================================================================================
NOTES:
# LAST OF SEVERAL OCCURRENCES
COLUMN 17 PEAK WIND IN M.P.H.
PRELIMINARY LOCAL CLIMATOLOGICAL DATA (WS FORM: F-6) , PAGE 2
STATION: CHARLOTTESVILLE VA
MONTH: MARCH
YEAR: 2023
LATITUDE: 38 7 N
LONGITUDE: 78 27 W
[TEMPERATURE DATA] [PRECIPITATION DATA] SYMBOLS USED IN COLUMN 16
AVERAGE MONTHLY: 50.4 TOTAL FOR MONTH: 1.05 1 = FOG OR MIST
DPTR FM NORMAL: 1.7 DPTR FM NORMAL: -2.49 2 = FOG REDUCING VISIBILITY
HIGHEST: 87 ON 23 GRTST 24HR 0.37 ON 3- 3 TO 1/4 MILE OR LESS
LOWEST: 26 ON 20 3 = THUNDER
SNOW, ICE PELLETS, HAIL 4 = ICE PELLETS
TOTAL MONTH: 0.0 INCH 5 = HAIL
GRTST 24HR 0.0 6 = FREEZING RAIN OR DRIZZLE
GRTST DEPTH: 0 7 = DUSTSTORM OR SANDSTORM:
VSBY 1/2 MILE OR LESS
8 = SMOKE OR HAZE
[NO. OF DAYS WITH] [WEATHER - DAYS WITH] 9 = BLOWING SNOW
X = TORNADO
MAX 32 OR BELOW: 0 0.01 INCH OR MORE: 9
MAX 90 OR ABOVE: 0 0.10 INCH OR MORE: 4
MIN 32 OR BELOW: 5 0.50 INCH OR MORE: 0
MIN 0 OR BELOW: 0 1.00 INCH OR MORE: 0
[HDD (BASE 65) ]
TOTAL THIS MO. 447 CLEAR (SCALE 0-3) 18
DPTR FM NORMAL -65 PTCLDY (SCALE 4-7) 12
TOTAL FM JUL 1 2908 CLOUDY (SCALE 8-10) 1
DPTR FM NORMAL -545
[CDD (BASE 65) ]
TOTAL THIS MO. 3
DPTR FM NORMAL -2 [PRESSURE DATA]
TOTAL FM JAN 1 3 HIGHEST SLP 30.43 ON 21
DPTR FM NORMAL -3 LOWEST SLP 29.32 ON 4
[REMARKS]
#FINAL-03-23#