000
CXUS54 KMAF 011613
CF6CNM
PRELIMINARY LOCAL CLIMATOLOGICAL DATA (WS FORM: F-6)
STATION: CARLSBAD
MONTH: OCTOBER
YEAR: 2022
LATITUDE: 32 20 N
LONGITUDE: 104 15 W
TEMPERATURE IN F: :PCPN: SNOW: WIND :SUNSHINE: SKY :PK WND
================================================================================
1 2 3 4 5 6A 6B 7 8 9 10 11 12 13 14 15 16 17 18
12Z AVG MX 2MIN
DY MAX MIN AVG DEP HDD CDD WTR SNW DPTH SPD SPD DIR MIN PSBL S-S WX SPD DR
================================================================================
1 86 53 70 1 0 5 0.00 M M 7.2 17 130 M M 0 22 110
2 84 56 70 2 0 5 0.00 M M 8.2 21 120 M M 0 26 140
3 80 50 65 -3 0 0 0.00 M M 7.3 18 150 M M 0 23 160
4 82 55 69 1 0 4 T M M 5.9 26 220 M M 2 32 230
5 73 59 66 -1 0 1 0.26 M M 7.2 18 310 M M 7 1 24 320
6 76 59 68 1 0 3 0.02 M M 6.9 18 320 M M 7 21 320
7 75 59 67 0 0 2 0.28 M M 8.9 17 40 M M 8 13 21 30
8 67 57 62 -4 3 0 0.27 M M 5.2 13 130 M M 10 1 16 120
9 69 56 63 -3 2 0 T M M 4.2 12 330 M M 6 1 12 330
10 74 55 65 -1 0 0 0.00 M M 5.8 13 150 M M 1 17 160
11 82 52 67 2 0 2 0.00 M M 9.1 22 260 M M 0 27 220
12 83 57 70 5 0 5 0.00 M M 9.0 22 20 M M 0 27 30
13 79 49 64 0 1 0 0.00 M M 5.4 16 340 M M 0 19 340
14 82 50 66 2 0 1 0.00 M M 5.4 12 160 M M 0 14 160
15 90 54 72 8 0 7 T M M 5.8 31 220 M M 2 3 39 220
16 67 52 60 -3 5 0 0.45 M M 13.8 26 320 M M 9 13 32 310
17 55 51 53 -10 12 0 0.52 M M 5.9 15 330 M M 10 1 19 340
18 60 46 53 -10 12 0 0.00 M M 4.7 12 160 M M 8 14 170
19 71 41 56 -6 9 0 0.00 M M 4.4 10 230 M M 0 13 160
20 79 45 62 0 3 0 0.00 M M 5.6 14 360 M M 0 15 360
21 84 43 64 3 1 0 0.00 M M 8.3 25 260 M M 0 30 260
22 81 56 69 8 0 4 0.00 M M 8.1 16 220 M M 0 20 220
23 87 57 72 11 0 7 T M M 12.9 40 260 M M 1 50 270
24 68 40 54 -6 11 0 0.01 M M 16.1 39 290 M M 3 49 300
25 68 33 51 -9 14 0 0.00 M M 5.1 13 320 M M 0 15 120
26 77 36 57 -2 8 0 0.00 M M 6.3 18 230 M M 0 23 230
27 77 46 62 3 3 0 0.00 M M 12.7 41 350 M M 1 8 53 350
28 65 43 54 -5 11 0 0.00 M M 15.6 31 340 M M 3 8 42 330
29 67 40 54 -4 11 0 0.00 M M 5.5 10 210 M M 0 1 12 170
30 71 40 56 -2 9 0 0.00 M M 4.5 10 10 M M 0 13 360
31 71 43 57 0 8 0 0.00 M M 6.3 15 150 M M 0 20 150
================================================================================
SM 2330 1533 123 46 1.81 M 237.3 M 78
================================================================================
AV 75.2 49.5 7.7 FASTST M M 3 MAX(MPH)
MISC ----> 41 350 53 350
================================================================================
NOTES:
# LAST OF SEVERAL OCCURRENCES
COLUMN 17 PEAK WIND IN M.P.H.
PRELIMINARY LOCAL CLIMATOLOGICAL DATA (WS FORM: F-6) , PAGE 2
STATION: CARLSBAD
MONTH: OCTOBER
YEAR: 2022
LATITUDE: 32 20 N
LONGITUDE: 104 15 W
[TEMPERATURE DATA] [PRECIPITATION DATA] SYMBOLS USED IN COLUMN 16
AVERAGE MONTHLY: 62.3 TOTAL FOR MONTH: 1.81 1 = FOG OR MIST
DPTR FM NORMAL: -1.0 DPTR FM NORMAL: 0.92 2 = FOG REDUCING VISIBILITY
HIGHEST: 90 ON 15 GRTST 24HR 0.97 ON 16-17 TO 1/4 MILE OR LESS
LOWEST: 33 ON 25 3 = THUNDER
SNOW, ICE PELLETS, HAIL 4 = ICE PELLETS
TOTAL MONTH: M 5 = HAIL
GRTST 24HR M ON M 6 = FREEZING RAIN OR DRIZZLE
GRTST DEPTH: M ON M 7 = DUSTSTORM OR SANDSTORM:
VSBY 1/2 MILE OR LESS
8 = SMOKE OR HAZE
[NO. OF DAYS WITH] [WEATHER - DAYS WITH] 9 = BLOWING SNOW
X = TORNADO
MAX 32 OR BELOW: 0 0.01 INCH OR MORE: 7
MAX 90 OR ABOVE: 1 0.10 INCH OR MORE: 5
MIN 32 OR BELOW: 0 0.50 INCH OR MORE: 1
MIN 0 OR BELOW: 0 1.00 INCH OR MORE: 0
[HDD (BASE 65) ]
TOTAL THIS MO. 123 CLEAR (SCALE 0-3) 23
DPTR FM NORMAL 5 PTCLDY (SCALE 4-7) 3
TOTAL FM JUL 1 123 CLOUDY (SCALE 8-10) 5
DPTR FM NORMAL -5
[CDD (BASE 65) ]
TOTAL THIS MO. 46
DPTR FM NORMAL -18 [PRESSURE DATA]
TOTAL FM JAN 1 2519 HIGHEST SLP 30.32 ON 8
DPTR FM NORMAL 327 LOWEST SLP 29.48 ON 23
[REMARKS]
#FINAL-10-22#