000
CXUS53 KTOP 010800
CF6MHK
PRELIMINARY LOCAL CLIMATOLOGICAL DATA (WS FORM: F-6)
STATION: Manhattan KS
MONTH: JUNE
YEAR: 2020
LATITUDE: 39 9 N
LONGITUDE: 96 40 W
TEMPERATURE IN F: :PCPN: SNOW: WIND :SUNSHINE: SKY :PK WND
================================================================================
1 2 3 4 5 6A 6B 7 8 9 10 11 12 13 14 15 16 17 18
12Z AVG MX 2MIN
DY MAX MIN AVG DEP HDD CDD WTR SNW DPTH SPD SPD DIR MIN PSBL S-S WX SPD DR
================================================================================
1 89 65 77 8 0 12 0.00 M M 13.7 25 210 M M 0 36 220
2 92 68 80 10 0 15 0.00 M M 11.8 20 210 M M 0 29 190
3 93 70 82 12 0 17 T M M 4.8 22 10 M M 1 3 42 360
4 92 63 78 8 0 13 0.68 M M 5.8 22 10 M M 0 138 38 360
5 96 70 83 13 0 18 0.07 M M 5.1 14 160 M M 0 38 22 360
6 96 72 84 13 0 19 0.00 M M 8.1 17 180 M M 0 22 180
7 94 75 85 14 0 20 0.00 M M 10.5 22 150 M M 0 33 150
8 93 69 81 9 0 16 0.00 M M 8.8 21 170 M M 0 30 190
9 94 62 78 6 0 13 0.15 M M 10.4 29 220 M M 2 1 40 220
10 78 55 67 -5 0 2 0.44 M M 7.2 16 330 M M 3 1 34 310
11 92 51 72 0 0 7 0.00 M M 5.2 18 220 M M 1 23 220
12 93 59 76 3 0 11 0.00 M M 4.3 13 210 M M 0 19 230
13 95 62 79 6 0 14 0.00 M M 9.1 24 150 M M 1 33 150
14 95 69 82 9 0 17 0.00 M M 10.9 23 210 M M 0 31 180
15 94 68 81 7 0 16 0.00 M M 10.7 23 170 M M 0 32 160
16 95 67 81 7 0 16 0.00 M M 9.5 20 160 M M 0 28 150
17 96 73 85 11 0 20 0.00 M M 12.8 24 160 M M 0 35 180
18 95 73 84 9 0 19 0.27 M M 13.1 28 210 M M 2 3 34 210
19 77 67 72 -3 0 7 0.97 M M 3.5 14 160 M M 7 1 19 140
20 87 64 76 1 0 11 0.00 M M 3.2 9 220 M M 3 1 15 260
21 82 63 73 -2 0 8 0.06 M M 5.6 18 230 M M 2 1 28 210
22 88 64 76 0 0 11 0.17 M M 5.6 24 20 M M 2 13 44 10
23 85 59 72 -4 0 7 0.00 M M 4.3 13 50 M M 1 19 20
24 87 59 73 -3 0 8 0.00 M M 4.0 12 90 M M 0 8 16 110
25 96 65 81 5 0 16 0.00 M M 11.7 23 210 M M 1 33 180
26 96 74 85 8 0 20 T M M 10.1 17 200 M M 1 26 210
27 89 67 78 1 0 13 1.42 M M 6.6 17 80 M M 1 13 27 200
28 93 73 83 6 0 18 0.16 M M 12.1 24 180 M M 2 13 36 170
29 93 76 85 8 0 20 0.00 M M 13.4 21 160 M M 4 34 180
30 93 77 85 7 0 20 0.00 M M 11.6 22 170 M M 2 30 160
================================================================================
SM 2738 1999 0 424 4.39 M 253.5 M 36
================================================================================
AV 91.3 66.6 8.5 FASTST M M 1 MAX(MPH)
MISC ----> # 29 220 # 44 10
================================================================================
NOTES:
# LAST OF SEVERAL OCCURRENCES
COLUMN 17 PEAK WIND IN M.P.H.
PRELIMINARY LOCAL CLIMATOLOGICAL DATA (WS FORM: F-6) , PAGE 2
STATION: Manhattan KS
MONTH: JUNE
YEAR: 2020
LATITUDE: 39 9 N
LONGITUDE: 96 40 W
[TEMPERATURE DATA] [PRECIPITATION DATA] SYMBOLS USED IN COLUMN 16
AVERAGE MONTHLY: 79.0 TOTAL FOR MONTH: 4.39 1 = FOG OR MIST
DPTR FM NORMAL: 5.2 DPTR FM NORMAL: -0.70 2 = FOG REDUCING VISIBILITY
HIGHEST: 96 ON 26,25 GRTST 24HR 1.42 ON 27-27 TO 1/4 MILE OR LESS
LOWEST: 51 ON 11 3 = THUNDER
SNOW, ICE PELLETS, HAIL 4 = ICE PELLETS
TOTAL MONTH: M 5 = HAIL
GRTST 24HR M ON M 6 = FREEZING RAIN OR DRIZZLE
GRTST DEPTH: M ON M 7 = DUSTSTORM OR SANDSTORM:
VSBY 1/2 MILE OR LESS
8 = SMOKE OR HAZE
[NO. OF DAYS WITH] [WEATHER - DAYS WITH] 9 = BLOWING SNOW
X = TORNADO
MAX 32 OR BELOW: 0 0.01 INCH OR MORE: 10
MAX 90 OR ABOVE: 21 0.10 INCH OR MORE: 8
MIN 32 OR BELOW: 0 0.50 INCH OR MORE: 3
MIN 0 OR BELOW: 0 1.00 INCH OR MORE: 1
[HDD (BASE 65) ]
TOTAL THIS MO. 0 CLEAR (SCALE 0-3) 27
DPTR FM NORMAL -11 PTCLDY (SCALE 4-7) 3
TOTAL FM JUL 1 4898 CLOUDY (SCALE 8-10) 0
DPTR FM NORMAL -417
[CDD (BASE 65) ]
TOTAL THIS MO. 424
DPTR FM NORMAL 154 [PRESSURE DATA]
TOTAL FM JAN 1 511 HIGHEST SLP M ON M
DPTR FM NORMAL 141 LOWEST SLP 29.35 ON 9
[REMARKS]
#FINAL-06-20#