000
CXUS54 KTSA 051224
CF6MKO
PRELIMINARY LOCAL CLIMATOLOGICAL DATA (WS FORM: F-6)
STATION: MUSKOGEE OKLAHOMA
MONTH: NOVEMBER
YEAR: 2022
LATITUDE: 35 40 N
LONGITUDE: 95 22 W
TEMPERATURE IN F: :PCPN: SNOW: WIND :SUNSHINE: SKY :PK WND
================================================================================
1 2 3 4 5 6A 6B 7 8 9 10 11 12 13 14 15 16 17 18
12Z AVG MX 2MIN
DY MAX MIN AVG DEP HDD CDD WTR SNW DPTH SPD SPD DIR MIN PSBL S-S WX SPD DR
================================================================================
1 80 45 63 7 2 0 0.00 0.0 M 6.8 14 160 M M 0 20 170
2 72 51 62 6 3 0 0.00 0.0 M 9.0 17 180 M M 3 1 26 190
3 79 59 69 14 0 4 0.00 0.0 M 11.6 21 180 M M 7 29 170
4 78 44 61 6 4 0 1.02 0.0 M 13.2 26 280 M M 10 13 37 280
5 62 41 52 -2 13 0 0.00 0.0 M 9.5 20 260 M M 3 26 260
6 76 49 63 9 2 0 0.00 0.0 M 8.4 16 150 M M 0 8 22 150
7 74 51 63 9 2 0 0.00 0.0 M 8.2 17 110 M M 4 22 120
8 76 62 69 16 0 4 0.00 0.0 M 9.0 16 130 M M 7 23 130
9 81 63 72 19 0 7 0.00 0.0 M 9.4 21 190 M M 3 30 190
10 77 49 63 11 2 0 0.13 0.0 M 9.9 22 350 M M 7 13 31 340
11 49 37 43 -9 22 0 0.75 0.0 M 18.6 28 360 M M 8 13 36 360
12 45 28 37 -15 28 0 0.00 0.0 M 8.7 18 330 M M 0 28 330
13 49 23 36 -15 29 0 0.00 0.0 M 6.5 14 130 M M 0 21 140
14 42 32 37 -14 28 0 0.21 M M 7.3 18 100 M M 9 1 21 110
15 45 31 38 -12 27 0 0.00 0.0 M 6.5 16 330 M M 6 1 21 300
16 47 24 36 -14 29 0 T M M 7.1 21 340 M M 0 8 27 340
17 54 20 37 -13 28 0 T M M 5.4 21 360 M M 2 30 350
18 40 28 34 -15 31 0 T M M 10.4 25 10 M M 10 1 35 30
19 49 27 38 -11 27 0 0.00 M M 6.3 16 330 M M 3 23 270
20 49 19 34 -15 31 0 0.00 0.0 M 4.0 9 150 M M 0 14 140
21 56 27 42 -6 23 0 0.00 0.0 M 6.9 15 240 M M 0 20 240
22 61 32 47 -1 18 0 0.00 0.0 M 6.0 14 220 M M 0 20 180
23 58 35 47 -1 18 0 0.47 0.0 M 8.5 21 130 M M 6 13 26 140
24 53 48 51 4 14 0 0.96 0.0 M 7.7 16 10 M M 10 13 22 10
25 59 43 51 4 14 0 0.00 0.0 M 9.2 17 340 M M 7 8 24 360
26 54 38 46 0 19 0 0.33 0.0 M 6.5 20 110 M M 9 18 29 110
27 53 42 48 2 17 0 0.03 0.0 M 9.1 18 280 M M 8 1 29 260
28 62 32 47 1 18 0 0.00 0.0 M 9.3 20 150 M M 1 12 27 140
29 76 35 56 10 9 0 0.00 0.0 M 17.3 33 340 M M 3 43 290
30 46 28 37 -8 28 0 0.00 0.0 M 8.9 28 350 M M 0 36 350
================================================================================
SM 1802 1143 486 15 3.90 0.0 265.2 M 126
================================================================================
AV 60.1 38.1 8.8 FASTST M M 4 MAX(MPH)
MISC ----> 33 340 43 290
================================================================================
NOTES:
# LAST OF SEVERAL OCCURRENCES
COLUMN 17 PEAK WIND IN M.P.H.
PRELIMINARY LOCAL CLIMATOLOGICAL DATA (WS FORM: F-6) , PAGE 2
STATION: MUSKOGEE OKLAHOMA
MONTH: NOVEMBER
YEAR: 2022
LATITUDE: 35 40 N
LONGITUDE: 95 22 W
[TEMPERATURE DATA] [PRECIPITATION DATA] SYMBOLS USED IN COLUMN 16
AVERAGE MONTHLY: 49.1 TOTAL FOR MONTH: 3.90 1 = FOG OR MIST
DPTR FM NORMAL: -1.3 DPTR FM NORMAL: 0.55 2 = FOG REDUCING VISIBILITY
HIGHEST: 81 ON 9 GRTST 24HR 1.43 ON 23-24 TO 1/4 MILE OR LESS
LOWEST: 19 ON 20 3 = THUNDER
SNOW, ICE PELLETS, HAIL 4 = ICE PELLETS
TOTAL MONTH: 0.0 INCH 5 = HAIL
GRTST 24HR 0.0 6 = FREEZING RAIN OR DRIZZLE
GRTST DEPTH: M ON M 7 = DUSTSTORM OR SANDSTORM:
VSBY 1/2 MILE OR LESS
8 = SMOKE OR HAZE
[NO. OF DAYS WITH] [WEATHER - DAYS WITH] 9 = BLOWING SNOW
X = TORNADO
MAX 32 OR BELOW: 0 0.01 INCH OR MORE: 8
MAX 90 OR ABOVE: 0 0.10 INCH OR MORE: 7
MIN 32 OR BELOW: 13 0.50 INCH OR MORE: 3
MIN 0 OR BELOW: 0 1.00 INCH OR MORE: 1
[HDD (BASE 65) ]
TOTAL THIS MO. 486 CLEAR (SCALE 0-3) 14
DPTR FM NORMAL 42 PTCLDY (SCALE 4-7) 10
TOTAL FM JUL 1 613 CLOUDY (SCALE 8-10) 6
DPTR FM NORMAL -6
[CDD (BASE 65) ]
TOTAL THIS MO. 15
DPTR FM NORMAL 9 [PRESSURE DATA]
TOTAL FM JAN 1 2345 HIGHEST SLP 30.57 ON 18
DPTR FM NORMAL 427 LOWEST SLP 29.55 ON 26
[REMARKS]
#FINAL-11-22#