000
CXUS54 KTSA 061112
CF6MKO
PRELIMINARY LOCAL CLIMATOLOGICAL DATA (WS FORM: F-6)
STATION: MUSKOGEE OKLAHOMA
MONTH: MAY
YEAR: 2022
LATITUDE: 35 40 N
LONGITUDE: 95 22 W
TEMPERATURE IN F: :PCPN: SNOW: WIND :SUNSHINE: SKY :PK WND
================================================================================
1 2 3 4 5 6A 6B 7 8 9 10 11 12 13 14 15 16 17 18
12Z AVG MX 2MIN
DY MAX MIN AVG DEP HDD CDD WTR SNW DPTH SPD SPD DIR MIN PSBL S-S WX SPD DR
================================================================================
1 78 48 63 -1 2 0 0.00 0.0 M 3.9 9 110 M M 0 1 17 140
2 67 60 64 0 1 0 2.89 0.0 M 8.5 30 330 M M 7 123 40 330
3 65 50 58 -7 7 0 0.00 0.0 M 9.3 18 290 M M 8 1 27 310
4 73 53 63 -2 2 0 3.75 0.0 M 9.6 22 110 M M 8 13 34 330
5 65 55 60 -5 5 0 3.72 0.0 M 9.5 24 330 M M 10 13 32 300
6 72 52 62 -4 3 0 0.00 0.0 M 7.5 18 290 M M 4 26 290
7 80 51 66 0 0 1 0.00 0.0 M 8.4 20 110 M M 0 1 25 120
8 87 63 75 9 0 10 0.00 0.0 M 14.9 23 170 M M 3 8 37 170
9 86 74 80 14 0 15 0.00 0.0 M 12.6 25 190 M M 6 18 40 190
10 87 72 80 13 0 15 0.00 0.0 M 10.0 20 190 M M 5 30 190
11 89 68 79 12 0 14 0.00 0.0 M 8.0 16 200 M M 0 1 23 180
12 92 67 80 13 0 15 0.00 0.0 M 8.1 16 160 M M 0 1 23 180
13 88 66 77 9 0 12 0.03 0.0 M 5.4 20 170 M M 1 3 31 170
14 89 65 77 9 0 12 0.00 0.0 M 4.7 10 130 M M 1 1 15 170
15 92 67 80 12 0 15 0.21 0.0 M 8.2 29 50 M M 3 13 41 320
16 84 64 74 5 0 9 0.00 0.0 M 4.9 10 70 M M 2 14 80
17 83 64 74 5 0 9 T 0.0 M 10.6 22 140 M M 1 33 150
18 88 71 80 11 0 15 0.00 0.0 M 7.5 22 340 M M 0 3 32 350
19 87 70 79 9 0 14 0.03 0.0 M 11.7 22 220 M M 1 1 31 170
20 87 72 80 10 0 15 0.00 0.0 M 13.4 25 180 M M 4 8 39 180
21 72 57 65 -5 0 0 0.02 0.0 M 13.8 24 360 M M 10 13 33 350
22 65 52 59 -11 6 0 0.00 0.0 M 11.9 18 10 M M 6 25 30
23 66 55 61 -10 4 0 0.54 0.0 M 6.9 15 100 M M 10 1238 20 120
24 68 62 65 -6 0 0 0.46 0.0 M 8.0 16 120 M M 10 13 24 120
25 66 56 61 -10 4 0 0.41 0.0 M 7.7 20 240 M M 10 1 25 250
26 64 51 58 -14 7 0 0.07 0.0 M 11.2 22 280 M M 9 1 28 290
27 83 49 66 -6 0 1 0.00 0.0 M 4.6 10 340 M M 0 8 14 340
28 87 58 73 1 0 8 0.00 0.0 M 9.6 24 170 M M 0 37 180
29 91 69 80 7 0 15 0.00 0.0 M 12.7 22 160 M M 0 34 160
30 85 77 81 8 0 16 T 0.0 M 12.1 25 180 M M 7 40 170
31 88 75 82 9 0 17 0.00 0.0 M 9.8 17 200 M M 5 31 200
================================================================================
SM 2474 1913 41 228 12.13 0.0 285.0 M 131
================================================================================
AV 79.8 61.7 9.2 FASTST M M 4 MAX(MPH)
MISC ----> 30 330 41 320
================================================================================
NOTES:
# LAST OF SEVERAL OCCURRENCES
COLUMN 17 PEAK WIND IN M.P.H.
PRELIMINARY LOCAL CLIMATOLOGICAL DATA (WS FORM: F-6) , PAGE 2
STATION: MUSKOGEE OKLAHOMA
MONTH: MAY
YEAR: 2022
LATITUDE: 35 40 N
LONGITUDE: 95 22 W
[TEMPERATURE DATA] [PRECIPITATION DATA] SYMBOLS USED IN COLUMN 16
AVERAGE MONTHLY: 70.8 TOTAL FOR MONTH: 12.13 1 = FOG OR MIST
DPTR FM NORMAL: 2.1 DPTR FM NORMAL: 6.64 2 = FOG REDUCING VISIBILITY
HIGHEST: 92 ON 15,12 GRTST 24HR 7.21 ON 4- 5 TO 1/4 MILE OR LESS
LOWEST: 48 ON 1 3 = THUNDER
SNOW, ICE PELLETS, HAIL 4 = ICE PELLETS
TOTAL MONTH: 0.0 INCH 5 = HAIL
GRTST 24HR 0.0 6 = FREEZING RAIN OR DRIZZLE
GRTST DEPTH: M ON M 7 = DUSTSTORM OR SANDSTORM:
VSBY 1/2 MILE OR LESS
8 = SMOKE OR HAZE
[NO. OF DAYS WITH] [WEATHER - DAYS WITH] 9 = BLOWING SNOW
X = TORNADO
MAX 32 OR BELOW: 0 0.01 INCH OR MORE: 11
MAX 90 OR ABOVE: 3 0.10 INCH OR MORE: 7
MIN 32 OR BELOW: 0 0.50 INCH OR MORE: 4
MIN 0 OR BELOW: 0 1.00 INCH OR MORE: 3
[HDD (BASE 65) ]
TOTAL THIS MO. 41 CLEAR (SCALE 0-3) 15
DPTR FM NORMAL -1 PTCLDY (SCALE 4-7) 10
TOTAL FM JUL 1 3043 CLOUDY (SCALE 8-10) 6
DPTR FM NORMAL -366
[CDD (BASE 65) ]
TOTAL THIS MO. 228
DPTR FM NORMAL 73 [PRESSURE DATA]
TOTAL FM JAN 1 268 HIGHEST SLP M ON M
DPTR FM NORMAL 55 LOWEST SLP 29.45 ON 20
[REMARKS]
#FINAL-05-22#