000
CXUS55 KALY 010810
CF6PSF
PRELIMINARY LOCAL CLIMATOLOGICAL DATA (WS FORM: F-6)
STATION: PITTSFIELD MA
MONTH: FEBRUARY
YEAR: 2023
LATITUDE: 42 25 N
LONGITUDE: 73 18 W
TEMPERATURE IN F: :PCPN: SNOW: WIND :SUNSHINE: SKY :PK WND
================================================================================
1 2 3 4 5 6A 6B 7 8 9 10 11 12 13 14 15 16 17 18
12Z AVG MX 2MIN
DY MAX MIN AVG DEP HDD CDD WTR SNW DPTH SPD SPD DIR MIN PSBL S-S WX SPD DR
================================================================================
1 24 10 17 -5 48 0 0.00 M M 3.6 15 270 M M 1 21 290
2 31 12 22 0 43 0 0.00 M M 8.3 17 230 M M 3 23 220
3 29 -13 8 -14 57 0 T M M 19.3 41 300 M M 8 62 290
4 12 -17 -2 -24 67 0 0.00 M M 7.2 25 310 M M 3 35 300
5 43 6 25 3 40 0 0.00 M M 8.4 18 220 M M 2 29 210
6 40 19 30 8 35 0 0.00 M M 6.4 16 10 M M 4 25 20
7 39 11 25 3 40 0 0.07 M M 5.7 18 140 M M 3 6 25 140
8 40 28 34 11 31 0 0.00 M M 8.2 28 290 M M 6 1 40 290
9 43 25 34 11 31 0 0.09 M M 5.5 17 140 M M 6 1 22 130
10 52 32 42 19 23 0 T M M 12.7 31 300 M M 9 1 41 300
11 35 21 28 5 37 0 T M M 10.8 31 280 M M 5 42 280
12 43 18 31 8 34 0 0.00 M M 1.3 10 290 M M 0 13 280
13 49 26 38 14 27 0 T M M 4.8 24 300 M M 2 31 300
14 45 26 36 12 29 0 T M M 11.5 26 280 M M 4 36 300
15 59 26 43 19 22 0 T M M 9.4 21 200 M M 2 34 170
16 53 38 46 22 19 0 0.03 M M 3.4 17 280 M M 3 1 22 280
17 55 22 39 15 26 0 0.13 M M 11.9 24 310 M M 9 1 33 300
18 34 17 26 1 39 0 T M M 8.2 22 290 M M 2 27 290
19 43 22 33 8 32 0 0.00 M M 4.6 16 180 M M 2 24 150
20 53 28 41 16 24 0 0.00 M M 5.2 20 250 M M 5 1 24 250
21 38 30 34 9 31 0 0.02 M M 5.9 25 270 M M 10 1 33 270
22 34 29 32 6 33 0 0.38 M M 6.5 20 300 M M 6 16 27 260
23 32 27 30 4 35 0 0.53 M M 5.5 15 60 M M 10 16 21 60
24 35 14 25 -1 40 0 T M M 18.4 36 290 M M 8 1 47 290
25 19 12 16 -10 49 0 0.02 M M 3.2 12 180 M M 9 1 16 180
26 32 13 23 -4 42 0 T M M 7.1 22 310 M M 9 18 31 280
27 33 19 26 -1 39 0 0.13 M M 7.4 26 290 M M 4 18 38 290
28 32 22 27 0 38 0 0.11 M M 6.4 16 60 M M 10 18 24 90
================================================================================
SM 1077 523 1011 0 1.51 M 216.8 M 145
================================================================================
AV 38.5 18.7 7.7 FASTST M M 5 MAX(MPH)
MISC ----> 41 300 62 290
================================================================================
NOTES:
# LAST OF SEVERAL OCCURRENCES
COLUMN 17 PEAK WIND IN M.P.H.
PRELIMINARY LOCAL CLIMATOLOGICAL DATA (WS FORM: F-6) , PAGE 2
STATION: PITTSFIELD MA
MONTH: FEBRUARY
YEAR: 2023
LATITUDE: 42 25 N
LONGITUDE: 73 18 W
[TEMPERATURE DATA] [PRECIPITATION DATA] SYMBOLS USED IN COLUMN 16
AVERAGE MONTHLY: 28.6 TOTAL FOR MONTH: 1.51 1 = FOG OR MIST
DPTR FM NORMAL: 4.5 DPTR FM NORMAL: -1.01 2 = FOG REDUCING VISIBILITY
HIGHEST: 59 ON 15 GRTST 24HR 0.79 ON 22-23 TO 1/4 MILE OR LESS
LOWEST: -17 ON 4 3 = THUNDER
SNOW, ICE PELLETS, HAIL 4 = ICE PELLETS
TOTAL MONTH: M 5 = HAIL
GRTST 24HR M ON M 6 = FREEZING RAIN OR DRIZZLE
GRTST DEPTH: M ON M 7 = DUSTSTORM OR SANDSTORM:
VSBY 1/2 MILE OR LESS
8 = SMOKE OR HAZE
[NO. OF DAYS WITH] [WEATHER - DAYS WITH] 9 = BLOWING SNOW
X = TORNADO
MAX 32 OR BELOW: 8 0.01 INCH OR MORE: 10
MAX 90 OR ABOVE: 0 0.10 INCH OR MORE: 5
MIN 32 OR BELOW: 27 0.50 INCH OR MORE: 1
MIN 0 OR BELOW: 2 1.00 INCH OR MORE: 0
[HDD (BASE 65) ]
TOTAL THIS MO. 1011 CLEAR (SCALE 0-3) 10
DPTR FM NORMAL -135 PTCLDY (SCALE 4-7) 10
TOTAL FM JUL 1 4552 CLOUDY (SCALE 8-10) 8
DPTR FM NORMAL -649
[CDD (BASE 65) ]
TOTAL THIS MO. 0
DPTR FM NORMAL 0 [PRESSURE DATA]
TOTAL FM JAN 1 0 HIGHEST SLP 30.64 ON 4
DPTR FM NORMAL 0 LOWEST SLP 29.44 ON 17
[REMARKS]
#FINAL-02-23#