000
CXUS54 KFWD 010830
CF6PWG
PRELIMINARY LOCAL CLIMATOLOGICAL DATA (WS FORM: F-6)
STATION: WACO MCGREGOR
MONTH: FEBRUARY
YEAR: 2022
LATITUDE: 31 28 N
LONGITUDE: 97 19 W
TEMPERATURE IN F: :PCPN: SNOW: WIND :SUNSHINE: SKY :PK WND
================================================================================
1 2 3 4 5 6A 6B 7 8 9 10 11 12 13 14 15 16 17 18
12Z AVG MX 2MIN
DY MAX MIN AVG DEP HDD CDD WTR SNW DPTH SPD SPD DIR MIN PSBL S-S WX SPD DR
================================================================================
1 69 52 61 14 4 0 0.00 M M 6.4 12 140 M M 8 1 49 290
2 54 34 44 -3 21 0 0.07 M M 12.9 23 350 M M 7 12 107 200
3 34 19 27 -20 38 0 0.08 M M 17.2 22 340 M M 9 1 35 340
4 37 17 27 -21 38 0 0.00 M M 11.8 18 330 M M 5 33 340
5 49 17 33 -15 32 0 0.07 M M 5.9 14 170 M M 0 23 170
6 56 27 42 -6 23 0 0.00 M M 6.2 12 180 M M 0 16 180
7 59 29 44 -4 21 0 0.00 M M 8.1 14 360 M M 0 110 330
8 67 27 47 -1 18 0 0.00 M M 6.3 14 220 M M 0 17 230
9 69 32 51 3 14 0 0.00 M M 5.4 10 20 M M 0 M M
10 75 29 52 4 13 0 0.00 M M 3.8 9 30 M M 0 M M
11 77 42 60 11 5 0 0.00 M M 11.3 20 190 M M 0 24 200
12 57 32 45 -4 20 0 0.00 M M 14.6 23 360 M M 3 97 330
13 66 22 44 -5 21 0 0.00 M M 5.6 14 270 M M 0 104 330
14 71 31 51 2 14 0 0.00 M M 8.7 20 170 M M 0 61 350
15 73 39 56 7 9 0 0.00 M M 16.2 29 180 M M 0 38 180
16 72 61 67 17 0 2 0.02 M M 19.4 26 180 M M 2 1 36 170
17 68 31 50 0 15 0 T M M 14.3 25 330 M M 4 37 320
18 55 27 41 -9 24 0 0.00 M M 6.5 16 360 M M 0 25 350
19 65 22 44 -6 21 0 0.00 M M 3.5 9 170 M M 0 17 170
20 69 36 53 3 12 0 0.00 M M 11.1 20 180 M M 0 28 180
21 85 58 72 21 0 7 0.00 M M 16.4 28 170 M M 0 1 35 170
22 75 42 59 8 6 0 T M M 14.5 23 190 M M 0 38 190
23 42 25 34 -17 31 0 T M M 14.2 21 10 M M 0 1 35 340
24 32 25 29 -22 36 0 T M M 10.2 16 10 M M 3 1 21 330
25 38 25 32 -20 33 0 T M M 12.9 16 20 M M 3 20 10
26 39 34 37 -15 28 0 0.04 M M 9.4 13 340 M M 8 1 M M
27 57 29 43 -9 22 0 0.00 M M 10.3 18 350 M M 1 1 23 360
28 68 22 45 -7 20 0 0.00 M M 2.8 8 170 M M 0 M M
================================================================================
SM 1678 886 539 9 0.28 M 285.8 M 53
================================================================================
AV 59.9 31.6 10.2 FASTST M M 2 MAX(MPH)
MISC ----> 29 180 110 330
================================================================================
NOTES:
# LAST OF SEVERAL OCCURRENCES
COLUMN 17 PEAK WIND IN M.P.H.
PRELIMINARY LOCAL CLIMATOLOGICAL DATA (WS FORM: F-6) , PAGE 2
STATION: WACO MCGREGOR
MONTH: FEBRUARY
YEAR: 2022
LATITUDE: 31 28 N
LONGITUDE: 97 19 W
[TEMPERATURE DATA] [PRECIPITATION DATA] SYMBOLS USED IN COLUMN 16
AVERAGE MONTHLY: 45.8 TOTAL FOR MONTH: 0.28 1 = FOG OR MIST
DPTR FM NORMAL: -3.6 DPTR FM NORMAL: -2.39 2 = FOG REDUCING VISIBILITY
HIGHEST: 85 ON 21 GRTST 24HR 0.48 ON 4- 5 TO 1/4 MILE OR LESS
LOWEST: 17 ON 5, 4 3 = THUNDER
SNOW, ICE PELLETS, HAIL 4 = ICE PELLETS
TOTAL MONTH: M 5 = HAIL
GRTST 24HR M ON M 6 = FREEZING RAIN OR DRIZZLE
GRTST DEPTH: M ON M 7 = DUSTSTORM OR SANDSTORM:
VSBY 1/2 MILE OR LESS
8 = SMOKE OR HAZE
[NO. OF DAYS WITH] [WEATHER - DAYS WITH] 9 = BLOWING SNOW
X = TORNADO
MAX 32 OR BELOW: 1 0.01 INCH OR MORE: 5
MAX 90 OR ABOVE: 0 0.10 INCH OR MORE: 0
MIN 32 OR BELOW: 19 0.50 INCH OR MORE: 0
MIN 0 OR BELOW: 0 1.00 INCH OR MORE: 0
[HDD (BASE 65) ]
TOTAL THIS MO. 539 CLEAR (SCALE 0-3) 19
DPTR FM NORMAL 98 PTCLDY (SCALE 4-7) 7
TOTAL FM JUL 1 1495 CLOUDY (SCALE 8-10) 2
DPTR FM NORMAL -454
[CDD (BASE 65) ]
TOTAL THIS MO. 9
DPTR FM NORMAL 5 [PRESSURE DATA]
TOTAL FM JAN 1 9 HIGHEST SLP 30.68 ON 4
DPTR FM NORMAL 7 LOWEST SLP 29.69 ON 17
[REMARKS]
#FINAL-02-22#