000
CXUS51 KBGM 011143
CLASYR

CLIMATE REPORT
NATIONAL WEATHER SERVICE BINGHAMTON, NY
643 AM EST FRI JAN 01 2021

...................................

...THE SYRACUSE NY CLIMATE SUMMARY FOR THE YEAR OF 2020...

CLIMATE NORMAL PERIOD 1981 TO 2010
CLIMATE RECORD PERIOD 1902 TO 2020

WEATHER         OBSERVED          NORMAL  DEPART   LAST YEAR`S
                VALUE   DATE(S)   VALUE   FROM     VALUE DATE(S)
                                          NORMAL
................................................................
TEMPERATURE (F)
RECORD
 HIGH            101   07/17/2012
                       07/21/2011
                       08/14/2002
 LOW             -26   02/18/1979
                       01/26/1966
HIGHEST           98   07/09         57      41       95  07/16
LOWEST            -5   02/15         38     -43       -7  01/21
AVG. MAXIMUM    60.8               57.7     3.1     57.7
AVG. MINIMUM    41.8               39.0     2.8     39.0
MEAN            51.3               48.3     3.0     48.3
DAYS MAX >= 90    21                6.8    14.2        9
DAYS MAX <= 32    24               45.7   -21.7       54
DAYS MIN <= 32   127              129.5    -2.5      138
DAYS MIN <= 0      2                7.1    -5.1        6

PRECIPITATION (INCHES)
RECORD
 MAXIMUM       58.17   1976
 MINIMUM       27.10   1964
TOTALS         37.02              38.47   -1.45    46.37
DAILY AVG.      0.10               0.11   -0.01     0.13
DAYS >= .01      158              173.6   -15.6      178
DAYS >= .10       80               89.7    -9.7       99
DAYS >= .50       16               22.7    -6.7       31
DAYS >= 1.00       5                5.3    -0.3       11
GREATEST
 24 HR. TOTAL   2.36   07/11 TO 07/12               1.95



SNOWFALL (INCHES)
RECORDS
 TOTAL         192.1   1992
 24 HR TOTAL    22.1   03/13/1993 TO 03/13/1993
 SNOW DEPTH       48   02/01/1966
                       02/21/1958
                       02/20/1958
TOTALS          72.3              123.8   -51.5    107.6
SINCE 7/1       14.8               42.6   -27.8     30.1
SNOWDEPTH AVG.     1                                   1
DAYS >= TRACE     92               66.4    25.6      102
DAYS >= 1.0       20               34.5   -14.5       33
GREATEST
 SNOW DEPTH       13   02/08                          18  01/21
                       02/07
 24 HR TOTAL     9.4   02/07 TO 02/08               13.2


DEGREE DAYS
HEATING TOTAL   5892               6651    -759     6573
 SINCE 7/1      2063               2453    -390     2356
COOLING TOTAL    991                570     421      622
 SINCE 1/1       991                569     422      622

FREEZE DATES
RECORD
 EARLIEST     09/23/1963
 LATEST       05/24/1963
EARLIEST                        10/17
LATEST                          05/14
................................................................

WIND (MPH)
AVERAGE WIND SPEED              8.1
RESULTANT WIND SPEED/DIRECTION   3/250
HIGHEST WIND SPEED/DIRECTION    47/260    DATE  11/15
HIGHEST GUST SPEED/DIRECTION    57/260    DATE  11/15

SKY COVER
POSSIBLE SUNSHINE (PERCENT)   MM
AVERAGE SKY COVER           0.72
NUMBER OF DAYS FAIR           23
NUMBER OF DAYS PC            120
NUMBER OF DAYS CLOUDY        159

AVERAGE RH (PERCENT)     66

WEATHER CONDITIONS. NUMBER OF DAYS WITH
THUNDERSTORM             24     MIXED PRECIP               0
HEAVY RAIN               22     RAIN                      59
LIGHT RAIN              178     FREEZING RAIN              0
LT FREEZING RAIN          4     HAIL                      10
HEAVY SNOW               12     SNOW                      22
LIGHT SNOW               87     SLEET                     11
FOG                     154     FOG W/VIS <= 1/4 MILE     12
HAZE                     17

-  INDICATES NEGATIVE NUMBERS.
R  INDICATES RECORD WAS SET OR TIED.
MM INDICATES DATA IS MISSING.
T  INDICATES TRACE AMOUNT.

&&
3RD WARMEST YEAR
$$

TAC
