000
CXUS51 KBGM 030255 CCA
CLMSYR

CLIMATE REPORT...CORRECTED
NATIONAL WEATHER SERVICE BINGHAMTON, NY
1053 PM EDT FRI APR 02 2021

...................................

...THE SYRACUSE NY CLIMATE SUMMARY FOR THE MONTH OF MARCH 2021...

CLIMATE NORMAL PERIOD 1981 TO 2010
CLIMATE RECORD PERIOD 1902 TO 2021

WEATHER         OBSERVED          NORMAL  DEPART   LAST YEAR`S
                VALUE   DATE(S)   VALUE   FROM     VALUE DATE(S)
                                          NORMAL
................................................................
TEMPERATURE (F)
RECORD
 HIGH             87   03/30/1986
 LOW             -16   03/04/1950
HIGHEST           76   03/25         43      33       74  03/20
LOWEST             8   03/08         25     -17       10  03/01
AVG. MAXIMUM    50.3               43.2     7.1     49.6
AVG. MINIMUM    26.9               25.1     1.8     30.9
MEAN            38.6               34.2     4.4     40.3
DAYS MAX >= 90     0                0.0     0.0        0
DAYS MAX <= 32     5                5.4    -0.4        0
DAYS MIN <= 32    22               23.2    -1.2       18
DAYS MIN <= 0      0                0.4    -0.4        0

PRECIPITATION (INCHES)
RECORD
 MAXIMUM        6.84   1955
 MINIMUM        1.01   1981
TOTALS          1.36               2.95   -1.59     3.42
DAILY AVG.      0.04               0.10   -0.06     0.11
DAYS >= .01       12               15.8    -3.8       17
DAYS >= .10        6                7.3    -1.3        9
DAYS >= .50        0                1.9    -1.9        3
DAYS >= 1.00       0                0.2    -0.2        0
GREATEST
 24 HR. TOTAL   0.33   03/28 TO 03/29

SNOWFALL (INCHES)
RECORDS
 TOTAL          54.4   1993
 24 HR TOTAL    22.1   03/13/1993 TO 03/13/1993
 SNOW DEPTH       35   03/15/1993
TOTALS           4.6               18.0   -13.4      7.1
SINCE 7/1       69.0              119.9   -50.9       MM
SNOWDEPTH AVG.     0                                   1
DAYS >= TRACE      7                9.9    -2.9        8
DAYS >= 1.0        2                4.8    -2.8        1
GREATEST
 SNOW DEPTH        3   03/06                           6  03/23
                       03/07                              03/24
 24 HR TOTAL     2.9   03/06 TO 03/06

DEGREE DAYS
HEATING TOTAL    811                957    -146      757
 SINCE 7/1      5145               5788    -643     5210
COOLING TOTAL      0                  0       0        0
 SINCE 1/1         0                  0       0        0
................................................................

WIND (MPH)
AVERAGE WIND SPEED              10.1
RESULTANT WIND SPEED/DIRECTION   4/270
HIGHEST WIND SPEED/DIRECTION    43/250    DATE  03/26
HIGHEST GUST SPEED/DIRECTION    54/240    DATE  03/26

SKY COVER
POSSIBLE SUNSHINE (PERCENT)   MM
AVERAGE SKY COVER           0.61
NUMBER OF DAYS FAIR            7
NUMBER OF DAYS PC             11
NUMBER OF DAYS CLOUDY         13

AVERAGE RH (PERCENT)     55

WEATHER CONDITIONS. NUMBER OF DAYS WITH
THUNDERSTORM              1     MIXED PRECIP               0
HEAVY RAIN                2     RAIN                       1
LIGHT RAIN                9     FREEZING RAIN              0
LT FREEZING RAIN          0     HAIL                       1
HEAVY SNOW                1     SNOW                       2
LIGHT SNOW                7     SLEET                      0
FOG                       9     FOG W/VIS <= 1/4 MILE      1
HAZE                      1

-  INDICATES NEGATIVE NUMBERS.
R  INDICATES RECORD WAS SET OR TIED.
MM INDICATES DATA IS MISSING.
T  INDICATES TRACE AMOUNT.

&&
CORRECTED THE GREATEST SNOW DEPTH AMOUNT AND DATES
9TH LOWEST PRECIPITATION MARCH EVER
7TH LOWEST MARCH SNOWFALL AT AIRPORT SINCE 1950

$$

TAC
