000
CXUS51 KBGM 010858
CLMSYR


CLIMATE REPORT
NATIONAL WEATHER SERVICE BINGHAMTON NY
443 AM EDT SUN APR 1 2018

...................................

...THE SYRACUSE NY CLIMATE SUMMARY FOR THE MONTH OF MARCH 2018...

CLIMATE NORMAL PERIOD 1981 TO 2010
CLIMATE RECORD PERIOD 1902 TO 2018

WEATHER         OBSERVED          NORMAL  DEPART  LAST YEAR`S
                 VALUE   DATE(S)  VALUE   FROM    VALUE  DATE(S)
                                          NORMAL
................................................................
TEMPERATURE (F)
RECORD
 HIGH              87   03/30/1986
 LOW              -16   03/04/1950
HIGHEST            54   03/31        43      11       68  03/01
LOWEST              8   03/20        25     -17        2  03/05
AVG. MAXIMUM     37.5              43.2    -5.7     38.2
AVG. MINIMUM     24.2              25.1    -0.9     22.1
MEAN             30.8              34.2    -3.4     30.1
DAYS MAX >= 90      0               0.0     0.0        0
DAYS MAX <= 32      6               5.4     0.6       10
DAYS MIN <= 32     28              23.2     4.8       23
DAYS MIN <= 0       0               0.4    -0.4        0

PRECIPITATION (INCHES)
RECORD
 MAXIMUM         6.84   1955
 MINIMUM         1.01   1981
TOTALS           3.86              2.95    0.91     3.85
DAILY AVG.       0.12              0.10    0.02     0.12
DAYS >= .01        16              15.8     0.2       17
DAYS >= .10        11               7.3     3.7       10
DAYS >= .50         1               1.9    -0.9        2
DAYS >= 1.00        1               0.2     0.8        0
GREATEST
 24 HR. TOTAL    1.54   03/01 TO 03/02

SNOWFALL (INCHES)
RECORDS
 TOTAL           54.4   1993
 24 HR TOTAL     22.1   03/13/1993 TO 03/13/1993
 SNOW DEPTH        35   03/15/1993
TOTALS           43.6              18.0    25.6     31.1
SINCE 7/1       151.1             119.9    31.2    134.8
SNOWDEPTH AVG.      7                 4       3        4
DAYS >= TRACE      18               9.9     8.1       16
DAYS >= 1.0         8               4.8     3.2        5
GREATEST
 SNOW DEPTH        20   03/15                         21  03/15
 24 HR TOTAL     16.7   03/02 TO 03/02

DEGREE_DAYS
HEATING TOTAL    1050               957      93     1072
 SINCE 7/1       5717              5788     -71     5341
COOLING TOTAL       0                 0       0        0
 SINCE 1/1          0                 0       0        0
.................................................................

WIND (MPH)
AVERAGE WIND SPEED              9.6
RESULTANT WIND SPEED/DIRECTION   5/290
HIGHEST WIND SPEED/DIRECTION    36/200    DATE  03/31
HIGHEST GUST SPEED/DIRECTION    46/180    DATE  03/31

SKY COVER
POSSIBLE SUNSHINE (PERCENT)   MM
AVERAGE SKY COVER           0.70
NUMBER OF DAYS FAIR            5
NUMBER OF DAYS PC              6
NUMBER OF DAYS CLOUDY         20

AVERAGE RH (PERCENT)     75

WEATHER CONDITIONS. NUMBER OF DAYS WITH
THUNDERSTORM         0    MIXED PRECIP           0
HEAVY RAIN           0    RAIN                   4
LIGHT RAIN           8    FREEZING RAIN          0
LT FREEZING RAIN     0    HAIL                   0
HEAVY SNOW           3    SNOW                   4
LIGHT SNOW          18    SLEET                  0
FOG                 16    FOG W/VIS <= 1/4 MILE  1
HAZE                 1

-  INDICATES NEGATIVE NUMBERS.
R  INDICATES RECORD WAS SET OR TIED.
MM INDICATES DATA IS MISSING.
T  INDICATES TRACE AMOUNT.
&&
SNOWFALL 3RD MOST FOR MARCH
$$
TAC
