000
CXUS51 KBGM 030120 CCA
CLSSYR

CLIMATE REPORT...CORRECTED
NATIONAL WEATHER SERVICE BINGHAMTON, NY
815 PM EST TUE MAR 02 2021

...................................

...THE SYRACUSE NY CLIMATE SUMMARY FOR THE SEASON, FROM
12/1/2020 TO 2/28/2021...

CLIMATE NORMAL PERIOD 1981 TO 2010
CLIMATE RECORD PERIOD 1902 TO 2021

WEATHER         OBSERVED          NORMAL  DEPART   LAST YEAR`S
                VALUE   DATE(S)   VALUE   FROM     VALUE DATE(S)
                                          NORMAL
................................................................
TEMPERATURE (F)
RECORD
 HIGH             75   02/21/2018
 LOW             -26   02/18/1979
                       01/26/1966
HIGHEST           56   12/11         34      22       67  01/11
                       12/12
                       12/13
LOWEST                 02/12         18     -19       -5  02/15
AVG. MAXIMUM    34.9               34.0     0.9     37.4
AVG. MINIMUM    22.5               18.6     3.9     22.5
MEAN            28.7               26.3     2.4     30.0
DAYS MAX >= 90     0                0.0     0.0        0
DAYS MAX <= 32    38               38.6    -0.6       23
DAYS MIN <= 32    81               78.6     2.4       76
DAYS MIN <= 0      1                6.7    -5.7        2

PRECIPITATION (INCHES)
RECORD
 MAXIMUM       12.98   1959
 MINIMUM        4.57   1979
TOTALS          7.30               7.79   -0.49     9.45
DAILY AVG.      0.08               0.09   -0.01     0.10
DAYS >= .01       55               53.7     1.3       48
DAYS >= .10       22               21.6     0.4       22
DAYS >= .50        2                3.6    -1.6        6
DAYS >= 1.00       0                0.8    -0.8        0
GREATEST
 24 HR. TOTAL   1.21  12/24 TO 12/25                1.09  12/01 TO 12/02

SNOWFALL (INCHES)
RECORDS
 TOTAL         159.7   2011
 24 HR TOTAL    22.0   01/31/1966 TO 01/31/1966
 SNOW DEPTH       48   02/01/1966
                       02/21/1958
                       02/20/1958
TOTALS          62.8               92.0   -29.2     69.5
SINCE 7/1       64.4              101.9   -37.5     76.1
SNOWDEPTH AVG.     5                                   3
DAYS >= TRACE     66               47.5    18.5       59
DAYS >= 1.0       20               25.4    -5.4       21
GREATEST
 SNOW DEPTH       16   02/03                          13  02/08
                                                          02/07
 24 HR TOTAL     8.0   02/02 TO 02/03                9.4  02/07 TO 02/08

DEGREE DAYS
HEATING TOTAL   3229               3481    -252     3158
 SINCE 7/1      4334               4831    -497     4453
COOLING TOTAL      0                  0       0        0
 SINCE 1/1         0                  0       0        0

FREEZE DATES
RECORD
 EARLIEST     09/23/1963
 LATEST       05/24/1963
EARLIEST                        10/17
LATEST                          05/14
................................................................

WIND (MPH)
AVERAGE WIND SPEED              8.5
RESULTANT WIND SPEED/DIRECTION   3/260
HIGHEST WIND SPEED/DIRECTION    38/280    DATE  02/24
HIGHEST GUST SPEED/DIRECTION    46/280    DATE  02/24

SKY COVER
POSSIBLE SUNSHINE (PERCENT)   MM
AVERAGE SKY COVER           0.89

AVERAGE RH (PERCENT)     70

WEATHER CONDITIONS. NUMBER OF DAYS WITH
THUNDERSTORM              0     MIXED PRECIP               0
HEAVY RAIN                0     RAIN                       3
LIGHT RAIN               27     FREEZING RAIN              1
LT FREEZING RAIN          6     HAIL                       1
HEAVY SNOW                5     SNOW                       8
LIGHT SNOW               62     SLEET                      2
FOG                      44     FOG W/VIS <= 1/4 MILE      5
HAZE                      6

-  INDICATES NEGATIVE NUMBERS.
R  INDICATES RECORD WAS SET OR TIED.
MM INDICATES DATA IS MISSING.
T  INDICATES TRACE AMOUNT.

&&
ADDED GREATEST 24 HOUR PRECIPITATION DATES
CORRECTED GREATEST SNOW DEPTH
ADDED GREATEST 24 HOUR SNOWFALL AND DATES
ADDED MULTIPLE VALUES FOR LAST YEAR THAT WERE MISSING.

$$

TAC
