000
CXUS54 KFWD 072154
CF6TRL
PRELIMINARY LOCAL CLIMATOLOGICAL DATA (WS FORM: F-6)
STATION: TERRELL
MONTH: AUGUST
YEAR: 2022
LATITUDE: 32 42 N
LONGITUDE: 96 16 W
TEMPERATURE IN F: :PCPN: SNOW: WIND :SUNSHINE: SKY :PK WND
================================================================================
1 2 3 4 5 6A 6B 7 8 9 10 11 12 13 14 15 16 17 18
12Z AVG MX 2MIN
DY MAX MIN AVG DEP HDD CDD WTR SNW DPTH SPD SPD DIR MIN PSBL S-S WX SPD DR
================================================================================
1 100 79 90 4 0 25 0.00 M M 8.4 16 170 M M 1 23 140
2 102 80 91 5 0 26 0.00 M M 11.0 21 190 M M 1 31 190
3 103 79 91 5 0 26 0.00 M M 11.4 21 180 M M 0 38 170
4 101 78 90 4 0 25 0.00 M M 9.2 18 210 M M 0 24 210
5 103 79 91 5 0 26 0.00 M M 7.9 23 160 M M 1 32 160
6 97 76 87 1 0 22 0.00 M M 9.4 17 150 M M 1 24 160
7 99 77 88 2 0 23 0.00 M M 9.5 17 200 M M 2 24 170
8 101 78 90 4 0 25 0.00 M M 7.9 17 180 M M 0 23 170
9 100 79 90 4 0 25 0.03 M M 6.8 22 50 M M 1 3 30 50
10 98 75 87 1 0 22 T M M 4.7 22 40 M M 2 3 33 40
11 98 72 85 -1 0 20 0.00 M M 5.5 15 60 M M 2 23 50
12 98 75 87 1 0 22 0.00 M M 7.3 17 70 M M 2 23 70
13 99 78 89 3 0 24 0.00 M M 6.5 16 60 M M 0 27 30
14 98 73 86 0 0 21 0.00 M M 5.2 18 160 M M 1 26 170
15 100 75 88 2 0 23 0.00 M M 5.3 16 140 M M 0 26 170
16 101 75 88 2 0 23 0.00 M M 5.3 16 130 M M 0 22 130
17 106 74 90 5 0 25 0.08 M M 7.7 21 290 M M 2 13 28 290
18 83 73 78 -7 0 13 T M M 4.7 12 80 M M 4 16 60
19 95 72 84 -1 0 19 0.00 M M 6.1 22 170 M M M 1 29 170
20 94 74 84 -1 0 19 0.00 M M 8.1 21 170 M M M 28 170
21 93 73 83 -2 0 18 1.69 M M 9.2 23 250 M M M 1 31 240
22 78 73 76 -9 0 11 2.70 M M 3.9 14 290 M M M 1 19 300
23 87 73 80 -4 0 15 T M M 5.9 15 50 M M 9 1 20 50
24 88 73 81 -3 0 16 0.00 M M 7.4 17 60 M M 6 24 50
25 92 73 83 -1 0 18 T M M 6.9 16 60 M M 2 23 340
26 93 73 83 -1 0 18 T M M 6.3 15 70 M M 3 19 80
27 95 76 86 2 0 21 0.11 M M 5.4 14 100 M M 2 1 20 110
28 95 77 86 3 0 21 0.00 M M 10.8 18 170 M M 0 26 180
29 92 76 84 1 0 19 T M M 8.1 16 130 M M 2 22 120
30 85 75 80 -3 0 15 0.37 M M 5.4 15 60 M M 7 13 19 60
31 92 73 83 0 0 18 T M M 2.7 13 180 M M 2 18 160
================================================================================
SM 2966 2336 0 644 4.98 M 219.9 M 53
================================================================================
AV 95.7 75.4 7.1 FASTST M M 2 MAX(MPH)
MISC ----> # 23 160 38 170
================================================================================
NOTES:
# LAST OF SEVERAL OCCURRENCES
COLUMN 17 PEAK WIND IN M.P.H.
PRELIMINARY LOCAL CLIMATOLOGICAL DATA (WS FORM: F-6) , PAGE 2
STATION: TERRELL
MONTH: AUGUST
YEAR: 2022
LATITUDE: 32 42 N
LONGITUDE: 96 16 W
[TEMPERATURE DATA] [PRECIPITATION DATA] SYMBOLS USED IN COLUMN 16
AVERAGE MONTHLY: 85.5 TOTAL FOR MONTH: 4.98 1 = FOG OR MIST
DPTR FM NORMAL: 0.3 DPTR FM NORMAL: 2.68 2 = FOG REDUCING VISIBILITY
HIGHEST: 106 ON 17 GRTST 24HR 2.70 ON 22-22 TO 1/4 MILE OR LESS
LOWEST: 72 ON 19,11 3 = THUNDER
SNOW, ICE PELLETS, HAIL 4 = ICE PELLETS
TOTAL MONTH: M 5 = HAIL
GRTST 24HR M ON M 6 = FREEZING RAIN OR DRIZZLE
GRTST DEPTH: M ON M 7 = DUSTSTORM OR SANDSTORM:
VSBY 1/2 MILE OR LESS
8 = SMOKE OR HAZE
[NO. OF DAYS WITH] [WEATHER - DAYS WITH] 9 = BLOWING SNOW
X = TORNADO
MAX 32 OR BELOW: 0 0.01 INCH OR MORE: 6
MAX 90 OR ABOVE: 26 0.10 INCH OR MORE: 4
MIN 32 OR BELOW: 0 0.50 INCH OR MORE: 2
MIN 0 OR BELOW: 0 1.00 INCH OR MORE: 2
[HDD (BASE 65) ]
TOTAL THIS MO. 0 CLEAR (SCALE 0-3) 23
DPTR FM NORMAL 0 PTCLDY (SCALE 4-7) 3
TOTAL FM JUL 1 0 CLOUDY (SCALE 8-10) 5
DPTR FM NORMAL 0
[CDD (BASE 65) ]
TOTAL THIS MO. 644
DPTR FM NORMAL 20 [PRESSURE DATA]
TOTAL FM JAN 1 2537 HIGHEST SLP 30.11 ON 7
DPTR FM NORMAL 382 LOWEST SLP 29.75 ON 28
[REMARKS]
#FINAL-08-22#