000
CXUS54 KCRP 011210
CF6VCT
PRELIMINARY LOCAL CLIMATOLOGICAL DATA (WS FORM: F-6)
STATION: VICTORIA
MONTH: JUNE
YEAR: 2022
LATITUDE: 28 51 N
LONGITUDE: 96 55 W
TEMPERATURE IN F: :PCPN: SNOW: WIND :SUNSHINE: SKY :PK WND
================================================================================
1 2 3 4 5 6A 6B 7 8 9 10 11 12 13 14 15 16 17 18
12Z AVG MX 2MIN
DY MAX MIN AVG DEP HDD CDD WTR SNW DPTH SPD SPD DIR MIN PSBL S-S WX SPD DR
================================================================================
1 94 77 86 5 0 21 0.36 0.0 0 12.2 24 130 M M 5 1 30 130
2 97 73 85 4 0 20 0.00 0.0 0 4.9 20 120 M M 4 13 26 120
3 98 73 86 5 0 21 0.00 0.0 0 5.6 17 60 M M 3 13 23 60
4 96 70 83 1 0 18 T 0.0 0 5.2 24 150 M M 4 123 31 100
5 94 70 82 0 0 17 0.00 0.0 0 10.7 22 150 M M 2 1 29 150
6 95 76 86 4 0 21 0.00 0.0 0 16.6 29 160 M M 2 1 38 160
7 94 78 86 4 0 21 0.00 0.0 0 15.2 26 150 M M 3 35 160
8 98 76 87 5 0 22 0.00 0.0 0 11.0 22 140 M M 2 1 28 130
9 99 74 87 5 0 22 0.00 0.0 0 8.3 21 170 M M 4 1 30 140
10 102 72 87 5 0 22 0.00 0.0 0 9.4 23 170 M M 3 1 29 180
11 100 77 89 7 0 24 0.00 0.0 0 10.9 22 160 M M 2 1 31 160
12 100 77 89 6 0 24 0.00 0.0 0 13.0 23 150 M M 5 18 31 190
13 97 79 88 5 0 23 0.00 0.0 0 16.8 29 160 M M 5 18 37 160
14 95 78 87 4 0 22 0.00 0.0 0 16.1 26 160 M M 6 18 44 150
15 98 80 89 6 0 24 0.00 0.0 0 13.5 23 160 M M 7 1 34 160
16 99 77 88 5 0 23 0.00 0.0 0 8.1 21 160 M M 5 18 28 150
17 99 74 87 4 0 22 0.00 0.0 0 7.5 21 140 M M 4 1 28 160
18 99 73 86 3 0 21 0.00 0.0 0 7.3 21 130 M M 1 33 140
19 100 70 85 2 0 20 0.00 0.0 0 5.4 20 140 M M 2 1 29 150
20 101 69 85 2 0 20 0.00 0.0 0 6.8 20 140 M M 2 12 25 130
21 100 74 87 4 0 22 0.00 0.0 0 9.4 23 140 M M 1 1 38 140
22 99 73 86 3 0 21 0.00 0.0 0 7.3 18 160 M M 2 26 160
23 101 73 87 4 0 22 0.00 0.0 0 7.0 20 150 M M 1 27 130
24 100 72 86 2 0 21 0.00 0.0 0 8.8 22 160 M M 1 29 160
25 100 73 87 3 0 22 0.00 0.0 0 9.3 20 170 M M 0 26 140
26 101 70 86 2 0 21 0.00 0.0 0 6.9 21 170 M M 1 1 27 190
27 102 73 88 4 0 23 1.56 0.0 0 5.5 21 40 M M 3 138 31 30
28 96 74 85 1 0 20 1.65 0.0 0 6.3 29 290 M M 5 1238 41 310
29 94 72 83 -1 0 18 0.58 0.0 0 6.3 25 100 M M 1 13 33 120
30 92 75 84 0 0 19 0.00 0.0 0 8.8 20 90 M M 2 1 26 110
================================================================================
SM 2940 2222 0 637 4.15 0.0 280.1 M 88
================================================================================
AV 98.0 74.1 9.3 FASTST M M 3 MAX(MPH)
MISC ----> # 29 160 44 150
================================================================================
NOTES:
# LAST OF SEVERAL OCCURRENCES
COLUMN 17 PEAK WIND IN M.P.H.
PRELIMINARY LOCAL CLIMATOLOGICAL DATA (WS FORM: F-6) , PAGE 2
STATION: VICTORIA
MONTH: JUNE
YEAR: 2022
LATITUDE: 28 51 N
LONGITUDE: 96 55 W
[TEMPERATURE DATA] [PRECIPITATION DATA] SYMBOLS USED IN COLUMN 16
AVERAGE MONTHLY: 86.0 TOTAL FOR MONTH: 4.15 1 = FOG OR MIST
DPTR FM NORMAL: 3.3 DPTR FM NORMAL: -0.06 2 = FOG REDUCING VISIBILITY
HIGHEST: 102 ON 27,10 GRTST 24HR 3.14 ON 27-28 TO 1/4 MILE OR LESS
LOWEST: 69 ON 20 3 = THUNDER
SNOW, ICE PELLETS, HAIL 4 = ICE PELLETS
TOTAL MONTH: 0.0 INCH 5 = HAIL
GRTST 24HR 0.0 6 = FREEZING RAIN OR DRIZZLE
GRTST DEPTH: 0 7 = DUSTSTORM OR SANDSTORM:
VSBY 1/2 MILE OR LESS
8 = SMOKE OR HAZE
[NO. OF DAYS WITH] [WEATHER - DAYS WITH] 9 = BLOWING SNOW
X = TORNADO
MAX 32 OR BELOW: 0 0.01 INCH OR MORE: 4
MAX 90 OR ABOVE: 30 0.10 INCH OR MORE: 4
MIN 32 OR BELOW: 0 0.50 INCH OR MORE: 3
MIN 0 OR BELOW: 0 1.00 INCH OR MORE: 2
[HDD (BASE 65) ]
TOTAL THIS MO. 0 CLEAR (SCALE 0-3) 17
DPTR FM NORMAL 0 PTCLDY (SCALE 4-7) 13
TOTAL FM JUL 1 1101 CLOUDY (SCALE 8-10) 0
DPTR FM NORMAL -65
[CDD (BASE 65) ]
TOTAL THIS MO. 637
DPTR FM NORMAL 106 [PRESSURE DATA]
TOTAL FM JAN 1 1601 HIGHEST SLP 30.13 ON 22
DPTR FM NORMAL 359 LOWEST SLP 29.68 ON 6
[REMARKS]
#FINAL-06-22#