000
CXUS54 KEWX 011010
CF6BMQ
PRELIMINARY LOCAL CLIMATOLOGICAL DATA (WS FORM: F-6)
STATION: BURNET
MONTH: APRIL
YEAR: 2022
LATITUDE: 30 43 N
LONGITUDE: 98 14 W
TEMPERATURE IN F: :PCPN: SNOW: WIND :SUNSHINE: SKY :PK WND
================================================================================
1 2 3 4 5 6A 6B 7 8 9 10 11 12 13 14 15 16 17 18
12Z AVG MX 2MIN
DY MAX MIN AVG DEP HDD CDD WTR SNW DPTH SPD SPD DIR MIN PSBL S-S WX SPD DR
================================================================================
1 80 51 66 2 0 1 0.00 M M 8.6 20 150 M M 0 8 33 130
2 85 55 70 5 0 5 0.00 M M 7.0 16 330 M M 1 29 170
3 85 55 70 5 0 5 0.00 M M 7.3 16 140 M M 0 27 150
4 79 63 71 6 0 6 0.00 M M 6.9 15 140 M M 8 24 180
5 97 62 80 15 0 15 0.00 M M 8.1 21 210 M M 1 18 32 270
6 77 55 66 0 0 1 0.00 M M 11.3 24 350 M M 0 41 350
7 76 46 61 -5 4 0 0.00 M M 10.2 22 320 M M 1 32 300
8 76 44 60 -6 5 0 0.00 M M 8.1 21 320 M M 0 29 280
9 86 43 65 -1 0 0 0.00 M M 9.6 25 180 M M 0 39 200
10 85 62 74 8 0 9 T M M 13.7 24 190 M M 2 40 180
11 86 67 77 10 0 12 0.00 M M 11.3 21 180 M M 6 33 190
12 91 71 81 14 0 16 0.02 M M 13.2 26 190 M M 6 13 46 190
13 90 62 76 9 0 11 0.00 M M 13.3 26 320 M M 4 42 180
14 81 52 67 0 0 2 0.00 M M 9.1 18 140 M M 0 27 120
15 83 62 73 6 0 8 T M M 8.8 18 190 M M 6 29 190
16 90 69 80 12 0 15 T M M 6.0 14 170 M M 8 1 21 170
17 87 64 76 8 0 11 0.00 M M 5.6 13 30 M M 7 18 40
18 78 57 68 0 0 3 0.00 M M 9.7 17 60 M M 2 30 110
19 69 54 62 -6 3 0 0.05 M M 10.4 17 130 M M 5 1 26 140
20 85 65 75 7 0 10 0.01 M M 14.0 24 200 M M 7 1 40 200
21 81 71 76 8 0 11 T M M 9.8 16 140 M M 9 29 140
22 86 70 78 9 0 13 0.00 M M 12.9 24 140 M M 7 38 150
23 86 69 78 9 0 13 T M M 13.3 23 190 M M 8 39 160
24 87 69 78 9 0 13 0.00 M M 10.1 20 180 M M 8 36 180
25 73 59 66 -3 0 1 0.07 M M 10.9 21 30 M M 9 13 33 30
26 77 57 67 -2 0 2 0.00 M M 9.0 15 50 M M 6 24 40
27 76 58 67 -3 0 2 0.00 M M 6.3 13 140 M M 6 21 150
28 85 66 76 6 0 11 0.00 M M 10.9 21 190 M M 7 34 170
29 84 68 76 6 0 11 T M M 12.3 22 190 M M 8 34 180
30 92 71 82 12 0 17 0.00 M M 7.8 17 190 M M 5 31 170
================================================================================
SM 2493 1817 12 224 0.15 M 295.5 M 137
================================================================================
AV 83.1 60.6 9.8 FASTST M M 5 MAX(MPH)
MISC ----> # 26 190 46 190
================================================================================
NOTES:
# LAST OF SEVERAL OCCURRENCES
COLUMN 17 PEAK WIND IN M.P.H.
PRELIMINARY LOCAL CLIMATOLOGICAL DATA (WS FORM: F-6) , PAGE 2
STATION: BURNET
MONTH: APRIL
YEAR: 2022
LATITUDE: 30 43 N
LONGITUDE: 98 14 W
[TEMPERATURE DATA] [PRECIPITATION DATA] SYMBOLS USED IN COLUMN 16
AVERAGE MONTHLY: 71.8 TOTAL FOR MONTH: 0.15 1 = FOG OR MIST
DPTR FM NORMAL: 4.4 DPTR FM NORMAL: -1.97 2 = FOG REDUCING VISIBILITY
HIGHEST: 97 ON 5 GRTST 24HR 0.07 ON 25-25 TO 1/4 MILE OR LESS
LOWEST: 43 ON 9 3 = THUNDER
SNOW, ICE PELLETS, HAIL 4 = ICE PELLETS
TOTAL MONTH: M 5 = HAIL
GRTST 24HR M ON M 6 = FREEZING RAIN OR DRIZZLE
GRTST DEPTH: M ON M 7 = DUSTSTORM OR SANDSTORM:
VSBY 1/2 MILE OR LESS
8 = SMOKE OR HAZE
[NO. OF DAYS WITH] [WEATHER - DAYS WITH] 9 = BLOWING SNOW
X = TORNADO
MAX 32 OR BELOW: 0 0.01 INCH OR MORE: 4
MAX 90 OR ABOVE: 5 0.10 INCH OR MORE: 0
MIN 32 OR BELOW: 0 0.50 INCH OR MORE: 0
MIN 0 OR BELOW: 0 1.00 INCH OR MORE: 0
[HDD (BASE 65) ]
TOTAL THIS MO. 12 CLEAR (SCALE 0-3) 11
DPTR FM NORMAL -46 PTCLDY (SCALE 4-7) 15
TOTAL FM JUL 1 1610 CLOUDY (SCALE 8-10) 4
DPTR FM NORMAL -232
[CDD (BASE 65) ]
TOTAL THIS MO. 224
DPTR FM NORMAL 94 [PRESSURE DATA]
TOTAL FM JAN 1 273 HIGHEST SLP 30.34 ON 26
DPTR FM NORMAL 85 LOWEST SLP 29.46 ON 5
[REMARKS]
#FINAL-04-22#