000
CXUS55 KPSR 251522
CF6DVT
PRELIMINARY LOCAL CLIMATOLOGICAL DATA (WS FORM: F-6)
STATION: DEER VLY/PHOENIX AZ
MONTH: MARCH
YEAR: 2022
LATITUDE: 33 41 N
LONGITUDE: 112 4 W
TEMPERATURE IN F: :PCPN: SNOW: WIND :SUNSHINE: SKY :PK WND
================================================================================
1 2 3 4 5 6A 6B 7 8 9 10 11 12 13 14 15 16 17 18
12Z AVG MX 2MIN
DY MAX MIN AVG DEP HDD CDD WTR SNW DPTH SPD SPD DIR MIN PSBL S-S WX SPD DR
================================================================================
1 83 52 68 8 0 3 0.00 M M 2.7 9 250 M M 0 13 180
2 84 50 67 7 0 2 0.00 M M 4.3 14 40 M M 0 17 50
3 83 56 70 10 0 5 T M M 4.9 21 290 M M 0 M M
4 69 55 62 2 3 0 0.01 M M 10.0 28 260 M M 3 3 34 260
5 67 51 59 -1 6 0 0.00 M M 10.9 26 230 M M 5 34 230
6 60 39 50 -11 15 0 0.00 M M 4.3 20 290 M M 1 25 290
7 67 42 55 -6 10 0 0.00 M M 8.7 22 290 M M 1 32 290
8 63 40 52 -9 13 0 0.00 M M 4.8 12 280 M M 0 16 340
9 68 38 53 -8 12 0 0.00 M M 5.1 17 240 M M 0 24 230
10 68 42 55 -7 10 0 0.00 M M 9.5 26 290 M M 1 35 300
11 67 44 56 -6 9 0 0.00 M M 5.7 16 360 M M 0 22 10
12 75 43 59 -3 6 0 0.00 M M 3.8 12 40 M M 0 14 40
13 75 41 58 -4 7 0 0.00 0.0 M 5.1 17 240 M M 0 24 240
14 79 45 62 -1 3 0 0.00 M M 4.0 10 270 M M 0 14 270
15 83 54 69 6 0 4 0.00 M M 3.9 12 50 M M 0 17 40
16 81 57 69 6 0 4 0.00 M M 10.4 25 10 M M 0 35 10
17 78 54 66 3 0 1 0.00 M M 6.8 20 350 M M 0 26 360
18 80 49 65 1 0 0 0.00 M M 4.6 14 250 M M 0 18 250
19 81 52 67 3 0 2 0.00 M M 4.7 14 50 M M 0 19 40
20 72 54 63 -1 2 0 T M M 7.9 25 230 M M 2 3 34 260
21 76 51 64 0 1 0 0.00 M M 11.5 25 360 M M 2 37 350
22 80 53 67 3 0 2 0.00 M M 8.3 21 60 M M 0 29 40
23 79 56 68 4 0 3 0.00 M M 8.6 21 30 M M 0 31 60
24 83 49 66 1 0 1 0.00 M M 3.6 13 40 M M 0 17 50
25 91 54 73 8 0 8 0.00 M M 4.6 13 50 M M 0 18 40
26 90 57 74 9 0 9 0.00 M M 3.3 12 50 M M 0 15 50
27 90 56 73 8 0 8 0.00 M M 5.4 14 150 M M 0 19 180
28 79 61 70 4 0 5 0.01 M M 9.2 26 160 M M 3 38 180
29 67 51 59 -7 6 0 0.08 M M 10.9 23 300 M M 5 13 33 270
30 77 50 64 -2 1 0 0.00 M M 4.7 17 260 M M 1 26 240
31 79 56 68 2 0 3 0.00 M M 5.3 15 230 M M 0 8 21 230
================================================================================
SM 2374 1552 104 60 0.10 0.0 197.5 M 24
================================================================================
AV 76.6 50.1 6.4 FASTST M M 1 MAX(MPH)
MISC ----> 28 260 38 180
================================================================================
NOTES:
# LAST OF SEVERAL OCCURRENCES
COLUMN 17 PEAK WIND IN M.P.H.
PRELIMINARY LOCAL CLIMATOLOGICAL DATA (WS FORM: F-6) , PAGE 2
STATION: DEER VLY/PHOENIX AZ
MONTH: MARCH
YEAR: 2022
LATITUDE: 33 41 N
LONGITUDE: 112 4 W
[TEMPERATURE DATA] [PRECIPITATION DATA] SYMBOLS USED IN COLUMN 16
AVERAGE MONTHLY: 63.3 TOTAL FOR MONTH: 0.10 1 = FOG OR MIST
DPTR FM NORMAL: 0.4 DPTR FM NORMAL: -0.99 2 = FOG REDUCING VISIBILITY
HIGHEST: 91 ON 25 GRTST 24HR 0.09 ON 28-29 TO 1/4 MILE OR LESS
LOWEST: 38 ON 9 3 = THUNDER
SNOW, ICE PELLETS, HAIL 4 = ICE PELLETS
TOTAL MONTH: 0.0 INCH 5 = HAIL
GRTST 24HR 0.0 6 = FREEZING RAIN OR DRIZZLE
GRTST DEPTH: M ON M 7 = DUSTSTORM OR SANDSTORM:
VSBY 1/2 MILE OR LESS
8 = SMOKE OR HAZE
[NO. OF DAYS WITH] [WEATHER - DAYS WITH] 9 = BLOWING SNOW
X = TORNADO
MAX 32 OR BELOW: 0 0.01 INCH OR MORE: 3
MAX 90 OR ABOVE: 3 0.10 INCH OR MORE: 0
MIN 32 OR BELOW: 0 0.50 INCH OR MORE: 0
MIN 0 OR BELOW: 0 1.00 INCH OR MORE: 0
[HDD (BASE 65) ]
TOTAL THIS MO. 104 CLEAR (SCALE 0-3) 28
DPTR FM NORMAL -13 PTCLDY (SCALE 4-7) 3
TOTAL FM JUL 1 934 CLOUDY (SCALE 8-10) 0
DPTR FM NORMAL -235
[CDD (BASE 65) ]
TOTAL THIS MO. 60
DPTR FM NORMAL 6 [PRESSURE DATA]
TOTAL FM JAN 1 64 HIGHEST SLP 30.25 ON 11
DPTR FM NORMAL 4 LOWEST SLP 29.66 ON 31
[REMARKS]
#FINAL-03-22#