000
CXUS51 KCLE 061501
CLSERI
CLIMATE REPORT
NATIONAL WEATHER SERVICE CLEVELAND OH
951 AM EST FRI MAR 6 2020
...................................
...THE ERIE PA CLIMATE SUMMARY FOR THE SEASON, FROM
12/1/2019 TO 2/29/2020...
CLIMATE NORMAL PERIOD 1981 TO 2010
CLIMATE RECORD PERIOD 1873 TO 2020
WEATHER OBSERVED NORMAL DEPART
VALUE DATE(S) VALUE FROM
NORMAL
................................................
TEMPERATURE (F)
RECORD
HIGH 77 02/24/2017
LOW -18 01/19/1994
HIGHEST 71 01/11
LOWEST 6 02/15
AVG. MAXIMUM 40.6 35.8 4.8
AVG. MINIMUM 28.5 22.9 5.6
MEAN 34.6 29.3 5.3
DAYS MAX >= 90 0 0.0
DAYS MAX <= 32 17 34.5
DAYS MIN <= 32 62 73.1
DAYS MIN <= 0 0 1.9
PRECIPITATION (INCHES)
RECORD
MAXIMUM 16.20 1887
MINIMUM 3.00 1906
TOTALS 11.26 9.08 2.18
DAYS >= .01 49 53.8
DAYS >= .10 32 25.8
DAYS >= .50 4 4.1
DAYS >= 1.00 1 0.7
SNOWFALL (INCHES)
RECORDS
TOTAL 156.4 2018
TOTALS 58.4 75.3
DAYS >= TRACE 45
DAYS >= 1.0 19 20.7
DEGREE_DAYS
HEATING TOTAL 2742 3210 -468
COOLING TOTAL 0 0 0
.................................................
WIND (MPH)
HIGHEST GUST SPEED/DIRECTION 60/240 DATE 01/12
SKY COVER
POSSIBLE SUNSHINE (PERCENT) MM
NUMBER OF DAYS FAIR 18
NUMBER OF DAYS PC 19
NUMBER OF DAYS CLOUDY 54
WEATHER CONDITIONS. NUMBER OF DAYS WITH
THUNDERSTORM 1 MIXED PRECIP 0
HEAVY RAIN 1 RAIN 9
LIGHT RAIN 29 FREEZING RAIN 3
LT FREEZING RAIN 3 HAIL 0
HEAVY SNOW 6 SNOW 17
LIGHT SNOW 44 SLEET 0
FOG 54 FOG W/VIS <= 1/4 MILE 8
HAZE 45
- INDICATES NEGATIVE NUMBERS.
R INDICATES RECORD WAS SET OR TIED.
MM INDICATES DATA IS MISSING.
T INDICATES TRACE AMOUNT.
$$