000
CXUS51 KOKX 010910
CF6EWR
PRELIMINARY LOCAL CLIMATOLOGICAL DATA (WS FORM: F-6)
STATION: NEWARK NJ
MONTH: JULY
YEAR: 2023
LATITUDE: 40 42 N
LONGITUDE: 74 10 W
TEMPERATURE IN F: :PCPN: SNOW: WIND :SUNSHINE: SKY :PK WND
================================================================================
1 2 3 4 5 6A 6B 7 8 9 10 11 12 13 14 15 16 17 18
12Z AVG MX 2MIN
DY MAX MIN AVG DEP HDD CDD WTR SNW DPTH SPD SPD DIR MIN PSBL S-S WX SPD DR
================================================================================
1 83 69 76 -1 0 11 0.00 0.0 0 7.5 17 150 M M 6 23 140
2 91 72 82 5 0 17 0.30 0.0 0 7.6 29 280 M M 9 138 36 280
3 93 74 84 7 0 19 0.05 0.0 0 7.2 17 230 M M 8 3 25 240
4 83 74 79 1 0 14 1.19 0.0 0 3.8 26 250 M M 8 138 32 250
5 94 73 84 6 0 19 0.00 0.0 0 6.1 14 230 M M 3 18 16 220
6 92 77 85 7 0 20 0.00 0.0 0 6.4 15 150 M M 3 8 20 150
7 88 76 82 4 0 17 0.00 0.0 0 4.8 14 160 M M 7 8 19 130
8 88 76 82 4 0 17 0.00 0.0 0 5.3 14 130 M M 8 3 18 150
9 83 75 79 1 0 14 0.25 0.0 M 7.4 18 130 M M 9 13 25 140
10 88 72 80 2 0 15 0.00 0.0 M 10.1 21 330 M M 7 27 310
11 92 68 80 2 0 15 0.00 0.0 0 7.6 16 260 M M 2 21 230
12 95 71 83 5 0 18 0.00 0.0 0 7.2 18 260 M M 4 26 290
13 93 75 84 6 0 19 0.00 0.0 0 9.8 23 200 M M 6 3 30 210
14 87 72 80 2 0 15 0.31 0.0 0 7.8 23 250 M M 8 13 29 280
15 91 71 81 3 0 16 0.14 0.0 0 5.7 16 150 M M 7 13 22 140
16 80 76 78 0 0 13 1.49 0.0 0 6.1 15 200 M M 10 1 18 200
17 93 75 84 6 0 19 0.00 0.0 0 6.6 20 250 M M 5 18 27 250
18 86 73 80 2 0 15 1.16 0.0 0 6.1 24 270 M M 6 3 29 280
19 84 71 78 0 0 13 T 0.0 0 3.8 14 190 M M 6 18 16 190
20 88 72 80 2 0 15 0.00 0.0 0 6.0 14 140 M M 6 18 18 160
21 88 72 80 2 0 15 0.28 0.0 0 8.5 18 270 M M 5 13 22 270
22 87 71 79 1 0 14 0.00 0.0 0 9.6 18 350 M M 5 24 340
23 93 68 81 3 0 16 0.00 0.0 0 6.6 15 220 M M 4 20 220
24 88 71 80 2 0 15 0.00 0.0 0 7.3 15 200 M M 6 21 180
25 88 69 79 1 0 14 0.89 0.0 0 6.5 36 230 M M 6 13 46 240
26 92 66 79 1 0 14 0.00 0.0 0 6.9 16 240 M M 4 23 250
27 96 75 86 8 0 21 0.01 0.0 0 14.3 28 250 M M 7 3 34 260
28 95 77 86 8 0 21 0.09 0.0 0 6.7 23 230 M M 4 3 32 230
29 93 73 83 5 0 18 0.10 0.0 0 12.4 26 250 M M 8 8 33 300
30 83 67 75 -3 0 10 0.00 0.0 0 11.0 21 330 M M 5 27 310
31 87 64 76 -2 0 11 0.00 0.0 0 6.3 20 330 M M 5 24 330
================================================================================
SM 2762 2235 0 490 6.26 0.0 229.0 M 187
================================================================================
AV 89.1 72.1 7.4 FASTST M M 6 MAX(MPH)
MISC ----> 36 230 46 240
================================================================================
NOTES:
# LAST OF SEVERAL OCCURRENCES
COLUMN 17 PEAK WIND IN M.P.H.
PRELIMINARY LOCAL CLIMATOLOGICAL DATA (WS FORM: F-6) , PAGE 2
STATION: NEWARK NJ
MONTH: JULY
YEAR: 2023
LATITUDE: 40 42 N
LONGITUDE: 74 10 W
[TEMPERATURE DATA] [PRECIPITATION DATA] SYMBOLS USED IN COLUMN 16
AVERAGE MONTHLY: 80.6 TOTAL FOR MONTH: 6.26 1 = FOG OR MIST
DPTR FM NORMAL: 2.4 DPTR FM NORMAL: 1.60 2 = FOG REDUCING VISIBILITY
HIGHEST: 96 ON 27 GRTST 24HR 1.63 ON 15-16 TO 1/4 MILE OR LESS
LOWEST: 64 ON 31 3 = THUNDER
SNOW, ICE PELLETS, HAIL 4 = ICE PELLETS
TOTAL MONTH: 0.0 INCH 5 = HAIL
GRTST 24HR 0.0 6 = FREEZING RAIN OR DRIZZLE
GRTST DEPTH: 0 7 = DUSTSTORM OR SANDSTORM:
VSBY 1/2 MILE OR LESS
8 = SMOKE OR HAZE
[NO. OF DAYS WITH] [WEATHER - DAYS WITH] 9 = BLOWING SNOW
X = TORNADO
MAX 32 OR BELOW: 0 0.01 INCH OR MORE: 13
MAX 90 OR ABOVE: 14 0.10 INCH OR MORE: 10
MIN 32 OR BELOW: 0 0.50 INCH OR MORE: 4
MIN 0 OR BELOW: 0 1.00 INCH OR MORE: 3
[HDD (BASE 65) ]
TOTAL THIS MO. 0 CLEAR (SCALE 0-3) 3
DPTR FM NORMAL 0 PTCLDY (SCALE 4-7) 25
TOTAL FM JUL 1 0 CLOUDY (SCALE 8-10) 3
DPTR FM NORMAL 0
[CDD (BASE 65) ]
TOTAL THIS MO. 490
DPTR FM NORMAL 82 [PRESSURE DATA]
TOTAL FM JAN 1 792 HIGHEST SLP M ON M
DPTR FM NORMAL 55 LOWEST SLP 29.63 ON 29
[REMARKS]
#FINAL-07-23#