000
CXUS54 KTSA 151632
CF6FSM
PRELIMINARY LOCAL CLIMATOLOGICAL DATA (WS FORM: F-6)
STATION: FORT SMITH ARKANSAS
MONTH: NOVEMBER
YEAR: 2022
LATITUDE: 35 19 N
LONGITUDE: 94 22 W
TEMPERATURE IN F: :PCPN: SNOW: WIND :SUNSHINE: SKY :PK WND
================================================================================
1 2 3 4 5 6A 6B 7 8 9 10 11 12 13 14 15 16 17 18
12Z AVG MX 2MIN
DY MAX MIN AVG DEP HDD CDD WTR SNW DPTH SPD SPD DIR MIN PSBL S-S WX SPD DR
================================================================================
1 79 47 63 6 2 0 0.00 0.0 0 3.0 7 160 M M 0 10 350
2 77 50 64 7 1 0 0.00 0.0 0 4.6 12 210 M M 2 18 220
3 80 55 68 12 0 3 0.00 0.0 0 7.3 15 190 M M 6 23 150
4 78 48 63 7 2 0 1.93 0.0 0 10.4 33 270 M M 10 123 46 270
5 62 47 55 -1 10 0 0.00 0.0 0 7.8 21 260 M M 4 27 260
6 80 47 64 9 1 0 T 0.0 0 6.2 12 220 M M 1 17 200
7 74 60 67 12 0 2 T 0.0 0 8.2 17 110 M M 8 1 25 90
8 78 61 70 16 0 5 0.00 0.0 0 8.6 14 80 M M 6 18 90
9 84 60 72 18 0 7 0.00 0.0 0 6.5 14 160 M M 1 19 160
10 80 61 71 17 0 6 0.00 0.0 0 6.4 13 180 M M 3 18 120
11 63 36 50 -3 15 0 0.18 T 0 10.4 20 320 M M 9 1 28 330
12 48 30 39 -14 26 0 0.00 0.0 0 7.7 16 290 M M 1 23 270
13 49 26 38 -14 27 0 0.00 0.0 0 4.8 13 80 M M 0 16 80
14 44 33 39 -13 26 0 0.15 T 0 7.7 20 80 M M 8 1 26 80
15 41 31 36 -16 29 0 T T 0 6.4 14 290 M M 8 1 18 290
16 50 27 39 -12 26 0 0.00 0.0 0 9.1 23 300 M M 0 1 30 300
17 54 23 39 -12 26 0 0.00 0.0 0 2.3 10 360 M M 1 14 310
18 43 32 38 -13 27 0 0.00 0.0 0 8.8 20 340 M M 9 28 360
19 47 30 39 -11 26 0 0.00 0.0 0 7.2 18 240 M M 5 26 240
20 50 22 36 -14 29 0 0.00 0.0 0 3.5 7 360 M M 0 M M
21 57 23 40 -10 25 0 0.00 0.0 0 2.5 10 220 M M 0 14 210
22 63 30 47 -2 18 0 0.00 0.0 0 1.6 7 240 M M 0 11 80
23 60 35 48 -1 17 0 0.06 0.0 0 6.0 14 80 M M 6 13 19 110
24 54 49 52 3 13 0 1.10 0.0 0 7.0 17 70 M M 10 1 21 80
25 61 47 54 6 11 0 0.00 0.0 0 3.2 10 340 M M 8 1 14 350
26 51 44 48 0 17 0 1.09 0.0 0 8.1 22 230 M M 9 1 29 240
27 57 47 52 4 13 0 0.02 0.0 0 10.4 22 270 M M 9 1 30 250
28 63 38 51 4 14 0 0.00 0.0 0 4.1 10 120 M M 2 12 15 120
29 76 39 58 11 7 0 0.00 0.0 0 13.1 26 320 M M 3 39 230
30 51 31 41 -6 24 0 0.00 0.0 0 6.1 17 330 M M 0 27 320
================================================================================
SM 1854 1209 432 23 4.53 T 199.0 M 129
================================================================================
AV 61.8 40.3 6.6 FASTST M M 4 MAX(MPH)
MISC ----> 33 270 46 270
================================================================================
NOTES:
# LAST OF SEVERAL OCCURRENCES
COLUMN 17 PEAK WIND IN M.P.H.
PRELIMINARY LOCAL CLIMATOLOGICAL DATA (WS FORM: F-6) , PAGE 2
STATION: FORT SMITH ARKANSAS
MONTH: NOVEMBER
YEAR: 2022
LATITUDE: 35 19 N
LONGITUDE: 94 22 W
[TEMPERATURE DATA] [PRECIPITATION DATA] SYMBOLS USED IN COLUMN 16
AVERAGE MONTHLY: 51.1 TOTAL FOR MONTH: 4.53 1 = FOG OR MIST
DPTR FM NORMAL: -0.7 DPTR FM NORMAL: 0.68 2 = FOG REDUCING VISIBILITY
HIGHEST: 84 ON 9 GRTST 24HR 1.93 ON 4- 4 TO 1/4 MILE OR LESS
LOWEST: 22 ON 20 3 = THUNDER
SNOW, ICE PELLETS, HAIL 4 = ICE PELLETS
TOTAL MONTH: T 5 = HAIL
GRTST 24HR T ON 11-11 6 = FREEZING RAIN OR DRIZZLE
GRTST DEPTH: 0 7 = DUSTSTORM OR SANDSTORM:
VSBY 1/2 MILE OR LESS
8 = SMOKE OR HAZE
[NO. OF DAYS WITH] [WEATHER - DAYS WITH] 9 = BLOWING SNOW
X = TORNADO
MAX 32 OR BELOW: 0 0.01 INCH OR MORE: 7
MAX 90 OR ABOVE: 0 0.10 INCH OR MORE: 5
MIN 32 OR BELOW: 11 0.50 INCH OR MORE: 3
MIN 0 OR BELOW: 0 1.00 INCH OR MORE: 3
[HDD (BASE 65) ]
TOTAL THIS MO. 432 CLEAR (SCALE 0-3) 14
DPTR FM NORMAL 25 PTCLDY (SCALE 4-7) 8
TOTAL FM JUL 1 537 CLOUDY (SCALE 8-10) 8
DPTR FM NORMAL -9
[CDD (BASE 65) ]
TOTAL THIS MO. 23
DPTR FM NORMAL 15 [PRESSURE DATA]
TOTAL FM JAN 1 2598 HIGHEST SLP 30.54 ON 20
DPTR FM NORMAL 424 LOWEST SLP 29.53 ON 26
[REMARKS]
#FINAL-11-22#