000
CXUS53 KGID 011819 AAA
CF6HJH
PRELIMINARY LOCAL CLIMATOLOGICAL DATA (WS FORM: F-6)
STATION: HEBRON
MONTH: DECEMBER
YEAR: 2020
LATITUDE: 40 9 N
LONGITUDE: 97 35 W
TEMPERATURE IN F: :PCPN: SNOW: WIND :SUNSHINE: SKY :PK WND
================================================================================
1 2 3 4 5 6A 6B 7 8 9 10 11 12 13 14 15 16 17 18
12Z AVG MX 2MIN
DY MAX MIN AVG DEP HDD CDD WTR SNW DPTH SPD SPD DIR MIN PSBL S-S WX SPD DR
================================================================================
1 49 20 35 3 30 0 0.00 M M 1.3 8 160 M M 0 M M
2 44 26 35 4 30 0 0.00 M M 8.3 16 10 M M 1 23 360
3 47 21 34 3 31 0 0.00 M M 4.0 12 310 M M 1 16 310
4 58 26 42 12 23 0 0.00 M M 4.7 9 320 M M 0 M M
5 53 29 41 11 24 0 0.00 M M 7.9 16 350 M M 0 22 340
6 48 24 36 6 29 0 0.00 M M 4.9 10 360 M M 0 M M
7 59 24 42 12 23 0 0.00 M M 5.3 10 310 M M 0 M M
8 64 26 45 16 20 0 0.00 M M 5.2 10 250 M M 0 M M
9 66 33 50 21 15 0 0.00 M M 2.6 8 270 M M 0 M M
10 52 25 39 10 26 0 0.00 M M 7.1 15 360 M M 1 24 360
11 38 33 36 8 29 0 M M M 12.9 15 10 M M 10 23 30
12 33 22 28 0 37 0 M M M 10.0 18 10 M M 8 24 360
13 26 13 20 -8 45 0 0.00 M M 3.1 9 320 M M 4 M M
14 29 11 20 -8 45 0 0.00 M M 5.5 12 90 M M 0 16 120
15 26 20 23 -5 42 0 M M M 4.4 9 70 M M 7 1 M M
16 35 19 27 0 38 0 0.00 M M 2.6 8 200 M M 5 1 M M
17 47 19 33 6 32 0 0.00 M M 5.6 13 160 M M 0 M M
18 49 30 40 13 25 0 0.00 M M 11.8 17 170 M M 0 24 170
19 44 20 32 5 33 0 0.00 M M 5.0 14 190 M M 0 18 190
20 54 31 43 16 22 0 0.00 M M 7.6 14 210 M M 1 18 220
21 56 28 42 15 23 0 0.00 M M 5.7 15 310 M M 0 23 310
22 64 27 46 20 19 0 0.00 M M 14.5 27 190 M M 0 36 190
23 55 23 39 13 26 0 M M M 20.7 33 310 M M 5 8 45 310
24 28 13 21 -5 44 0 0.00 M M 5.2 13 300 M M 2 22 300
25 52 13 33 7 32 0 0.00 M M 3.0 8 260 M M 1 M M
26 57 18 38 12 27 0 0.00 M M 1.6 7 190 M M 0 M M
27 46 22 34 8 31 0 M M M 8.6 22 340 M M 6 31 340
28 34 15 25 -1 40 0 M M M 4.0 8 120 M M 6 M M
29 34 26 30 4 35 0 M M M 8.1 14 130 M M 9 1 21 110
30 32 13 23 -3 42 0 0.00 M M 4.0 10 300 M M 1 M M
31 37 12 25 -1 40 0 0.00 M M 3.6 13 170 M M 0 1 20 170
================================================================================
SM 1416 682 958 0 M M 198.8 M 68
================================================================================
AV 45.7 22.0 6.4 FASTST M M 2 MAX(MPH)
MISC ----> 33 310 M M
================================================================================
NOTES:
# LAST OF SEVERAL OCCURRENCES
COLUMN 17 PEAK WIND IN M.P.H.
PRELIMINARY LOCAL CLIMATOLOGICAL DATA (WS FORM: F-6) , PAGE 2
STATION: HEBRON
MONTH: DECEMBER
YEAR: 2020
LATITUDE: 40 9 N
LONGITUDE: 97 35 W
[TEMPERATURE DATA] [PRECIPITATION DATA] SYMBOLS USED IN COLUMN 16
AVERAGE MONTHLY: 33.8 TOTAL FOR MONTH: M 1 = FOG OR MIST
DPTR FM NORMAL: 5.9 DPTR FM NORMAL: M 2 = FOG REDUCING VISIBILITY
HIGHEST: 66 ON 9 GRTST 24HR M ON M TO 1/4 MILE OR LESS
LOWEST: 11 ON 14 3 = THUNDER
SNOW, ICE PELLETS, HAIL 4 = ICE PELLETS
TOTAL MONTH: M 5 = HAIL
GRTST 24HR M ON M 6 = FREEZING RAIN OR DRIZZLE
GRTST DEPTH: M ON M 7 = DUSTSTORM OR SANDSTORM:
VSBY 1/2 MILE OR LESS
8 = SMOKE OR HAZE
[NO. OF DAYS WITH] [WEATHER - DAYS WITH] 9 = BLOWING SNOW
X = TORNADO
MAX 32 OR BELOW: 5 0.01 INCH OR MORE: M
MAX 90 OR ABOVE: 0 0.10 INCH OR MORE: M
MIN 32 OR BELOW: 29 0.50 INCH OR MORE: M
MIN 0 OR BELOW: 0 1.00 INCH OR MORE: M
[HDD (BASE 65) ]
TOTAL THIS MO. 958 CLEAR (SCALE 0-3) 22
DPTR FM NORMAL -193 PTCLDY (SCALE 4-7) 7
TOTAL FM JUL 1 2083 CLOUDY (SCALE 8-10) 2
DPTR FM NORMAL -315
[CDD (BASE 65) ]
TOTAL THIS MO. 0
DPTR FM NORMAL 0 [PRESSURE DATA]
TOTAL FM JAN 1 1241 HIGHEST SLP M ON M
DPTR FM NORMAL 103 LOWEST SLP M ON M
[REMARKS]
#FINAL-12-20#