000
CXUS56 KLOX 011155
CF6LGB
PRELIMINARY LOCAL CLIMATOLOGICAL DATA (WS FORM: F-6)
STATION: LONG BEACH AIRPORT CA
MONTH: JUNE
YEAR: 2022
LATITUDE: 33 49 N
LONGITUDE: 118 9 W
TEMPERATURE IN F: :PCPN: SNOW: WIND :SUNSHINE: SKY :PK WND
================================================================================
1 2 3 4 5 6A 6B 7 8 9 10 11 12 13 14 15 16 17 18
12Z AVG MX 2MIN
DY MAX MIN AVG DEP HDD CDD WTR SNW DPTH SPD SPD DIR MIN PSBL S-S WX SPD DR
================================================================================
1 74 59 67 0 0 2 0.00 M M 6.0 14 150 M M 3 8 17 150
2 71 60 66 -1 0 1 0.00 M M 6.9 14 180 M M 6 18 180
3 74 60 67 0 0 2 0.00 M M 5.8 14 290 M M 6 17 300
4 73 62 68 1 0 3 0.00 M M 5.6 15 310 M M 7 21 300
5 73 62 68 1 0 3 0.00 M M 5.8 15 210 M M 4 20 210
6 78 63 71 4 0 6 0.00 M M 6.5 12 200 M M 4 16 210
7 80 63 72 5 0 7 0.00 M M 5.6 12 180 M M 6 8 16 170
8 78 62 70 3 0 5 0.00 M M 6.1 12 130 M M 6 18 180
9 73 63 68 0 0 3 0.00 M M 6.0 13 180 M M 5 18 18 150
10 76 63 70 2 0 5 0.00 M M 5.8 13 180 M M 2 18 17 180
11 84 64 74 6 0 9 0.00 M M 4.1 13 300 M M 3 18 14 310
12 75 62 69 1 0 4 0.00 M M 5.4 12 190 M M 4 1 16 200
13 76 63 70 2 0 5 0.01 M M 6.8 13 290 M M 6 1 17 220
14 78 65 72 4 0 7 0.00 M M 5.8 13 200 M M 4 19 180
15 76 64 70 2 0 5 0.00 M M 5.6 13 170 M M 4 17 180
16 78 65 72 3 0 7 0.00 M M 5.7 12 300 M M 7 15 200
17 76 64 70 1 0 5 0.00 M M 7.7 16 290 M M 4 22 280
18 77 62 70 1 0 5 0.00 M M 6.0 17 300 M M 3 21 300
19 81 60 71 2 0 6 0.00 M M 6.2 21 290 M M 0 25 280
20 92 61 77 8 0 12 0.00 M M 5.5 18 300 M M 0 21 300
21 78 65 72 2 0 7 0.00 M M 5.8 12 150 M M 0 1 19 230
22 85 64 75 5 0 10 0.11 M M 7.7 14 280 M M 2 13 16 290
23 87 64 76 6 0 11 0.00 M M 7.1 17 290 M M 0 18 23 280
24 88 62 75 5 0 10 0.00 M M 6.9 16 300 M M 0 1 19 310
25 87 61 74 4 0 9 0.00 M M 6.4 15 310 M M 2 18 17 290
26 86 61 74 4 0 9 0.00 M M 5.8 12 300 M M 1 18 15 310
27 88 63 76 5 0 11 0.00 M M 5.1 13 310 M M 1 18 17 330
28 84 65 75 4 0 10 0.00 M M 5.1 12 150 M M 0 15 150
29 81 65 73 2 0 8 0.00 M M 5.8 12 200 M M 3 20 110
30 84 65 75 4 0 10 0.00 M M 6.6 14 290 M M 2 16 290
================================================================================
SM 2391 1882 0 197 0.12 M 181.2 M 95
================================================================================
AV 79.7 62.7 6.0 FASTST M M 3 MAX(MPH)
MISC ----> 21 290 25 280
================================================================================
NOTES:
# LAST OF SEVERAL OCCURRENCES
COLUMN 17 PEAK WIND IN M.P.H.
PRELIMINARY LOCAL CLIMATOLOGICAL DATA (WS FORM: F-6) , PAGE 2
STATION: LONG BEACH AIRPORT CA
MONTH: JUNE
YEAR: 2022
LATITUDE: 33 49 N
LONGITUDE: 118 9 W
[TEMPERATURE DATA] [PRECIPITATION DATA] SYMBOLS USED IN COLUMN 16
AVERAGE MONTHLY: 71.2 TOTAL FOR MONTH: 0.12 1 = FOG OR MIST
DPTR FM NORMAL: 2.5 DPTR FM NORMAL: 0.05 2 = FOG REDUCING VISIBILITY
HIGHEST: 92 ON 20 GRTST 24HR 0.11 ON 22-22 TO 1/4 MILE OR LESS
LOWEST: 59 ON 1 3 = THUNDER
SNOW, ICE PELLETS, HAIL 4 = ICE PELLETS
TOTAL MONTH: M 5 = HAIL
GRTST 24HR M ON M 6 = FREEZING RAIN OR DRIZZLE
GRTST DEPTH: M ON M 7 = DUSTSTORM OR SANDSTORM:
VSBY 1/2 MILE OR LESS
8 = SMOKE OR HAZE
[NO. OF DAYS WITH] [WEATHER - DAYS WITH] 9 = BLOWING SNOW
X = TORNADO
MAX 32 OR BELOW: 0 0.01 INCH OR MORE: 2
MAX 90 OR ABOVE: 1 0.10 INCH OR MORE: 1
MIN 32 OR BELOW: 0 0.50 INCH OR MORE: 0
MIN 0 OR BELOW: 0 1.00 INCH OR MORE: 0
[HDD (BASE 65) ]
TOTAL THIS MO. 0 CLEAR (SCALE 0-3) 16
DPTR FM NORMAL -6 PTCLDY (SCALE 4-7) 14
TOTAL FM JUL 1 1006 CLOUDY (SCALE 8-10) 0
DPTR FM NORMAL -163
[CDD (BASE 65) ]
TOTAL THIS MO. 197
DPTR FM NORMAL 80 [PRESSURE DATA]
TOTAL FM JAN 1 342 HIGHEST SLP 30.03 ON 30
DPTR FM NORMAL 119 LOWEST SLP 29.74 ON 8
[REMARKS]
#FINAL-06-22#