000
CXUS54 KHGX 011510
CF6SGR
PRELIMINARY LOCAL CLIMATOLOGICAL DATA (WS FORM: F-6)
STATION: SUGAR LAND/HULL FLD
MONTH: DECEMBER
YEAR: 2021
LATITUDE: 29 37 N
LONGITUDE: 95 39 W
TEMPERATURE IN F: :PCPN: SNOW: WIND :SUNSHINE: SKY :PK WND
================================================================================
1 2 3 4 5 6A 6B 7 8 9 10 11 12 13 14 15 16 17 18
12Z AVG MX 2MIN
DY MAX MIN AVG DEP HDD CDD WTR SNW DPTH SPD SPD DIR MIN PSBL S-S WX SPD DR
================================================================================
1 80 51 66 7 0 1 0.00 0.0 0 2.6 12 250 M M 2 128 17 230
2 79 53 66 7 0 1 0.00 0.0 0 3.5 10 230 M M 4 12 13 250
3 83 63 73 14 0 8 0.00 0.0 0 7.3 16 180 M M 5 12 20 160
4 84 65 75 17 0 10 0.06 0.0 0 5.1 13 170 M M 6 123 18 180
5 80 64 72 14 0 7 0.00 0.0 0 8.3 18 170 M M 6 12 26 190
6 80 62 71 13 0 6 0.04 0.0 0 10.5 23 330 M M 8 33 320
7 67 56 62 4 3 0 T 0.0 0 5.3 12 50 M M 10 15 50
8 76 64 70 12 0 5 0.00 0.0 0 5.2 13 140 M M 9 18 20 100
9 86 67 77 19 0 12 0.00 0.0 0 10.7 21 220 M M 8 18 31 220
10 85 77 81 24 0 16 0.00 0.0 0 14.7 30 190 M M 10 43 200
11 78 51 65 8 0 0 0.16 0.0 0 13.0 28 360 M M 6 37 360
12 63 44 54 -3 11 0 0.00 0.0 0 6.5 17 20 M M 0 24 20
13 73 48 61 4 4 0 T 0.0 0 6.7 12 90 M M 9 18 17 100
14 84 72 78 21 0 13 0.00 0.0 0 10.0 17 160 M M 9 1 22 170
15 84 71 78 22 0 13 0.00 0.0 0 12.6 22 170 M M 6 30 170
16 85 68 77 21 0 12 T 0.0 0 9.3 17 180 M M 7 1 22 180
17 83 72 78 22 0 13 0.00 0.0 0 11.4 20 170 M M 6 25 170
18 77 54 66 10 0 1 2.08 0.0 0 11.9 23 360 M M 8 138 33 360
19 60 48 54 -2 11 0 T 0.0 0 11.3 22 20 M M 6 30 10
20 60 46 53 -3 12 0 0.06 0.0 0 7.3 14 20 M M 5 18 20
21 64 41 53 -3 12 0 0.00 0.0 0 3.5 9 270 M M 0 18 15 270
22 74 45 60 5 5 0 0.00 0.0 0 6.5 16 150 M M 1 21 150
23 78 57 68 13 0 3 0.00 0.0 0 8.8 21 190 M M 2 29 190
24 81 60 71 16 0 6 0.00 0.0 0 10.8 24 200 M M 3 32 190
25 82 63 73 18 0 8 0.00 0.0 0 8.3 22 210 M M 8 128 33 210
26 83 63 73 18 0 8 0.00 0.0 0 9.3 21 190 M M 8 12 29 180
27 81 66 74 19 0 9 0.00 0.0 0 9.2 18 180 M M 9 24 170
28 84 71 78 23 0 13 0.00 0.0 0 10.5 22 200 M M 8 33 210
29 85 67 76 21 0 11 0.00 0.0 0 7.1 18 190 M M 6 128 26 170
30 83 64 74 19 0 9 T 0.0 0 5.1 12 170 M M 6 128 15 180
31 85 71 78 24 0 13 0.00 0.0 0 11.0 22 190 M M 8 18 33 180
================================================================================
SM 2427 1864 58 198 2.40 0.0 263.3 M 189
================================================================================
AV 78.3 60.1 8.5 FASTST M M 6 MAX(MPH)
MISC ----> 30 190 43 200
================================================================================
NOTES:
# LAST OF SEVERAL OCCURRENCES
COLUMN 17 PEAK WIND IN M.P.H.
PRELIMINARY LOCAL CLIMATOLOGICAL DATA (WS FORM: F-6) , PAGE 2
STATION: SUGAR LAND/HULL FLD
MONTH: DECEMBER
YEAR: 2021
LATITUDE: 29 37 N
LONGITUDE: 95 39 W
[TEMPERATURE DATA] [PRECIPITATION DATA] SYMBOLS USED IN COLUMN 16
AVERAGE MONTHLY: 69.2 TOTAL FOR MONTH: 2.40 1 = FOG OR MIST
DPTR FM NORMAL: 12.7 DPTR FM NORMAL: -1.36 2 = FOG REDUCING VISIBILITY
HIGHEST: 86 ON 9 GRTST 24HR 2.08 ON 18-18 TO 1/4 MILE OR LESS
LOWEST: 41 ON 21 3 = THUNDER
SNOW, ICE PELLETS, HAIL 4 = ICE PELLETS
TOTAL MONTH: 0.0 INCH 5 = HAIL
GRTST 24HR 0.0 6 = FREEZING RAIN OR DRIZZLE
GRTST DEPTH: 0 7 = DUSTSTORM OR SANDSTORM:
VSBY 1/2 MILE OR LESS
8 = SMOKE OR HAZE
[NO. OF DAYS WITH] [WEATHER - DAYS WITH] 9 = BLOWING SNOW
X = TORNADO
MAX 32 OR BELOW: 0 0.01 INCH OR MORE: 5
MAX 90 OR ABOVE: 0 0.10 INCH OR MORE: 2
MIN 32 OR BELOW: 0 0.50 INCH OR MORE: 1
MIN 0 OR BELOW: 0 1.00 INCH OR MORE: 1
[HDD (BASE 65) ]
TOTAL THIS MO. 58 CLEAR (SCALE 0-3) 6
DPTR FM NORMAL -242 PTCLDY (SCALE 4-7) 16
TOTAL FM JUL 1 164 CLOUDY (SCALE 8-10) 9
DPTR FM NORMAL -294
[CDD (BASE 65) ]
TOTAL THIS MO. 198
DPTR FM NORMAL 163 [PRESSURE DATA]
TOTAL FM JAN 1 3800 HIGHEST SLP 30.34 ON 12
DPTR FM NORMAL 416 LOWEST SLP 29.67 ON 28
[REMARKS]
#FINAL-12-21#