000
CXUS53 KICT 020314
CF6SLN
PRELIMINARY LOCAL CLIMATOLOGICAL DATA (WS FORM: F-6)
STATION: SALINA KS
MONTH: JUNE
YEAR: 2023
LATITUDE: 38 47 N
LONGITUDE: 97 39 W
TEMPERATURE IN F: :PCPN: SNOW: WIND :SUNSHINE: SKY :PK WND
================================================================================
1 2 3 4 5 6A 6B 7 8 9 10 11 12 13 14 15 16 17 18
12Z AVG MX 2MIN
DY MAX MIN AVG DEP HDD CDD WTR SNW DPTH SPD SPD DIR MIN PSBL S-S WX SPD DR
================================================================================
1 85 65 75 3 0 10 0.02 M M 11.5 26 210 M M 3 36 200
2 90 64 77 5 0 12 0.07 M M 9.3 32 260 M M 5 1 48 200
3 87 63 75 3 0 10 0.15 M M 6.8 29 160 M M 4 13 52 160
4 89 60 75 2 0 10 0.00 M M 5.3 18 120 M M 2 1 25 110
5 89 62 76 3 0 11 0.00 M M 7.1 29 360 M M 1 3 37 360
6 90 61 76 3 0 11 0.00 M M 4.6 22 190 M M 0 138 27 190
7 91 56 74 0 0 9 0.00 M M 3.7 9 200 M M 1 18 14 270
8 95 61 78 4 0 13 0.02 M M 4.9 25 30 M M 2 13 33 30
9 92 65 79 5 0 14 0.73 M M 7.2 37 300 M M 1 13 48 300
10 84 65 75 0 0 10 0.39 M M 6.3 40 300 M M 3 13 54 300
11 79 61 70 -5 0 5 0.05 M M 11.2 23 10 M M 5 1 32 360
12 77 56 67 -8 0 2 0.00 M M 4.4 13 70 M M 0 1 18 70
13 84 57 71 -5 0 6 1.06 M M 6.5 21 40 M M 5 13 28 50
14 83 61 72 -4 0 7 0.08 M M 4.9 17 260 M M 4 22 250
15 88 59 74 -2 0 9 0.00 M M 7.4 21 230 M M 1 3 29 230
16 90 62 76 -1 0 11 0.00 M M 4.5 15 340 M M 1 19 340
17 84 63 74 -3 0 9 0.56 M M 10.5 35 280 M M 4 13 44 240
18 85 63 74 -3 0 9 0.17 M M 6.0 16 330 M M 2 13 21 310
19 92 61 77 0 0 12 0.00 M M 11.3 22 130 M M 0 29 150
20 92 67 80 2 0 15 0.00 M M 12.4 24 120 M M 4 31 130
21 80 68 74 -4 0 9 0.94 M M 8.6 30 120 M M 6 13 47 120
22 89 66 78 0 0 13 0.00 M M 4.5 13 80 M M 1 1 16 100
23 90 67 79 1 0 14 T M M 10.4 21 150 M M 2 29 190
24 97 68 83 4 0 18 0.00 M M 9.7 21 160 M M 1 29 160
25 89 65 77 -2 0 12 0.00 M M 12.1 21 320 M M 0 31 360
26 89 59 74 -5 0 9 0.00 M M 4.4 13 30 M M 0 17 20
27 86 65 76 -3 0 11 0.04 M M 11.6 26 340 M M 1 13 33 340
28 102 71 87 8 0 22 0.00 M M 9.1 22 210 M M 0 3 28 210
29 99 74 87 7 0 22 0.00 M M 9.7 31 10 M M 0 40 10
30 96 69 83 3 0 18 1.52 M M 10.6 38 290 M M 2 13 55 300
================================================================================
SM 2663 1904 0 343 5.80 M 236.5 M 61
================================================================================
AV 88.8 63.5 7.9 FASTST M M 2 MAX(MPH)
MISC ----> 40 300 55 300
================================================================================
NOTES:
# LAST OF SEVERAL OCCURRENCES
COLUMN 17 PEAK WIND IN M.P.H.
PRELIMINARY LOCAL CLIMATOLOGICAL DATA (WS FORM: F-6) , PAGE 2
STATION: SALINA KS
MONTH: JUNE
YEAR: 2023
LATITUDE: 38 47 N
LONGITUDE: 97 39 W
[TEMPERATURE DATA] [PRECIPITATION DATA] SYMBOLS USED IN COLUMN 16
AVERAGE MONTHLY: 76.1 TOTAL FOR MONTH: 5.80 1 = FOG OR MIST
DPTR FM NORMAL: -0.1 DPTR FM NORMAL: 2.05 2 = FOG REDUCING VISIBILITY
HIGHEST: 102 ON 28 GRTST 24HR 1.52 ON 30-30 TO 1/4 MILE OR LESS
LOWEST: 56 ON 12, 7 3 = THUNDER
SNOW, ICE PELLETS, HAIL 4 = ICE PELLETS
TOTAL MONTH: M 5 = HAIL
GRTST 24HR M ON M 6 = FREEZING RAIN OR DRIZZLE
GRTST DEPTH: M ON M 7 = DUSTSTORM OR SANDSTORM:
VSBY 1/2 MILE OR LESS
8 = SMOKE OR HAZE
[NO. OF DAYS WITH] [WEATHER - DAYS WITH] 9 = BLOWING SNOW
X = TORNADO
MAX 32 OR BELOW: 0 0.01 INCH OR MORE: 14
MAX 90 OR ABOVE: 13 0.10 INCH OR MORE: 8
MIN 32 OR BELOW: 0 0.50 INCH OR MORE: 5
MIN 0 OR BELOW: 0 1.00 INCH OR MORE: 2
[HDD (BASE 65) ]
TOTAL THIS MO. 0 CLEAR (SCALE 0-3) 21
DPTR FM NORMAL -6 PTCLDY (SCALE 4-7) 9
TOTAL FM JUL 1 4769 CLOUDY (SCALE 8-10) 0
DPTR FM NORMAL -160
[CDD (BASE 65) ]
TOTAL THIS MO. 343
DPTR FM NORMAL 3 [PRESSURE DATA]
TOTAL FM JAN 1 535 HIGHEST SLP 30.06 ON 12
DPTR FM NORMAL 63 LOWEST SLP 29.64 ON 28
[REMARKS]
#FINAL-06-23#