000
CXUS56 KSGX 011045
CF6TRM
PRELIMINARY LOCAL CLIMATOLOGICAL DATA (WS FORM: F-6)
STATION: THERMAL AIRPORT CA
MONTH: OCTOBER
YEAR: 2023
LATITUDE: 33 37 N
LONGITUDE: 116 10 W
TEMPERATURE IN F: :PCPN: SNOW: WIND :SUNSHINE: SKY :PK WND
================================================================================
1 2 3 4 5 6A 6B 7 8 9 10 11 12 13 14 15 16 17 18
12Z AVG MX 2MIN
DY MAX MIN AVG DEP HDD CDD WTR SNW DPTH SPD SPD DIR MIN PSBL S-S WX SPD DR
================================================================================
1 81 62 72 -8 0 7 0.00 M M 9.8 18 330 M M 2 25 320
2 86 63 75 -4 0 10 0.00 M M 6.5 14 320 M M 0 19 320
3 91 62 77 -2 0 12 0.00 M M 4.8 10 260 M M 0 14 340
4 96 66 81 3 0 16 0.00 M M 6.4 15 300 M M 0 8 18 280
5 100 66 83 5 0 18 0.00 M M 4.4 9 300 M M 0 8 12 280
6 103 62 83 5 0 18 0.00 M M 3.6 10 350 M M 0 8 13 260
7 104 64 84 7 0 19 0.00 M M 4.5 12 140 M M 0 15 120
8 102 64 83 6 0 18 0.00 M M 3.5 9 140 M M 0 12 140
9 101 63 82 5 0 17 0.00 M M 5.5 17 330 M M 0 22 340
10 96 63 80 4 0 15 0.00 M M 8.2 22 340 M M 0 8 28 340
11 89 71 80 4 0 15 0.00 M M 13.9 25 330 M M 3 8 32 330
12 88 59 74 -1 0 9 0.00 M M 6.6 15 300 M M 0 21 280
13 89 57 73 -2 0 8 0.00 M M 3.5 8 200 M M 0 11 210
14 92 52 72 -3 0 7 0.00 M M 2.5 9 140 M M 0 11 30
15 98 54 76 2 0 11 0.00 M M 3.4 9 350 M M 0 10 350
16 102 53 78 4 0 13 0.00 M M 3.6 8 360 M M 0 10 280
17 100 57 79 5 0 14 0.00 M M 3.4 8 130 M M 0 11 150
18 103 58 81 8 0 16 0.00 M M 4.6 10 120 M M 0 8 13 150
19 102 59 81 8 0 16 0.00 M M 3.4 10 130 M M 0 13 130
20 105 66 86 14 0 21 0.00 M M 4.5 10 150 M M 0 12 150
21 104 63 84 12 0 19 0.00 M M 7.5 17 330 M M 0 24 330
22 93 60 77 5 0 12 0.00 M M 9.2 26 340 M M 0 33 320
23 85 68 77 6 0 12 0.00 M M 9.2 20 330 M M 0 27 320
24 85 61 73 2 0 8 0.00 M M 6.1 14 330 M M 0 19 340
25 84 60 72 2 0 7 0.00 M M 7.9 18 320 M M 0 25 330
26 85 63 74 4 0 9 0.00 M M 7.5 18 320 M M 0 8 25 330
27 84 64 74 4 0 9 0.00 M M 8.0 18 320 M M 0 27 320
28 84 66 75 6 0 10 0.00 M M 8.7 20 330 M M 0 8 25 330
29 76 60 68 -1 0 3 0.00 M M 12.0 23 310 M M 0 8 31 310
30 79 47 63 -5 2 0 0.00 M M 8.0 16 300 M M 0 20 300
31 83 45 64 -4 1 0 0.00 M M 3.3 10 350 M M 0 12 240
================================================================================
SM 2870 1878 3 369 0.00 M 194.0 M 5
================================================================================
AV 92.6 60.6 6.3 FASTST M M 0 MAX(MPH)
MISC ----> 26 340 33 320
================================================================================
NOTES:
# LAST OF SEVERAL OCCURRENCES
COLUMN 17 PEAK WIND IN M.P.H.
PRELIMINARY LOCAL CLIMATOLOGICAL DATA (WS FORM: F-6) , PAGE 2
STATION: THERMAL AIRPORT CA
MONTH: OCTOBER
YEAR: 2023
LATITUDE: 33 37 N
LONGITUDE: 116 10 W
[TEMPERATURE DATA] [PRECIPITATION DATA] SYMBOLS USED IN COLUMN 16
AVERAGE MONTHLY: 76.6 TOTAL FOR MONTH: 0.00 1 = FOG OR MIST
DPTR FM NORMAL: 2.7 DPTR FM NORMAL: -0.19 2 = FOG REDUCING VISIBILITY
HIGHEST: 105 ON 20 GRTST 24HR 0.00 ON 1- 1 TO 1/4 MILE OR LESS
LOWEST: 45 ON 31 3 = THUNDER
SNOW, ICE PELLETS, HAIL 4 = ICE PELLETS
TOTAL MONTH: M 5 = HAIL
GRTST 24HR M ON M 6 = FREEZING RAIN OR DRIZZLE
GRTST DEPTH: M ON M 7 = DUSTSTORM OR SANDSTORM:
VSBY 1/2 MILE OR LESS
8 = SMOKE OR HAZE
[NO. OF DAYS WITH] [WEATHER - DAYS WITH] 9 = BLOWING SNOW
X = TORNADO
MAX 32 OR BELOW: 0 0.01 INCH OR MORE: 0
MAX 90 OR ABOVE: 17 0.10 INCH OR MORE: 0
MIN 32 OR BELOW: 0 0.50 INCH OR MORE: 0
MIN 0 OR BELOW: 0 1.00 INCH OR MORE: 0
[HDD (BASE 65) ]
TOTAL THIS MO. 3 CLEAR (SCALE 0-3) 31
DPTR FM NORMAL -6 PTCLDY (SCALE 4-7) 0
TOTAL FM JUL 1 3 CLOUDY (SCALE 8-10) 0
DPTR FM NORMAL -4
[CDD (BASE 65) ]
TOTAL THIS MO. 369
DPTR FM NORMAL 84 [PRESSURE DATA]
TOTAL FM JAN 1 3897 HIGHEST SLP 30.19 ON 30
DPTR FM NORMAL 60 LOWEST SLP 29.45 ON 11
[REMARKS]
#FINAL-10-23#