000
CXUS56 KBOI 261002
CF6REO
PRELIMINARY LOCAL CLIMATOLOGICAL DATA (WS FORM: F-6)
STATION: ROME OR
MONTH: APRIL
YEAR: 2024
LATITUDE: 42 35 N
LONGITUDE: 117 52 W
TEMPERATURE IN F: :PCPN: SNOW: WIND :SUNSHINE: SKY :PK WND
================================================================================
1 2 3 4 5 6A 6B 7 8 9 10 11 12 13 14 15 16 17 18
12Z AVG MX 2MIN
DY MAX MIN AVG DEP HDD CDD WTR SNW DPTH SPD SPD DIR MIN PSBL S-S WX SPD DR
================================================================================
1 64 22 43 -1 22 0 0.00 M M 7.1 15 340 M M 0 21 360
2 71 33 52 8 13 0 0.00 M M 8.2 16 160 M M 0 21 160
3 71 40 56 12 9 0 0.01 M M 11.8 40 210 M M 0 59 220
4 46 36 41 -3 24 0 0.19 M M 6.8 21 260 M M 0 26 260
5 36 30 33 -12 32 0 0.33 M M 7.5 14 220 M M 0 19 220
6 45 26 36 -9 29 0 0.00 M M 8.7 22 230 M M 0 29 240
7 48 30 39 -6 26 0 0.04 M M 6.5 17 200 M M 0 22 330
8 55 27 41 -4 24 0 0.00 M M 4.1 13 160 M M 0 17 150
9 66 34 50 5 15 0 0.00 M M 9.2 17 300 M M 0 22 290
10 66 27 47 2 18 0 0.00 M M 4.9 10 190 M M 0 14 240
11 75 30 53 7 12 0 0.00 M M 8.1 22 220 M M 0 32 240
12 77 43 60 14 5 0 0.00 M M 12.3 32 270 M M 0 43 270
13 77 38 58 12 7 0 0.00 M M 8.8 22 150 M M 0 31 150
14 61 34 48 2 17 0 0.00 M M 12.0 26 160 M M 0 34 160
15 64 30 47 1 18 0 0.00 M M 10.0 20 260 M M 0 25 240
16 62 31 47 0 18 0 0.00 M M 8.0 21 260 M M 0 28 260
17 51 29 40 -7 25 0 0.00 M M 9.5 18 20 M M 0 26 10
18 59 16 38 -9 27 0 0.00 M M 6.0 14 70 M M 0 20 20
19 65 25 45 -2 20 0 0.00 M M 7.9 16 20 M M 0 22 20
20 74 29 52 4 13 0 0.00 M M 5.2 14 120 M M 0 19 300
21 65 44 55 7 10 0 0.00 M M 10.5 20 30 M M 0 26 70
22 67 24 46 -2 19 0 0.00 M M 4.7 12 60 M M 0 17 30
23 77 26 52 4 13 0 0.00 M M 5.7 20 160 M M 0 27 210
24 71 39 55 6 10 0 0.00 M M 6.7 20 360 M M 0 27 310
25 67 42 55 6 10 0 0.04 M M 9.1 25 240 M M 0 35 240
================================================================================
SM 1580 785 436 0 0.61 M 199.3 M 0
================================================================================
AV 63.2 31.4 8.0 FASTST M M 0 MAX(MPH)
MISC ----> 40 210 59 220
================================================================================
NOTES:
# LAST OF SEVERAL OCCURRENCES
COLUMN 17 PEAK WIND IN M.P.H.
PRELIMINARY LOCAL CLIMATOLOGICAL DATA (WS FORM: F-6) , PAGE 2
STATION: ROME OR
MONTH: APRIL
YEAR: 2024
LATITUDE: 42 35 N
LONGITUDE: 117 52 W
[TEMPERATURE DATA] [PRECIPITATION DATA] SYMBOLS USED IN COLUMN 16
AVERAGE MONTHLY: 47.3 TOTAL FOR MONTH: 0.61 1 = FOG OR MIST
DPTR FM NORMAL: 1.1 DPTR FM NORMAL: -0.15 2 = FOG REDUCING VISIBILITY
HIGHEST: 77 ON 23,13 GRTST 24HR 0.33 ON 5- 5 TO 1/4 MILE OR LESS
LOWEST: 16 ON 18 3 = THUNDER
SNOW, ICE PELLETS, HAIL 4 = ICE PELLETS
TOTAL MONTH: M 5 = HAIL
GRTST 24HR M ON M 6 = FREEZING RAIN OR DRIZZLE
GRTST DEPTH: M ON M 7 = DUSTSTORM OR SANDSTORM:
VSBY 1/2 MILE OR LESS
8 = SMOKE OR HAZE
[NO. OF DAYS WITH] [WEATHER - DAYS WITH] 9 = BLOWING SNOW
X = TORNADO
MAX 32 OR BELOW: 0 0.01 INCH OR MORE: 5
MAX 90 OR ABOVE: 0 0.10 INCH OR MORE: 2
MIN 32 OR BELOW: 15 0.50 INCH OR MORE: 0
MIN 0 OR BELOW: 0 1.00 INCH OR MORE: 0
[HDD (BASE 65) ]
TOTAL THIS MO. 436 CLEAR (SCALE 0-3) 25
DPTR FM NORMAL -35 PTCLDY (SCALE 4-7) 0
TOTAL FM JUL 1 5398 CLOUDY (SCALE 8-10) 0
DPTR FM NORMAL -263
[CDD (BASE 65) ]
TOTAL THIS MO. 0
DPTR FM NORMAL 0 [PRESSURE DATA]
TOTAL FM JAN 1 0 HIGHEST SLP M ON M
DPTR FM NORMAL 0 LOWEST SLP 29.51 ON 4
[REMARKS]