000
CXUS51 KPHI 010815
CF655N
PRELIMINARY LOCAL CLIMATOLOGICAL DATA (WS FORM: F-6)
STATION: ATLANTIC CITY MARINA
MONTH: APRIL
YEAR: 2022
LATITUDE: 39 22 N
LONGITUDE: 74 25 W
TEMPERATURE IN F: :PCPN: SNOW: WIND :SUNSHINE: SKY :PK WND
================================================================================
1 2 3 4 5 6A 6B 7 8 9 10 11 12 13 14 15 16 17 18
12Z AVG MX 2MIN
DY MAX MIN AVG DEP HDD CDD WTR SNW DPTH SPD SPD DIR MIN PSBL S-S WX SPD DR
================================================================================
1 57 44 51 4 14 0 T M M 12.8 25 290 M M M 46 290
2 50 39 45 -2 20 0 0.00 M M 8.8 16 220 M M M 27 330
3 53 43 48 1 17 0 0.14 M M 7.3 16 330 M M M 31 330
4 55 39 47 -1 18 0 0.00 M M 8.1 15 230 M M M 24 300
5 51 45 48 0 17 0 0.30 M M 6.8 14 160 M M M 20 160
6 53 46 50 2 15 0 1.29 M M 13.8 24 100 M M M 40 50
7 57 46 52 3 13 0 0.05 M M 12.8 21 80 M M M 35 160
8 60 47 54 5 11 0 0.00 M M 9.6 17 220 M M M 26 290
9 57 47 52 3 13 0 0.00 M M 8.1 17 290 M M M 27 290
10 49 44 47 -3 18 0 0.00 M M 10.3 20 290 M M M 38 300
11 50 39 45 -5 20 0 0.00 M M 8.8 18 220 M M M 29 220
12 72 47 60 10 5 0 0.00 M M 5.8 13 330 M M M 24 300
13 63 53 58 7 7 0 0.00 M M 8.0 17 220 M M M 28 220
14 66 56 61 10 4 0 0.06 M M 14.1 22 230 M M M 41 220
15 65 53 59 8 6 0 T M M 9.9 19 220 M M M 33 230
16 60 50 55 3 10 0 0.29 M M 13.6 20 220 M M M 38 230
17 53 44 49 -3 16 0 0.01 M M 7.0 15 330 M M M 28 330
18 55 41 48 -4 17 0 1.00 M M 18.8 39 110 M M M 58 120
19 56 41 49 -3 16 0 T M M 15.8 23 290 M M M 44 300
20 59 41 50 -3 15 0 0.00 M M 8.6 16 280 M M M 36 280
21 54 49 52 -1 13 0 0.00 M M 10.1 17 220 M M M 29 210
22 71 52 62 8 3 0 0.00 M M 6.7 13 330 M M M 22 330
23 55 52 54 0 11 0 0.00 M M 6.6 14 90 M M M 19 80
24 57 51 54 0 11 0 0.00 M M 10.8 22 90 M M M 32 90
25 54 51 53 -1 12 0 0.00 M M 10.7 15 80 M M M 24 140
26 68 55 62 7 3 0 0.04 M M 8.6 23 330 M M M 39 330
27 59 45 52 -3 13 0 0.00 M M 10.4 18 290 M M M 39 330
28 57 38 48 -7 17 0 0.00 M M 13.3 24 330 M M M 42 330
29 62 42 52 -4 13 0 0.00 M M 9.6 18 330 M M M 32 330
30 58 44 51 -5 14 0 0.00 M M 9.0 15 190 M M M 30 170
================================================================================
SM 1736 1384 382 0 3.18 M 304.6 M M
================================================================================
AV 57.9 46.1 10.2 FASTST M M M MAX(MPH)
MISC ----> 39 110 58 120
================================================================================
NOTES:
# LAST OF SEVERAL OCCURRENCES
COLUMN 17 PEAK WIND IN M.P.H.
PRELIMINARY LOCAL CLIMATOLOGICAL DATA (WS FORM: F-6) , PAGE 2
STATION: ATLANTIC CITY MARINA
MONTH: APRIL
YEAR: 2022
LATITUDE: 39 22 N
LONGITUDE: 74 25 W
[TEMPERATURE DATA] [PRECIPITATION DATA] SYMBOLS USED IN COLUMN 16
AVERAGE MONTHLY: 52.0 TOTAL FOR MONTH: 3.18 1 = FOG OR MIST
DPTR FM NORMAL: 0.6 DPTR FM NORMAL: -0.18 2 = FOG REDUCING VISIBILITY
HIGHEST: 72 ON 12 GRTST 24HR 1.29 ON 6- 6 TO 1/4 MILE OR LESS
LOWEST: 38 ON 28 3 = THUNDER
SNOW, ICE PELLETS, HAIL 4 = ICE PELLETS
TOTAL MONTH: M 5 = HAIL
GRTST 24HR M ON M 6 = FREEZING RAIN OR DRIZZLE
GRTST DEPTH: M ON M 7 = DUSTSTORM OR SANDSTORM:
VSBY 1/2 MILE OR LESS
8 = SMOKE OR HAZE
[NO. OF DAYS WITH] [WEATHER - DAYS WITH] 9 = BLOWING SNOW
X = TORNADO
MAX 32 OR BELOW: 0 0.01 INCH OR MORE: 9
MAX 90 OR ABOVE: 0 0.10 INCH OR MORE: 5
MIN 32 OR BELOW: 0 0.50 INCH OR MORE: 2
MIN 0 OR BELOW: 0 1.00 INCH OR MORE: 2
[HDD (BASE 65) ]
TOTAL THIS MO. 382 CLEAR (SCALE 0-3) 0
DPTR FM NORMAL -31 PTCLDY (SCALE 4-7) 0
TOTAL FM JUL 1 3802 CLOUDY (SCALE 8-10) 30
DPTR FM NORMAL -440
[CDD (BASE 65) ]
TOTAL THIS MO. 0
DPTR FM NORMAL -3 [PRESSURE DATA]
TOTAL FM JAN 1 0 HIGHEST SLP M ON M
DPTR FM NORMAL -3 LOWEST SLP 31.99 ON 5
[REMARKS]
#FINAL-04-22#