000
CXUS55 KCAE 011423
CF6AGS
PRELIMINARY LOCAL CLIMATOLOGICAL DATA (WS FORM: F-6)
STATION: AUGUSTA BUSH FIELD GA
MONTH: AUGUST
YEAR: 2020
LATITUDE: 33 22 N
LONGITUDE: 81 58 W
TEMPERATURE IN F: :PCPN: SNOW: WIND :SUNSHINE: SKY :PK WND
================================================================================
1 2 3 4 5 6A 6B 7 8 9 10 11 12 13 14 15 16 17 18
12Z AVG MX 2MIN
DY MAX MIN AVG DEP HDD CDD WTR SNW DPTH SPD SPD DIR MIN PSBL S-S WX SPD DR
================================================================================
1 100 73 87 5 0 22 0.00 0.0 0 5.6 18 270 M M 0 24 200
2 99 70 85 3 0 20 0.00 0.0 0 5.4 18 150 M M 1 1 25 150
3 96 70 83 1 0 18 1.36 0.0 0 5.0 37 320 M M 4 13 47 320
4 93 69 81 -1 0 16 0.01 0.0 0 3.4 10 180 M M 3 14 170
5 97 73 85 3 0 20 0.52 0.0 0 3.2 26 170 M M 4 13 32 150
6 94 72 83 2 0 18 1.17 0.0 0 4.6 21 160 M M 5 138 26 150
7 95 72 84 3 0 19 0.07 0.0 0 3.0 31 190 M M 5 138 38 190
8 94 72 83 2 0 18 0.00 0.0 0 1.7 21 260 M M 4 1238 28 250
9 96 69 83 2 0 18 0.00 0.0 0 2.7 13 200 M M 1 123 17 190
10 96 71 84 3 0 19 0.48 0.0 0 3.2 32 310 M M 1 13 44 310
11 96 71 84 3 0 19 0.00 0.0 0 4.0 15 80 M M 2 3 19 80
12 97 74 86 5 0 21 0.00 0.0 0 3.8 17 130 M M 2 3 24 140
13 96 74 85 4 0 20 0.03 0.0 0 5.1 21 30 M M 4 138 26 40
14 92 73 83 2 0 18 0.08 0.0 0 1.8 20 150 M M 4 138 24 160
15 91 74 83 2 0 18 0.02 0.0 0 4.3 17 300 M M 6 1 22 300
16 92 73 83 2 0 18 0.00 0.0 0 3.5 9 360 M M 4 14 320
17 94 69 82 1 0 17 0.06 0.0 0 2.5 26 310 M M 2 13 31 310
18 90 71 81 0 0 16 0.02 0.0 0 2.6 17 190 M M 2 138 20 180
19 92 69 81 1 0 16 0.06 0.0 0 2.3 28 160 M M 4 1238 39 160
20 91 70 81 1 0 16 0.17 0.0 0 4.1 18 150 M M 2 13 22 150
21 85 71 78 -2 0 13 0.16 0.0 0 3.5 10 200 M M 3 13 13 180
22 84 69 77 -3 0 12 0.01 0.0 0 2.9 10 180 M M 2 12 13 180
23 88 71 80 0 0 15 0.51 0.0 0 1.5 18 140 M M 5 13 23 140
24 87 74 81 1 0 16 0.40 0.0 0 3.8 13 130 M M 8 18 16 130
25 90 75 83 3 0 18 0.06 0.0 0 4.2 14 350 M M 2 1 18 360
26 94 74 84 4 0 19 1.01 0.0 0 2.1 17 320 M M 2 1238 23 160
27 94 71 83 4 0 18 0.00 0.0 0 2.3 12 240 M M 5 12 15 200
28 94 76 85 6 0 20 0.00 0.0 0 5.6 13 180 M M 2 16 200
29 92 78 85 6 0 20 T 0.0 0 9.2 20 250 M M 3 29 230
30 97 75 86 7 0 21 0.00 0.0 0 5.1 12 30 M M 3 14 40
31 92 74 83 4 0 18 T 0.0 0 3.5 10 230 M M 2 13 220
================================================================================
SM 2888 2237 0 557 6.20 0.0 115.5 M 97
================================================================================
AV 93.2 72.2 3.7 FASTST M M 3 MAX(MPH)
MISC ----> # 37 320 # 47 320
================================================================================
NOTES:
# LAST OF SEVERAL OCCURRENCES
COLUMN 17 PEAK WIND IN M.P.H.
PRELIMINARY LOCAL CLIMATOLOGICAL DATA (WS FORM: F-6) , PAGE 2
STATION: AUGUSTA BUSH FIELD GA
MONTH: AUGUST
YEAR: 2020
LATITUDE: 33 22 N
LONGITUDE: 81 58 W
[TEMPERATURE DATA] [PRECIPITATION DATA] SYMBOLS USED IN COLUMN 16
AVERAGE MONTHLY: 82.7 TOTAL FOR MONTH: 6.20 1 = FOG OR MIST
DPTR FM NORMAL: 2.2 DPTR FM NORMAL: 1.88 2 = FOG REDUCING VISIBILITY
HIGHEST: 100 ON 1 GRTST 24HR 1.36 ON 3- 3 TO 1/4 MILE OR LESS
LOWEST: 69 ON 22,19 3 = THUNDER
SNOW, ICE PELLETS, HAIL 4 = ICE PELLETS
TOTAL MONTH: 0.0 INCH 5 = HAIL
GRTST 24HR 0.0 6 = FREEZING RAIN OR DRIZZLE
GRTST DEPTH: 0 7 = DUSTSTORM OR SANDSTORM:
VSBY 1/2 MILE OR LESS
8 = SMOKE OR HAZE
[NO. OF DAYS WITH] [WEATHER - DAYS WITH] 9 = BLOWING SNOW
X = TORNADO
MAX 32 OR BELOW: 0 0.01 INCH OR MORE: 19
MAX 90 OR ABOVE: 27 0.10 INCH OR MORE: 9
MIN 32 OR BELOW: 0 0.50 INCH OR MORE: 5
MIN 0 OR BELOW: 0 1.00 INCH OR MORE: 3
[HDD (BASE 65) ]
TOTAL THIS MO. 0 CLEAR (SCALE 0-3) 15
DPTR FM NORMAL 0 PTCLDY (SCALE 4-7) 15
TOTAL FM JUL 1 0 CLOUDY (SCALE 8-10) 1
DPTR FM NORMAL 0
[CDD (BASE 65) ]
TOTAL THIS MO. 557
DPTR FM NORMAL 75 [PRESSURE DATA]
TOTAL FM JAN 1 1999 HIGHEST SLP 30.15 ON 24
DPTR FM NORMAL 311 LOWEST SLP 29.76 ON 30
[REMARKS]
#FINAL-08-20#