311
CXUS52 KMFL 011000
CF6APF
PRELIMINARY LOCAL CLIMATOLOGICAL DATA (WS FORM: F-6)
STATION: NAPLES
MONTH: SEPTEMBER
YEAR: 2020
LATITUDE: 26 8 N
LONGITUDE: 81 46 W
TEMPERATURE IN F: :PCPN: SNOW: WIND :SUNSHINE: SKY :PK WND
================================================================================
1 2 3 4 5 6A 6B 7 8 9 10 11 12 13 14 15 16 17 18
12Z AVG MX 2MIN
DY MAX MIN AVG DEP HDD CDD WTR SNW DPTH SPD SPD DIR MIN PSBL S-S WX SPD DR
================================================================================
1 92 75 84 1 0 19 0.37 0.0 0 5.6 14 110 M M 2 13 19 100
2 96 75 86 3 0 21 T 0.0 0 5.7 14 90 M M 3 19 110
3 94 79 87 4 0 22 0.97 0.0 0 6.7 17 270 M M 3 138 20 100
4 96 76 86 3 0 21 0.14 0.0 0 7.5 26 80 M M 0 138 33 100
5 96 77 87 4 0 22 0.01 0.0 0 6.0 26 130 M M 1 13 38 150
6 92 75 84 1 0 19 0.39 0.0 0 5.1 17 270 M M 2 13 21 270
7 91 73 82 -1 0 17 0.08 0.0 0 6.7 14 170 M M 2 138 19 120
8 89 74 82 -1 0 17 0.02 0.0 0 6.2 13 290 M M 3 3 15 120
9 85 76 81 -2 0 16 0.30 0.0 0 4.9 15 210 M M 4 13 18 210
10 90 75 83 0 0 18 2.10 0.0 0 5.0 18 120 M M 3 138 26 110
11 93 75 84 1 0 19 0.05 0.0 0 5.9 21 100 M M 2 138 26 100
12 84 76 80 -3 0 15 1.59 0.0 0 13.9 31 100 M M 7 18 41 140
13 80 75 78 -5 0 13 3.47 0.0 0 8.4 24 140 M M 6 13 32 150
14 88 74 81 -2 0 16 0.18 0.0 0 6.7 21 220 M M 2 13 29 200
15 90 77 84 2 0 19 0.00 0.0 0 7.9 15 200 M M 2 18 160
16 91 78 85 3 0 20 0.00 0.0 0 8.7 17 200 M M 1 20 200
17 90 79 85 3 0 20 0.08 0.0 0 8.7 17 190 M M 1 1 21 200
18 89 79 84 2 0 19 0.08 0.0 0 6.1 16 210 M M 2 1 19 240
19 90 78 84 2 0 19 0.00 0.0 0 6.8 13 280 M M 1 17 290
20 89 77 83 1 0 18 0.00 0.0 0 7.3 21 60 M M 3 27 60
21 88 76 82 0 0 17 0.28 0.0 0 14.9 28 80 M M 5 1 37 70
22 90 74 82 0 0 17 0.00 0.0 0 12.6 23 70 M M 1 29 90
23 90 71 81 -1 0 16 0.00 0.0 0 8.6 16 80 M M 2 23 70
24 88 73 81 -1 0 16 0.16 0.0 0 8.0 18 110 M M 3 18 27 110
25 89 77 83 1 0 18 0.00 0.0 0 6.2 14 240 M M 3 18 220
26 89 78 84 2 0 19 0.00 0.0 0 4.0 13 300 M M 1 15 290
27 89 77 83 1 0 18 0.25 0.0 0 4.0 16 90 M M 4 138 19 130
28 89 77 83 2 0 18 0.00 0.0 0 5.5 14 280 M M 1 16 270
29 90 77 84 3 0 19 0.26 0.0 0 8.1 18 280 M M 3 138 23 290
30 85 74 80 -1 0 15 0.00 0.0 0 8.1 16 50 M M 5 19 40
================================================================================
SM 2692 2277 0 543 10.78 0.0 219.8 M 78
================================================================================
AV 89.7 75.9 7.3 FASTST M M 3 MAX(MPH)
MISC ----> # 31 100 # 41 140
================================================================================
NOTES:
# LAST OF SEVERAL OCCURRENCES
COLUMN 17 PEAK WIND IN M.P.H.
PRELIMINARY LOCAL CLIMATOLOGICAL DATA (WS FORM: F-6) , PAGE 2
STATION: NAPLES
MONTH: SEPTEMBER
YEAR: 2020
LATITUDE: 26 8 N
LONGITUDE: 81 46 W
[TEMPERATURE DATA] [PRECIPITATION DATA] SYMBOLS USED IN COLUMN 16
AVERAGE MONTHLY: 82.8 TOTAL FOR MONTH: 10.78 1 = FOG OR MIST
DPTR FM NORMAL: 0.4 DPTR FM NORMAL: 3.09 2 = FOG REDUCING VISIBILITY
HIGHEST: 96 ON 5, 4 GRTST 24HR 3.47 ON 13-13 TO 1/4 MILE OR LESS
LOWEST: 71 ON 23 3 = THUNDER
SNOW, ICE PELLETS, HAIL 4 = ICE PELLETS
TOTAL MONTH: 0.0 INCH 5 = HAIL
GRTST 24HR 0.0 6 = FREEZING RAIN OR DRIZZLE
GRTST DEPTH: 0 7 = DUSTSTORM OR SANDSTORM:
VSBY 1/2 MILE OR LESS
8 = SMOKE OR HAZE
[NO. OF DAYS WITH] [WEATHER - DAYS WITH] 9 = BLOWING SNOW
X = TORNADO
MAX 32 OR BELOW: 0 0.01 INCH OR MORE: 19
MAX 90 OR ABOVE: 16 0.10 INCH OR MORE: 13
MIN 32 OR BELOW: 0 0.50 INCH OR MORE: 4
MIN 0 OR BELOW: 0 1.00 INCH OR MORE: 3
[HDD (BASE 65) ]
TOTAL THIS MO. 0 CLEAR (SCALE 0-3) 21
DPTR FM NORMAL 0 PTCLDY (SCALE 4-7) 9
TOTAL FM JUL 1 0 CLOUDY (SCALE 8-10) 0
DPTR FM NORMAL 0
[CDD (BASE 65) ]
TOTAL THIS MO. 543
DPTR FM NORMAL 23 [PRESSURE DATA]
TOTAL FM JAN 1 3939 HIGHEST SLP 30.09 ON 5
DPTR FM NORMAL 762 LOWEST SLP 29.62 ON 12
[REMARKS]
#FINAL-09-20#