000
CXUS54 KFWD 262208
CF6DAL
PRELIMINARY LOCAL CLIMATOLOGICAL DATA (WS FORM: F-6)
STATION: DALLAS LOVE FIELD
MONTH: JUNE
YEAR: 2023
LATITUDE: 32 50 N
LONGITUDE: 96 51 W
TEMPERATURE IN F: :PCPN: SNOW: WIND :SUNSHINE: SKY :PK WND
================================================================================
1 2 3 4 5 6A 6B 7 8 9 10 11 12 13 14 15 16 17 18
12Z AVG MX 2MIN
DY MAX MIN AVG DEP HDD CDD WTR SNW DPTH SPD SPD DIR MIN PSBL S-S WX SPD DR
================================================================================
1 89 73 81 1 0 16 0.00 0.0 0 7.1 16 150 M M 5 24 120
2 91 74 83 2 0 18 0.00 0.0 0 7.7 23 300 M M 4 33 300
3 92 69 81 0 0 16 0.17 0.0 0 5.5 29 310 M M 7 3 39 30
4 89 67 78 -3 0 13 0.00 0.0 0 4.9 15 40 M M 7 34 60
5 86 65 76 -5 0 11 0.09 0.0 0 5.6 23 110 M M 7 3 33 120
6 88 70 79 -3 0 14 0.06 0.0 0 2.4 23 300 M M 7 3 34 290
7 90 67 79 -3 0 14 0.91 0.0 0 2.3 28 290 M M 5 135 38 270
8 92 68 80 -2 0 15 0.00 0.0 0 3.5 18 180 M M 7 3 26 170
9 94 71 83 1 0 18 0.00 0.0 0 5.5 15 150 M M 4 21 170
10 94 76 85 3 0 20 0.00 0.0 0 8.5 22 130 M M 6 30 130
11 99 71 85 2 0 20 1.65 0.0 0 7.3 32 130 M M 4 13 47 140
12 87 72 80 -3 0 15 T 0.0 0 9.2 20 100 M M 7 3 32 60
13 78 69 74 -9 0 9 0.81 0.0 0 5.7 16 320 M M 9 138 27 200
14 91 75 83 0 0 18 T 0.0 0 5.1 13 130 M M 8 18 26 200
15 92 75 84 1 0 19 0.00 0.0 0 8.5 22 80 M M 5 138 32 70
16 97 72 85 1 0 20 0.00 0.0 0 10.4 24 120 M M 6 38 110
17 96 76 86 2 0 21 T 0.0 0 7.5 16 160 M M 6 23 150
18 93 75 84 0 0 19 0.00 0.0 0 6.3 18 10 M M 4 26 360
19 97 76 87 3 0 22 0.00 0.0 0 9.4 17 130 M M 2 29 130
20 98 81 90 6 0 25 0.00 0.0 0 9.6 16 170 M M 6 22 170
21 91 76 84 0 0 19 0.71 0.0 0 8.4 21 110 M M 8 138 30 100
22 90 78 84 0 0 19 T 0.0 0 8.5 16 130 M M 8 3 23 100
23 91 78 85 1 0 20 T 0.0 0 8.6 22 120 M M 6 3 29 120
24 97 77 87 2 0 22 0.00 0.0 0 11.7 22 160 M M 3 33 150
25 98 81 90 5 0 25 0.00 0.0 0 9.9 18 160 M M 2 28 160
26 99 82 91 6 0 26 0.00 0.0 0 9.1 18 160 M M 1 27 180
27 101 80 91 6 0 26 0.00 0.0 0 10.4 17 160 M M 1 25 180
28 98 80 89 4 0 24 0.00 0.0 0 11.1 18 160 M M 1 29 160
29 98 81 90 5 0 25 0.00 0.0 0 11.0 20 150 M M 0 27 140
30 96 81 89 3 0 24 0.00 0.0 0 9.8 20 140 M M 3 28 130
================================================================================
SM 2792 2236 0 573 4.40 0.0 230.5 M 149
================================================================================
AV 93.1 74.5 7.7 FASTST M M 5 MAX(MPH)
MISC ----> 32 130 47 140
================================================================================
NOTES:
# LAST OF SEVERAL OCCURRENCES
COLUMN 17 PEAK WIND IN M.P.H.
PRELIMINARY LOCAL CLIMATOLOGICAL DATA (WS FORM: F-6) , PAGE 2
STATION: DALLAS LOVE FIELD
MONTH: JUNE
YEAR: 2023
LATITUDE: 32 50 N
LONGITUDE: 96 51 W
[TEMPERATURE DATA] [PRECIPITATION DATA] SYMBOLS USED IN COLUMN 16
AVERAGE MONTHLY: 83.8 TOTAL FOR MONTH: 4.40 1 = FOG OR MIST
DPTR FM NORMAL: 0.5 DPTR FM NORMAL: 0.57 2 = FOG REDUCING VISIBILITY
HIGHEST: 101 ON 27 GRTST 24HR 1.65 ON 11-11 TO 1/4 MILE OR LESS
LOWEST: 65 ON 5 3 = THUNDER
SNOW, ICE PELLETS, HAIL 4 = ICE PELLETS
TOTAL MONTH: 0.0 INCH 5 = HAIL
GRTST 24HR 0.0 6 = FREEZING RAIN OR DRIZZLE
GRTST DEPTH: 0 7 = DUSTSTORM OR SANDSTORM:
VSBY 1/2 MILE OR LESS
8 = SMOKE OR HAZE
[NO. OF DAYS WITH] [WEATHER - DAYS WITH] 9 = BLOWING SNOW
X = TORNADO
MAX 32 OR BELOW: 0 0.01 INCH OR MORE: 7
MAX 90 OR ABOVE: 24 0.10 INCH OR MORE: 5
MIN 32 OR BELOW: 0 0.50 INCH OR MORE: 4
MIN 0 OR BELOW: 0 1.00 INCH OR MORE: 1
[HDD (BASE 65) ]
TOTAL THIS MO. 0 CLEAR (SCALE 0-3) 7
DPTR FM NORMAL 0 PTCLDY (SCALE 4-7) 21
TOTAL FM JUL 1 1819 CLOUDY (SCALE 8-10) 2
DPTR FM NORMAL -173
[CDD (BASE 65) ]
TOTAL THIS MO. 573
DPTR FM NORMAL 25 [PRESSURE DATA]
TOTAL FM JAN 1 1082 HIGHEST SLP 29.97 ON 30
DPTR FM NORMAL 14 LOWEST SLP 29.61 ON 15
[REMARKS]
#FINAL-06-23#