000
CXUS52 KTAE 010900
CF6DHN
PRELIMINARY LOCAL CLIMATOLOGICAL DATA (WS FORM: F-6)
STATION: DOTHAN
MONTH: FEBRUARY
YEAR: 2024
LATITUDE: 31 19 N
LONGITUDE: 85 27 W
TEMPERATURE IN F: :PCPN: SNOW: WIND :SUNSHINE: SKY :PK WND
================================================================================
1 2 3 4 5 6A 6B 7 8 9 10 11 12 13 14 15 16 17 18
12Z AVG MX 2MIN
DY MAX MIN AVG DEP HDD CDD WTR SNW DPTH SPD SPD DIR MIN PSBL S-S WX SPD DR
================================================================================
1 M 36 M M M M 0.00 0.0 0 3.8 9 210 M M 0 14 280
2 71 43 57 5 8 0 0.00 0.0 0 2.9 10 320 M M 0 14 340
3 70 41 56 4 9 0 0.00 0.0 0 5.9 15 80 M M 0 22 80
4 58 46 52 0 13 0 1.76 M M 14.4 29 300 M M 9 1 40 290
5 52 45 49 -3 16 0 0.00 0.0 M 8.4 18 30 M M 10 24 20
6 67 42 55 2 10 0 0.00 0.0 0 6.0 14 360 M M 0 23 350
7 63 39 51 -2 14 0 0.00 0.0 M 6.2 14 90 M M 0 20 100
8 67 39 53 0 12 0 0.00 0.0 M 5.1 13 160 M M 0 18 110
9 74 48 61 8 4 0 0.00 0.0 M 5.9 15 200 M M 4 23 190
10 74 59 67 13 0 2 0.00 0.0 M 9.4 18 190 M M 9 26 180
11 71 64 68 14 0 3 0.14 0.0 M 8.8 17 150 M M 9 1 23 150
12 69 51 60 6 5 0 2.17 0.0 0 11.9 28 40 M M 8 13 38 30
13 61 39 50 -4 15 0 0.00 0.0 M 11.5 25 290 M M 4 34 290
14 67 35 51 -3 14 0 0.00 0.0 M 3.0 9 80 M M 0 14 30
15 71 44 58 3 7 0 0.00 0.0 0 2.6 9 220 M M 0 12 250
16 63 50 57 2 8 0 T 0.0 0 4.2 12 190 M M 4 1 14 220
17 58 37 48 -7 17 0 0.04 0.0 0 9.1 20 340 M M 6 12 27 340
18 53 38 46 -9 19 0 0.00 0.0 0 8.2 15 360 M M 0 20 10
19 64 33 49 -7 16 0 0.00 0.0 0 4.8 12 320 M M 0 15 350
20 66 34 50 -6 15 0 0.00 0.0 0 2.8 10 260 M M 0 15 260
21 70 36 53 -3 12 0 0.00 0.0 0 3.5 10 210 M M 0 18 13 70
22 73 40 57 1 8 0 0.00 0.0 0 10.6 22 220 M M 2 1 30 200
23 75 50 63 7 2 0 0.02 0.0 0 12.0 24 320 M M 4 1 32 280
24 73 43 58 1 7 0 0.00 0.0 M 11.6 31 310 M M 0 8 40 290
25 71 37 54 -3 11 0 0.00 0.0 0 3.0 9 90 M M 0 13 110
26 76 40 58 1 7 0 0.00 0.0 0 7.9 18 180 M M 0 24 220
27 78 59 69 12 0 4 0.00 0.0 0 14.0 28 200 M M 6 36 200
28 83 51 67 9 0 2 0.00 0.0 0 14.3 30 350 M M 7 43 350
29 61 46 54 -4 11 0 T 0.0 0 10.1 16 40 M M 3 21 80
================================================================================
SM 1899 1265 260 11 4.13 0.0 221.9 M 85
================================================================================
AV 67.8 43.6 7.7 FASTST M M 3 MAX(MPH)
MISC ----> 31 310 43 350
================================================================================
NOTES:
# LAST OF SEVERAL OCCURRENCES
COLUMN 17 PEAK WIND IN M.P.H.
PRELIMINARY LOCAL CLIMATOLOGICAL DATA (WS FORM: F-6) , PAGE 2
STATION: DOTHAN
MONTH: FEBRUARY
YEAR: 2024
LATITUDE: 31 19 N
LONGITUDE: 85 27 W
[TEMPERATURE DATA] [PRECIPITATION DATA] SYMBOLS USED IN COLUMN 16
AVERAGE MONTHLY: 55.7 TOTAL FOR MONTH: 4.13 1 = FOG OR MIST
DPTR FM NORMAL: 1.1 DPTR FM NORMAL: -0.69 2 = FOG REDUCING VISIBILITY
HIGHEST: 83 ON 28 GRTST 24HR 2.21 ON 11-12 TO 1/4 MILE OR LESS
LOWEST: 33 ON 19 3 = THUNDER
SNOW, ICE PELLETS, HAIL 4 = ICE PELLETS
TOTAL MONTH: 0.0 INCH 5 = HAIL
GRTST 24HR 0.0 6 = FREEZING RAIN OR DRIZZLE
GRTST DEPTH: 0 7 = DUSTSTORM OR SANDSTORM:
VSBY 1/2 MILE OR LESS
8 = SMOKE OR HAZE
[NO. OF DAYS WITH] [WEATHER - DAYS WITH] 9 = BLOWING SNOW
X = TORNADO
MAX 32 OR BELOW: 0 0.01 INCH OR MORE: 5
MAX 90 OR ABOVE: 0 0.10 INCH OR MORE: 3
MIN 32 OR BELOW: 0 0.50 INCH OR MORE: 2
MIN 0 OR BELOW: 0 1.00 INCH OR MORE: 2
[HDD (BASE 65) ]
TOTAL THIS MO. 260 CLEAR (SCALE 0-3) 17
DPTR FM NORMAL -47 PTCLDY (SCALE 4-7) 7
TOTAL FM JUL 1 1346 CLOUDY (SCALE 8-10) 5
DPTR FM NORMAL -75
[CDD (BASE 65) ]
TOTAL THIS MO. 11
DPTR FM NORMAL -3 [PRESSURE DATA]
TOTAL FM JAN 1 21 HIGHEST SLP 30.39 ON 29
DPTR FM NORMAL -2 LOWEST SLP 29.38 ON 4
[REMARKS]
#FINAL-02-24#