000
CXUS51 KOKX 011010
CF6EWR
PRELIMINARY LOCAL CLIMATOLOGICAL DATA (WS FORM: F-6)
STATION: NEWARK NJ
MONTH: NOVEMBER
YEAR: 2023
LATITUDE: 40 42 N
LONGITUDE: 74 10 W
TEMPERATURE IN F: :PCPN: SNOW: WIND :SUNSHINE: SKY :PK WND
================================================================================
1 2 3 4 5 6A 6B 7 8 9 10 11 12 13 14 15 16 17 18
12Z AVG MX 2MIN
DY MAX MIN AVG DEP HDD CDD WTR SNW DPTH SPD SPD DIR MIN PSBL S-S WX SPD DR
================================================================================
1 52 39 46 -6 19 0 T 0.0 0 12.1 24 320 M M 6 32 290
2 52 35 44 -7 21 0 0.00 0.0 0 6.9 14 240 M M 1 17 290
3 59 34 47 -4 18 0 0.00 0.0 0 6.9 16 200 M M 3 21 200
4 63 40 52 1 13 0 0.00 0.0 0 4.3 10 230 M M 8 13 230
5 68 45 57 7 8 0 0.00 0.0 0 5.6 18 340 M M 6 23 310
6 57 43 50 0 15 0 0.00 0.0 0 6.0 14 360 M M 7 16 20
7 66 53 60 10 5 0 T 0.0 0 10.2 26 320 M M 7 35 320
8 55 40 48 -1 17 0 0.00 0.0 0 10.7 22 350 M M 6 27 310
9 62 41 52 3 13 0 T 0.0 0 4.6 14 350 M M 7 20 280
10 54 43 49 0 16 0 0.00 0.0 0 9.6 17 230 M M 7 24 230
11 58 35 47 -1 18 0 0.00 0.0 0 9.1 20 350 M M 3 25 320
12 48 34 41 -7 24 0 0.00 0.0 0 8.5 15 30 M M 4 18 30
13 51 32 42 -6 23 0 T 0.0 0 5.8 13 200 M M 4 16 200
14 57 38 48 1 17 0 0.00 0.0 0 12.1 26 340 M M 2 33 320
15 55 33 44 -3 21 0 0.00 0.0 0 5.8 15 240 M M 5 19 230
16 69 38 54 7 11 0 0.00 0.0 0 6.3 13 230 M M 4 17 250
17 70 45 58 12 7 0 0.00 0.0 0 7.7 18 230 M M 7 24 200
18 61 40 51 5 14 0 T 0.0 0 11.3 23 330 M M 6 32 310
19 57 35 46 0 19 0 0.00 0.0 0 9.8 25 330 M M 2 32 320
20 49 36 43 -3 22 0 0.00 0.0 0 8.9 18 350 M M 4 23 360
21 51 32 42 -3 23 0 0.78 0.0 0 11.9 22 110 M M 8 1 32 100
22 58 50 54 9 11 0 1.46 0.0 0 11.7 25 110 M M 9 1 40 110
23 55 46 51 7 14 0 0.00 0.0 0 13.0 25 310 M M 4 30 300
24 54 34 44 0 21 0 0.00 0.0 0 11.7 26 320 M M 7 35 320
25 43 31 37 -7 28 0 0.00 0.0 0 3.9 14 320 M M 5 17 330
26 57 30 44 0 21 0 0.66 0.0 0 8.1 25 100 M M 9 1 35 110
27 54 37 46 3 19 0 0.01 0.0 0 13.9 22 260 M M 5 1 31 260
28 43 31 37 -6 28 0 T T 0 15.1 28 280 M M 3 36 280
29 39 27 33 -10 32 0 0.00 0.0 0 12.4 20 230 M M 6 25 240
30 54 30 42 0 23 0 0.00 0.0 0 9.3 17 230 M M 6 23 230
================================================================================
SM 1671 1127 541 0 2.91 T 273.2 M 161
================================================================================
AV 55.7 37.6 9.1 FASTST M M 5 MAX(MPH)
MISC ----> 28 280 40 110
================================================================================
NOTES:
# LAST OF SEVERAL OCCURRENCES
COLUMN 17 PEAK WIND IN M.P.H.
PRELIMINARY LOCAL CLIMATOLOGICAL DATA (WS FORM: F-6) , PAGE 2
STATION: NEWARK NJ
MONTH: NOVEMBER
YEAR: 2023
LATITUDE: 40 42 N
LONGITUDE: 74 10 W
[TEMPERATURE DATA] [PRECIPITATION DATA] SYMBOLS USED IN COLUMN 16
AVERAGE MONTHLY: 46.6 TOTAL FOR MONTH: 2.91 1 = FOG OR MIST
DPTR FM NORMAL: -0.4 DPTR FM NORMAL: -0.42 2 = FOG REDUCING VISIBILITY
HIGHEST: 70 ON 17 GRTST 24HR 2.24 ON 21-22 TO 1/4 MILE OR LESS
LOWEST: 27 ON 29 3 = THUNDER
SNOW, ICE PELLETS, HAIL 4 = ICE PELLETS
TOTAL MONTH: T 5 = HAIL
GRTST 24HR T ON 28-28 6 = FREEZING RAIN OR DRIZZLE
GRTST DEPTH: 0 7 = DUSTSTORM OR SANDSTORM:
VSBY 1/2 MILE OR LESS
8 = SMOKE OR HAZE
[NO. OF DAYS WITH] [WEATHER - DAYS WITH] 9 = BLOWING SNOW
X = TORNADO
MAX 32 OR BELOW: 0 0.01 INCH OR MORE: 4
MAX 90 OR ABOVE: 0 0.10 INCH OR MORE: 3
MIN 32 OR BELOW: 7 0.50 INCH OR MORE: 3
MIN 0 OR BELOW: 0 1.00 INCH OR MORE: 1
[HDD (BASE 65) ]
TOTAL THIS MO. 541 CLEAR (SCALE 0-3) 6
DPTR FM NORMAL -1 PTCLDY (SCALE 4-7) 21
TOTAL FM JUL 1 707 CLOUDY (SCALE 8-10) 3
DPTR FM NORMAL -122
[CDD (BASE 65) ]
TOTAL THIS MO. 0
DPTR FM NORMAL -1 [PRESSURE DATA]
TOTAL FM JAN 1 1434 HIGHEST SLP M ON M
DPTR FM NORMAL 164 LOWEST SLP 29.56 ON 26
[REMARKS]
#FINAL-11-23#