000
CXUS52 KMHX 010600
CF6HSE
PRELIMINARY LOCAL CLIMATOLOGICAL DATA (WS FORM: F-6)
STATION: CAPE HATTERAS NC
MONTH: MAY
YEAR: 2023
LATITUDE: 35 13 N
LONGITUDE: 75 37 W
TEMPERATURE IN F: :PCPN: SNOW: WIND :SUNSHINE: SKY :PK WND
================================================================================
1 2 3 4 5 6A 6B 7 8 9 10 11 12 13 14 15 16 17 18
12Z AVG MX 2MIN
DY MAX MIN AVG DEP HDD CDD WTR SNW DPTH SPD SPD DIR MIN PSBL S-S WX SPD DR
================================================================================
1 68 57 63 -3 2 0 T 0.0 0 14.3 24 240 M M 2 37 300
2 70 60 65 -1 0 0 T 0.0 0 10.3 20 230 M M 2 30 240
3 68 57 63 -3 2 0 T 0.0 0 10.7 20 300 M M 3 30 310
4 66 51 59 -8 6 0 0.00 0.0 0 8.3 18 310 M M 2 31 310
5 69 50 60 -7 5 0 0.00 0.0 0 6.6 15 120 M M 1 19 120
6 69 52 61 -6 4 0 0.00 0.0 0 5.8 13 120 M M 2 20 30
7 73 53 63 -5 2 0 0.00 0.0 0 10.6 20 230 M M 1 1 30 230
8 77 67 72 4 0 7 0.00 0.0 0 11.9 21 240 M M 1 18 32 240
9 81 61 71 3 0 6 0.06 0.0 0 7.6 13 40 M M 2 138 21 270
10 M 60 M M M M 0.00 0.0 0 8.7 17 60 M M 1 27 40
11 75 54 65 -3 0 0 0.00 0.0 0 5.6 12 210 M M 0 15 200
12 76 67 72 3 0 7 0.00 0.0 0 8.9 14 200 M M 0 18 210
13 78 66 72 3 0 7 0.00 0.0 0 9.1 15 220 M M 0 22 220
14 74 62 68 -1 0 3 T 0.0 0 7.9 14 40 M M 6 23 20
15 73 58 66 -3 0 1 0.00 0.0 0 5.5 13 40 M M 0 21 40
16 76 57 67 -3 0 2 T 0.0 0 11.1 20 210 M M 2 28 220
17 76 64 70 0 0 5 T 0.0 0 10.2 22 240 M M 3 13 31 240
18 74 65 70 0 0 5 T 0.0 0 12.0 20 100 M M 4 29 110
19 71 64 68 -2 0 3 1.74 0.0 0 12.2 20 110 M M 9 1 28 80
20 77 69 73 2 0 8 0.63 0.0 0 9.4 23 180 M M 6 1 30 180
21 72 62 67 -4 0 2 T 0.0 0 7.3 15 30 M M 8 25 40
22 74 57 66 -5 0 1 0.00 0.0 0 8.0 14 40 M M 0 24 30
23 72 63 68 -3 0 3 T 0.0 0 12.2 20 40 M M 10 1 31 20
24 63 60 62 -10 3 0 0.18 0.0 0 11.0 16 10 M M 10 1 30 10
25 68 60 64 -8 1 0 0.02 0.0 0 11.9 18 30 M M 9 1 32 40
26 67 61 64 -8 1 0 0.01 0.0 0 12.2 18 40 M M 8 30 30
27 68 62 65 -7 0 0 0.69 0.0 0 11.5 18 80 M M 10 1 28 80
28 79 67 73 0 0 8 0.80 0.0 0 7.8 20 90 M M 7 13 28 80
29 77 64 71 -2 0 6 T 0.0 0 2.6 12 70 M M 6 13 16 80
30 76 65 71 -2 0 6 T 0.0 0 8.1 14 30 M M 2 23 360
31 70 64 67 -7 0 2 T 0.0 0 10.4 16 20 M M 9 1 30 10
================================================================================
SM 2177 1879 26 82 4.13 0.0 289.7 M 126
================================================================================
AV 72.6 60.6 9.3 FASTST M M 4 MAX(MPH)
MISC ----> 24 240 37 300
================================================================================
NOTES:
# LAST OF SEVERAL OCCURRENCES
COLUMN 17 PEAK WIND IN M.P.H.
PRELIMINARY LOCAL CLIMATOLOGICAL DATA (WS FORM: F-6) , PAGE 2
STATION: CAPE HATTERAS NC
MONTH: MAY
YEAR: 2023
LATITUDE: 35 13 N
LONGITUDE: 75 37 W
[TEMPERATURE DATA] [PRECIPITATION DATA] SYMBOLS USED IN COLUMN 16
AVERAGE MONTHLY: 66.6 TOTAL FOR MONTH: 4.13 1 = FOG OR MIST
DPTR FM NORMAL: -3.1 DPTR FM NORMAL: -0.24 2 = FOG REDUCING VISIBILITY
HIGHEST: 81 ON 9 GRTST 24HR 2.29 ON 30- 1 TO 1/4 MILE OR LESS
LOWEST: 50 ON 5 3 = THUNDER
SNOW, ICE PELLETS, HAIL 4 = ICE PELLETS
TOTAL MONTH: 0.0 INCH 5 = HAIL
GRTST 24HR 0.0 6 = FREEZING RAIN OR DRIZZLE
GRTST DEPTH: 0 7 = DUSTSTORM OR SANDSTORM:
VSBY 1/2 MILE OR LESS
8 = SMOKE OR HAZE
[NO. OF DAYS WITH] [WEATHER - DAYS WITH] 9 = BLOWING SNOW
X = TORNADO
MAX 32 OR BELOW: 0 0.01 INCH OR MORE: 8
MAX 90 OR ABOVE: 0 0.10 INCH OR MORE: 5
MIN 32 OR BELOW: 0 0.50 INCH OR MORE: 4
MIN 0 OR BELOW: 0 1.00 INCH OR MORE: 1
[HDD (BASE 65) ]
TOTAL THIS MO. 26 CLEAR (SCALE 0-3) 18
DPTR FM NORMAL 0 PTCLDY (SCALE 4-7) 6
TOTAL FM JUL 1 1919 CLOUDY (SCALE 8-10) 7
DPTR FM NORMAL -247
[CDD (BASE 65) ]
TOTAL THIS MO. 82
DPTR FM NORMAL -90 [PRESSURE DATA]
TOTAL FM JAN 1 145 HIGHEST SLP M ON M
DPTR FM NORMAL -81 LOWEST SLP 29.44 ON 1
[REMARKS]
#FINAL-05-23#