000
CXUS51 KRLX 021914
CF6HTS
PRELIMINARY LOCAL CLIMATOLOGICAL DATA (WS FORM: F-6)
STATION: HUNTINGTON WV
MONTH: JANUARY
YEAR: 2021
LATITUDE: 38 22 N
LONGITUDE: 82 33 W
TEMPERATURE IN F: :PCPN: SNOW: WIND :SUNSHINE: SKY :PK WND
================================================================================
1 2 3 4 5 6A 6B 7 8 9 10 11 12 13 14 15 16 17 18
12Z AVG MX 2MIN
DY MAX MIN AVG DEP HDD CDD WTR SNW DPTH SPD SPD DIR MIN PSBL S-S WX SPD DR
================================================================================
1 58 34 46 12 19 0 0.25 0.0 0 8.0 16 290 M M 7 1 23 290
2 54 42 48 14 17 0 T 0.0 0 5.9 22 250 M M 10 29 240
3 45 36 41 7 24 0 0.10 0.0 0 5.9 14 290 M M 10 1 19 260
4 43 32 38 4 27 0 T T 0 1.8 10 260 M M 8 1 15 260
5 39 30 35 1 30 0 0.03 0.0 0 4.0 14 300 M M 9 1 19 300
6 37 33 35 1 30 0 T T 0 3.7 10 300 M M 10 1 14 280
7 39 31 35 1 30 0 0.00 0.0 0 6.5 15 80 M M 7 30 70
8 37 32 35 1 30 0 0.00 0.0 0 7.0 13 330 M M 10 18 30
9 32 23 28 -6 37 0 T T 0 3.9 9 350 M M 8 8 12 330
10 42 19 31 -3 34 0 0.00 0.0 0 1.6 7 210 M M 0 12 130
11 38 26 32 -2 33 0 0.00 0.0 0 3.2 9 220 M M 3 8 12 220
12 41 25 33 -1 32 0 0.00 0.0 0 3.9 12 230 M M 5 16 240
13 47 25 36 2 29 0 0.00 0.0 0 5.8 12 190 M M 0 16 200
14 52 32 42 8 23 0 0.00 0.0 0 6.5 14 200 M M 0 20 220
15 46 31 39 5 26 0 0.20 0.0 0 4.9 18 260 M M 6 1 29 280
16 38 29 34 0 31 0 0.03 0.5 0 7.3 15 250 M M 10 18 23 250
17 37 32 35 1 30 0 0.08 0.1 0 7.9 14 240 M M 10 18 19 240
18 34 31 33 -1 32 0 T 0.0 0 6.7 16 240 M M 9 1 23 240
19 47 33 40 6 25 0 0.03 T 0 4.2 13 230 M M 6 1 17 210
20 41 28 35 1 30 0 0.00 0.0 0 7.2 17 260 M M 4 25 250
21 46 32 39 5 26 0 0.00 0.0 0 8.8 16 230 M M 6 23 250
22 43 29 36 2 29 0 0.00 0.0 0 7.2 15 270 M M 1 19 250
23 34 18 26 -8 39 0 0.00 0.0 0 4.3 13 310 M M 0 17 310
24 33 22 28 -6 37 0 0.09 T 0 2.4 9 70 M M 8 16 11 70
25 37 32 35 1 30 0 1.29 0.0 0 5.2 17 30 M M 10 12 23 40
26 56 37 47 13 18 0 0.04 0.0 0 7.6 24 260 M M 8 12 38 260
27 41 30 36 2 29 0 0.09 0.7 0 7.2 16 340 M M 10 1 21 340
28 30 22 26 -8 39 0 0.02 1.0 2 8.0 17 330 M M 9 1 25 360
29 32 21 27 -7 38 0 0.00 0.0 0 3.5 8 330 M M 4 11 360
30 38 17 28 -6 37 0 0.14 0.3 0 4.7 15 70 M M 4 16 19 40
31 48 32 40 6 25 0 0.43 0.0 0 6.7 14 260 M M 10 16 20 260
================================================================================
SM 1285 896 916 0 2.82 2.6 171.5 M 202
================================================================================
AV 41.5 28.9 5.5 FASTST M M 7 MAX(MPH)
MISC ----> 24 260 38 260
================================================================================
NOTES:
# LAST OF SEVERAL OCCURRENCES
COLUMN 17 PEAK WIND IN M.P.H.
PRELIMINARY LOCAL CLIMATOLOGICAL DATA (WS FORM: F-6) , PAGE 2
STATION: HUNTINGTON WV
MONTH: JANUARY
YEAR: 2021
LATITUDE: 38 22 N
LONGITUDE: 82 33 W
[TEMPERATURE DATA] [PRECIPITATION DATA] SYMBOLS USED IN COLUMN 16
AVERAGE MONTHLY: 35.2 TOTAL FOR MONTH: 2.82 1 = FOG OR MIST
DPTR FM NORMAL: 1.5 DPTR FM NORMAL: -0.15 2 = FOG REDUCING VISIBILITY
HIGHEST: 58 ON 1 GRTST 24HR 1.29 ON 25-25 TO 1/4 MILE OR LESS
LOWEST: 17 ON 30 3 = THUNDER
SNOW, ICE PELLETS, HAIL 4 = ICE PELLETS
TOTAL MONTH: 2.6 INCHES 5 = HAIL
GRTST 24HR 1.0 ON 28-28 6 = FREEZING RAIN OR DRIZZLE
GRTST DEPTH: 2 ON 28 7 = DUSTSTORM OR SANDSTORM:
VSBY 1/2 MILE OR LESS
8 = SMOKE OR HAZE
[NO. OF DAYS WITH] [WEATHER - DAYS WITH] 9 = BLOWING SNOW
X = TORNADO
MAX 32 OR BELOW: 3 0.01 INCH OR MORE: 14
MAX 90 OR ABOVE: 0 0.10 INCH OR MORE: 6
MIN 32 OR BELOW: 25 0.50 INCH OR MORE: 1
MIN 0 OR BELOW: 0 1.00 INCH OR MORE: 1
[HDD (BASE 65) ]
TOTAL THIS MO. 916 CLEAR (SCALE 0-3) 6
DPTR FM NORMAL -53 PTCLDY (SCALE 4-7) 12
TOTAL FM JUL 1 2491 CLOUDY (SCALE 8-10) 13
DPTR FM NORMAL -231
[CDD (BASE 65) ]
TOTAL THIS MO. 0
DPTR FM NORMAL 0 [PRESSURE DATA]
TOTAL FM JAN 1 0 HIGHEST SLP 30.57 ON 28
DPTR FM NORMAL 0 LOWEST SLP 29.56 ON 15
[REMARKS]
#FINAL-01-21#