000
CXUS53 KIND 010700
CF6HUF
PRELIMINARY LOCAL CLIMATOLOGICAL DATA (WS FORM: F-6)
STATION: TERRE HAUTE IN
MONTH: FEBRUARY
YEAR: 2023
LATITUDE: 39 27 N
LONGITUDE: 87 18 W
TEMPERATURE IN F: :PCPN: SNOW: WIND :SUNSHINE: SKY :PK WND
================================================================================
1 2 3 4 5 6A 6B 7 8 9 10 11 12 13 14 15 16 17 18
12Z AVG MX 2MIN
DY MAX MIN AVG DEP HDD CDD WTR SNW DPTH SPD SPD DIR MIN PSBL S-S WX SPD DR
================================================================================
1 31 11 21 -9 44 0 0.00 M M 2.4 7 180 M M 0 10 360
2 41 20 31 1 34 0 0.00 M M 8.3 23 330 M M 0 31 340
3 26 12 19 -11 46 0 0.00 M M 7.8 21 330 M M 0 31 340
4 46 14 30 0 35 0 0.00 M M 12.6 24 200 M M 0 32 210
5 53 36 45 15 20 0 0.00 M M 11.2 22 230 M M 1 29 240
6 53 21 37 7 28 0 0.00 M M 7.7 16 150 M M 0 1 22 150
7 56 35 46 15 19 0 0.00 M M 8.8 18 200 M M 5 26 210
8 50 26 38 7 27 0 0.42 M M 4.7 13 110 M M 4 1 16 120
9 60 39 50 19 15 0 0.51 M M 15.9 35 210 M M 10 18 48 220
10 43 31 37 6 28 0 0.00 M M 6.7 16 290 M M 7 18 25 300
11 48 20 34 2 31 0 0.00 M M 1.9 7 80 M M 0 10 70
12 55 23 39 7 26 0 0.00 M M 2.9 9 300 M M 0 12 300
13 58 31 45 13 20 0 0.00 M M 6.0 16 330 M M 0 22 320
14 57 29 43 11 22 0 0.10 M M 11.3 29 180 M M 4 44 170
15 63 42 53 20 12 0 0.00 M M 14.2 24 220 M M 1 38 210
16 57 33 45 12 20 0 0.48 M M 12.3 24 270 M M 8 13 35 270
17 33 23 28 -5 37 0 T M M 10.3 22 320 M M 8 1 30 310
18 47 23 35 1 30 0 0.00 M M 10.5 18 180 M M 0 26 170
19 57 39 48 14 17 0 0.00 M M 13.1 22 210 M M 1 32 190
20 60 33 47 13 18 0 0.00 M M 4.7 17 290 M M 1 23 300
21 49 37 43 8 22 0 0.00 M M 7.3 22 300 M M 3 29 300
22 71 42 57 22 8 0 0.32 M M 12.4 29 250 M M 9 13 40 200
23 64 30 47 12 18 0 0.00 M M 13.1 25 250 M M 3 34 240
24 41 24 33 -3 32 0 0.00 M M 7.8 20 310 M M 1 31 320
25 45 28 37 1 28 0 0.01 M M 4.9 14 320 M M 6 21 330
26 57 26 42 6 23 0 0.00 M M 3.8 12 140 M M 2 1 15 130
27 68 49 59 22 6 0 0.23 M M 20.1 40 250 M M 10 1 58 210
28 54 41 48 11 17 0 0.00 M M 8.6 22 300 M M 6 33 300
================================================================================
SM 1443 818 683 0 2.07 M 251.3 M 90
================================================================================
AV 51.5 29.2 9.0 FASTST M M 3 MAX(MPH)
MISC ----> 40 250 58 210
================================================================================
NOTES:
# LAST OF SEVERAL OCCURRENCES
COLUMN 17 PEAK WIND IN M.P.H.
PRELIMINARY LOCAL CLIMATOLOGICAL DATA (WS FORM: F-6) , PAGE 2
STATION: TERRE HAUTE IN
MONTH: FEBRUARY
YEAR: 2023
LATITUDE: 39 27 N
LONGITUDE: 87 18 W
[TEMPERATURE DATA] [PRECIPITATION DATA] SYMBOLS USED IN COLUMN 16
AVERAGE MONTHLY: 40.4 TOTAL FOR MONTH: 2.07 1 = FOG OR MIST
DPTR FM NORMAL: 7.5 DPTR FM NORMAL: 0.05 2 = FOG REDUCING VISIBILITY
HIGHEST: 71 ON 22 GRTST 24HR 0.93 ON 8- 9 TO 1/4 MILE OR LESS
LOWEST: 11 ON 1 3 = THUNDER
SNOW, ICE PELLETS, HAIL 4 = ICE PELLETS
TOTAL MONTH: M 5 = HAIL
GRTST 24HR M ON M 6 = FREEZING RAIN OR DRIZZLE
GRTST DEPTH: M ON M 7 = DUSTSTORM OR SANDSTORM:
VSBY 1/2 MILE OR LESS
8 = SMOKE OR HAZE
[NO. OF DAYS WITH] [WEATHER - DAYS WITH] 9 = BLOWING SNOW
X = TORNADO
MAX 32 OR BELOW: 2 0.01 INCH OR MORE: 7
MAX 90 OR ABOVE: 0 0.10 INCH OR MORE: 6
MIN 32 OR BELOW: 17 0.50 INCH OR MORE: 1
MIN 0 OR BELOW: 0 1.00 INCH OR MORE: 0
[HDD (BASE 65) ]
TOTAL THIS MO. 683 CLEAR (SCALE 0-3) 17
DPTR FM NORMAL -217 PTCLDY (SCALE 4-7) 7
TOTAL FM JUL 1 3505 CLOUDY (SCALE 8-10) 4
DPTR FM NORMAL -557
[CDD (BASE 65) ]
TOTAL THIS MO. 0
DPTR FM NORMAL 0 [PRESSURE DATA]
TOTAL FM JAN 1 0 HIGHEST SLP M ON M
DPTR FM NORMAL 0 LOWEST SLP 29.13 ON 27
[REMARKS]
#FINAL-02-23#