000
CXUS55 KPIH 012230
CF6IDA
PRELIMINARY LOCAL CLIMATOLOGICAL DATA (WS FORM: F-6)
STATION: IDAHO FALLS
MONTH: JULY
YEAR: 2022
LATITUDE: 43 31 N
LONGITUDE: 112 4 W
TEMPERATURE IN F: :PCPN: SNOW: WIND :SUNSHINE: SKY :PK WND
================================================================================
1 2 3 4 5 6A 6B 7 8 9 10 11 12 13 14 15 16 17 18
12Z AVG MX 2MIN
DY MAX MIN AVG DEP HDD CDD WTR SNW DPTH SPD SPD DIR MIN PSBL S-S WX SPD DR
================================================================================
1 91 48 70 6 0 5 0.00 M M 10.8 28 190 M M 0 8 38 200
2 92 49 71 6 0 6 0.19 M M 8.1 35 220 M M 1 3 59 210
3 87 54 71 6 0 6 0.00 M M 9.6 20 220 M M 0 24 360
4 86 52 69 4 0 4 0.00 M M 6.7 14 240 M M 0 8 21 200
5 88 51 70 4 0 5 0.00 M M 7.2 18 210 M M 0 23 200
6 93 50 72 6 0 7 0.00 M M 7.6 17 220 M M 0 23 210
7 94 52 73 7 0 8 0.00 M M 6.9 17 210 M M 0 23 230
8 95 52 74 7 0 9 0.00 M M 7.8 16 230 M M 0 25 210
9 96 51 74 7 0 9 0.00 M M 8.7 21 230 M M 0 29 220
10 90 49 70 3 0 5 0.00 M M 12.7 29 200 M M 0 38 200
11 87 49 68 1 0 3 0.00 M M 4.7 9 350 M M 0 14 340
12 94 50 72 4 0 7 0.00 M M 5.8 16 180 M M 0 21 220
13 98 54 76 8 0 11 T M M 8.8 41 210 M M 0 8 53 210
14 97 59 78 10 0 13 0.00 M M 6.8 31 200 M M 0 42 190
15 90 56 73 5 0 8 0.00 M M 9.1 22 210 M M 0 30 220
16 97 55 76 8 0 11 0.00 M M 6.2 17 210 M M 0 24 190
17 96 54 75 6 0 10 T M M 6.2 18 300 M M 1 25 310
18 91 59 75 6 0 10 0.00 M M 16.4 35 240 M M 0 51 240
19 89 43 66 -3 0 1 0.00 M M 8.3 17 210 M M 0 24 200
20 95 48 72 3 0 7 0.00 M M 8.4 21 200 M M 0 28 210
21 94 52 73 4 0 8 0.00 M M 6.9 14 170 M M 0 19 230
22 98 51 75 6 0 10 0.00 M M 10.4 29 210 M M 0 37 200
23 92 49 71 1 0 6 0.00 M M 5.5 17 220 M M 0 23 210
24 92 49 71 1 0 6 0.00 M M 10.0 25 220 M M 0 35 210
25 87 46 67 -3 0 2 0.00 M M 2.8 8 20 M M 0 12 50
26 92 48 70 0 0 5 0.00 M M 4.4 15 230 M M 0 21 200
27 94 51 73 3 0 8 0.00 M M 4.1 10 20 M M 1 12 260
28 95 54 75 5 0 10 0.00 M M 6.5 15 200 M M 0 21 190
29 96 55 76 6 0 11 0.00 M M 4.8 23 290 M M 0 8 37 320
30 96 53 75 5 0 10 0.00 M M 3.6 13 30 M M 0 16 30
31 97 51 74 4 0 9 0.00 M M 3.9 12 160 M M 0 16 210
================================================================================
SM 2879 1594 0 230 0.19 M 229.7 M 3
================================================================================
AV 92.9 51.4 7.4 FASTST M M 0 MAX(MPH)
MISC ----> 41 210 59 210
================================================================================
NOTES:
# LAST OF SEVERAL OCCURRENCES
COLUMN 17 PEAK WIND IN M.P.H.
PRELIMINARY LOCAL CLIMATOLOGICAL DATA (WS FORM: F-6) , PAGE 2
STATION: IDAHO FALLS
MONTH: JULY
YEAR: 2022
LATITUDE: 43 31 N
LONGITUDE: 112 4 W
[TEMPERATURE DATA] [PRECIPITATION DATA] SYMBOLS USED IN COLUMN 16
AVERAGE MONTHLY: 72.1 TOTAL FOR MONTH: 0.19 1 = FOG OR MIST
DPTR FM NORMAL: 4.1 DPTR FM NORMAL: -0.27 2 = FOG REDUCING VISIBILITY
HIGHEST: 98 ON 22,13 GRTST 24HR 0.19 ON 2- 2 TO 1/4 MILE OR LESS
LOWEST: 43 ON 19 3 = THUNDER
SNOW, ICE PELLETS, HAIL 4 = ICE PELLETS
TOTAL MONTH: M 5 = HAIL
GRTST 24HR M ON M 6 = FREEZING RAIN OR DRIZZLE
GRTST DEPTH: M ON M 7 = DUSTSTORM OR SANDSTORM:
VSBY 1/2 MILE OR LESS
8 = SMOKE OR HAZE
[NO. OF DAYS WITH] [WEATHER - DAYS WITH] 9 = BLOWING SNOW
X = TORNADO
MAX 32 OR BELOW: 0 0.01 INCH OR MORE: 1
MAX 90 OR ABOVE: 25 0.10 INCH OR MORE: 1
MIN 32 OR BELOW: 0 0.50 INCH OR MORE: 0
MIN 0 OR BELOW: 0 1.00 INCH OR MORE: 0
[HDD (BASE 65) ]
TOTAL THIS MO. 0 CLEAR (SCALE 0-3) 31
DPTR FM NORMAL -29 PTCLDY (SCALE 4-7) 0
TOTAL FM JUL 1 0 CLOUDY (SCALE 8-10) 0
DPTR FM NORMAL -26
[CDD (BASE 65) ]
TOTAL THIS MO. 230
DPTR FM NORMAL 110 [PRESSURE DATA]
TOTAL FM JAN 1 273 HIGHEST SLP 30.18 ON 11
DPTR FM NORMAL 127 LOWEST SLP 29.64 ON 3
[REMARKS]
29TH: HIGH OF 96 TIES PREVIOUS RECORD OF 96 SET IN 2000.
17TH: HIGH OF 97 TIES PREVIOUS RECORD OF 97 SET IN 1971.
#FINAL-07-22#