000
CXUS53 KIND 010836
CF6IND
PRELIMINARY LOCAL CLIMATOLOGICAL DATA (WS FORM: F-6)
STATION: INDIANAPOLIS IN
MONTH: FEBRUARY
YEAR: 2020
LATITUDE: 39 43 N
LONGITUDE: 86 17 W
TEMPERATURE IN F: :PCPN: SNOW: WIND :SUNSHINE: SKY :PK WND
================================================================================
1 2 3 4 5 6A 6B 7 8 9 10 11 12 13 14 15 16 17 18
12Z AVG MX 2MIN
DY MAX MIN AVG DEP HDD CDD WTR SNW DPTH SPD SPD DIR MIN PSBL S-S WX SPD DR
================================================================================
1 42 34 38 9 27 0 T 0.0 0 10.9 24 250 M M 10 1 30 260
2 63 32 48 19 17 0 0.00 0.0 0 15.8 29 250 M M 4 39 250
3 67 37 52 23 13 0 0.00 0.0 0 12.2 31 210 M M 6 42 220
4 61 33 47 18 18 0 0.32 0.0 0 14.7 25 30 M M 10 1 34 30
5 36 30 33 3 32 0 0.28 T 0 14.2 22 40 M M 10 146 31 40
6 30 26 28 -2 37 0 0.03 0.3 T 9.9 17 10 M M 10 16 24 20
7 36 24 30 0 35 0 T T T 10.5 18 280 M M 8 1 24 270
8 34 27 31 1 34 0 0.03 0.3 T 8.4 16 270 M M 10 16 20 260
9 39 23 31 1 34 0 1.30 0.3 T 9.1 25 140 M M 8 16 35 140
10 43 33 38 7 27 0 0.44 0.0 0 8.2 17 310 M M 10 1 24 300
11 39 30 35 4 30 0 T T 0 7.1 16 290 M M 9 23 300
12 37 27 32 1 33 0 0.28 0.8 0 6.2 15 100 M M 9 146 21 100
13 33 11 22 -9 43 0 0.08 0.8 1 14.4 25 290 M M 10 16 33 290
14 19 2 11 -21 54 0 0.00 0.0 1 5.8 18 310 M M 1 24 310
15 44 12 28 -4 37 0 0.00 0.0 T 12.2 23 200 M M 6 31 210
16 48 30 39 7 26 0 0.00 0.0 0 6.3 17 230 M M 6 26 220
17 46 29 38 6 27 0 0.03 0.0 0 9.1 20 120 M M 8 26 130
18 49 29 39 6 26 0 0.05 0.0 0 12.2 22 310 M M 8 1 27 310
19 39 24 32 -1 33 0 0.00 0.0 0 8.2 13 20 M M 4 18 310
20 32 19 26 -8 39 0 0.00 0.0 0 11.2 17 350 M M 7 24 10
21 36 13 25 -9 40 0 0.00 0.0 0 7.2 14 240 M M 0 22 260
22 49 20 35 1 30 0 0.00 0.0 0 10.6 20 230 M M 1 28 230
23 54 28 41 7 24 0 0.00 0.0 0 9.2 16 210 M M 5 22 190
24 45 36 41 6 24 0 0.41 0.0 0 8.7 16 150 M M 9 1 22 150
25 42 36 39 4 26 0 0.48 0.0 0 11.8 20 40 M M 10 1 23 40
26 36 27 32 -4 33 0 0.15 1.2 1 14.9 26 330 M M 10 16 35 320
27 34 24 29 -7 36 0 T T 1 15.0 26 280 M M 9 18 33 270
28 31 19 25 -11 40 0 0.01 0.6 T 11.2 21 270 M M 7 1 26 280
29 37 17 27 -9 38 0 0.00 0.0 T 8.8 13 240 M M 1 19 250
================================================================================
SM 1201 732 913 0 3.89 4.3 304.0 M 206
================================================================================
AV 41.4 25.2 10.5 FASTST M M 7 MAX(MPH)
MISC ----> 31 210 42 220
================================================================================
NOTES:
# LAST OF SEVERAL OCCURRENCES
COLUMN 17 PEAK WIND IN M.P.H.
PRELIMINARY LOCAL CLIMATOLOGICAL DATA (WS FORM: F-6) , PAGE 2
STATION: INDIANAPOLIS IN
MONTH: FEBRUARY
YEAR: 2020
LATITUDE: 39 43 N
LONGITUDE: 86 17 W
[TEMPERATURE DATA] [PRECIPITATION DATA] SYMBOLS USED IN COLUMN 16
AVERAGE MONTHLY: 33.3 TOTAL FOR MONTH: 3.89 1 = FOG OR MIST
DPTR FM NORMAL: 1.2 DPTR FM NORMAL: 1.57 2 = FOG REDUCING VISIBILITY
HIGHEST: 67 ON 3 GRTST 24HR 1.74 ON 9-10 TO 1/4 MILE OR LESS
LOWEST: 2 ON 14 3 = THUNDER
SNOW, ICE PELLETS, HAIL 4 = ICE PELLETS
TOTAL MONTH: 4.3 INCHES 5 = HAIL
GRTST 24HR 1.2 ON 26-26 6 = FREEZING RAIN OR DRIZZLE
GRTST DEPTH: 1 ON 27,26 7 = DUSTSTORM OR SANDSTORM:
VSBY 1/2 MILE OR LESS
8 = SMOKE OR HAZE
[NO. OF DAYS WITH] [WEATHER - DAYS WITH] 9 = BLOWING SNOW
X = TORNADO
MAX 32 OR BELOW: 4 0.01 INCH OR MORE: 14
MAX 90 OR ABOVE: 0 0.10 INCH OR MORE: 8
MIN 32 OR BELOW: 23 0.50 INCH OR MORE: 1
MIN 0 OR BELOW: 0 1.00 INCH OR MORE: 1
[HDD (BASE 65) ]
TOTAL THIS MO. 913 CLEAR (SCALE 0-3) 4
DPTR FM NORMAL -9 PTCLDY (SCALE 4-7) 10
TOTAL FM JUL 1 3801 CLOUDY (SCALE 8-10) 15
DPTR FM NORMAL -400
[CDD (BASE 65) ]
TOTAL THIS MO. 0
DPTR FM NORMAL 0 [PRESSURE DATA]
TOTAL FM JAN 1 0 HIGHEST SLP 30.71 ON 21
DPTR FM NORMAL 0 LOWEST SLP 29.51 ON 7
[REMARKS]
#FINAL-02-20#