000
CXUS51 KOKX 011010
CF6ISP
PRELIMINARY LOCAL CLIMATOLOGICAL DATA (WS FORM: F-6)
STATION: ISLIP NY
MONTH: JANUARY
YEAR: 2024
LATITUDE: 40 47 N
LONGITUDE: 73 6 W
TEMPERATURE IN F: :PCPN: SNOW: WIND :SUNSHINE: SKY :PK WND
================================================================================
1 2 3 4 5 6A 6B 7 8 9 10 11 12 13 14 15 16 17 18
12Z AVG MX 2MIN
DY MAX MIN AVG DEP HDD CDD WTR SNW DPTH SPD SPD DIR MIN PSBL S-S WX SPD DR
================================================================================
1 46 35 41 7 24 0 0.02 T 0 3.9 10 10 M M 8 13 360
2 40 28 34 1 31 0 0.00 0.0 0 8.2 20 350 M M 0 24 350
3 44 25 35 2 30 0 0.00 0.0 0 5.1 12 310 M M 5 15 10
4 45 28 37 4 28 0 0.01 T 0 10.5 25 340 M M 7 32 330
5 37 25 31 -2 34 0 0.00 0.0 0 9.2 17 330 M M 2 23 340
6 39 22 31 -2 34 0 0.45 T 0 7.9 22 70 M M 7 1 30 70
7 40 32 36 3 29 0 0.44 0.3 0 12.1 21 30 M M 10 1 28 30
8 42 26 34 2 31 0 0.00 0.0 0 9.7 23 340 M M 2 34 330
9 55 25 40 8 25 0 1.25 0.0 0 14.2 39 150 M M 7 1 55 160
10 56 43 50 18 15 0 1.55 0.0 0 17.1 38 150 M M 8 1 57 170
11 47 34 41 9 24 0 0.00 0.0 0 9.7 23 240 M M 6 27 240
12 49 29 39 7 26 0 0.05 0.0 0 10.0 29 100 M M 6 1 37 100
13 57 35 46 14 19 0 1.31 0.0 0 20.2 33 110 M M 8 12 44 100
14 45 27 36 4 29 0 T T 0 17.3 38 280 M M 3 1 50 270
15 29 23 26 -6 39 0 0.07 0.5 0 6.7 12 240 M M 7 1 14 240
16 33 23 28 -4 37 0 0.46 1.8 2 11.9 23 320 M M 9 1456 32 310
17 24 17 21 -11 44 0 0.00 0.0 1 12.2 21 270 M M 1 27 260
18 31 20 26 -5 39 0 T T 1 8.1 20 270 M M 7 25 250
19 30 24 27 -4 38 0 0.03 0.5 T 8.8 20 340 M M 10 1 24 350
20 25 17 21 -10 44 0 T T 1 14.0 23 310 M M 5 31 290
21 29 17 23 -8 42 0 0.00 0.0 1 12.5 23 320 M M 1 8 31 290
22 36 17 27 -4 38 0 0.00 0.0 T 8.9 21 240 M M 4 26 250
23 42 33 38 7 27 0 T T T 5.9 18 250 M M 9 4 23 240
24 47 35 41 10 24 0 0.10 T 0 5.8 12 250 M M 10 124 15 160
25 57 45 51 20 14 0 0.31 0.0 0 7.0 17 110 M M 10 1 22 240
26 45 41 43 12 22 0 0.34 0.0 0 7.2 16 90 M M 10 12 23 100
27 45 40 43 12 22 0 T 0.0 0 5.0 12 10 M M 10 12 14 360
28 41 36 39 8 26 0 0.78 0.0 0 12.7 24 10 M M 10 1 33 10
29 40 34 37 6 28 0 0.15 T 0 14.3 24 350 M M 10 1 35 20
30 37 34 36 5 29 0 0.00 0.0 0 7.0 14 130 M M 10 19 120
31 38 33 36 5 29 0 0.00 0.0 0 5.5 15 130 M M 10 19 120
================================================================================
SM 1271 903 921 0 7.32 3.1 308.6 M 212
================================================================================
AV 41.0 29.1 10.0 FASTST M M 7 MAX(MPH)
MISC ----> 39 150 57 170
================================================================================
NOTES:
# LAST OF SEVERAL OCCURRENCES
COLUMN 17 PEAK WIND IN M.P.H.
PRELIMINARY LOCAL CLIMATOLOGICAL DATA (WS FORM: F-6) , PAGE 2
STATION: ISLIP NY
MONTH: JANUARY
YEAR: 2024
LATITUDE: 40 47 N
LONGITUDE: 73 6 W
[TEMPERATURE DATA] [PRECIPITATION DATA] SYMBOLS USED IN COLUMN 16
AVERAGE MONTHLY: 35.1 TOTAL FOR MONTH: 7.32 1 = FOG OR MIST
DPTR FM NORMAL: 3.2 DPTR FM NORMAL: 3.66 2 = FOG REDUCING VISIBILITY
HIGHEST: 57 ON 25,13 GRTST 24HR 2.34 ON 9-10 TO 1/4 MILE OR LESS
LOWEST: 17 ON 22,21 3 = THUNDER
SNOW, ICE PELLETS, HAIL 4 = ICE PELLETS
TOTAL MONTH: 3.1 INCHES 5 = HAIL
GRTST 24HR 1.8 ON 16-16 6 = FREEZING RAIN OR DRIZZLE
GRTST DEPTH: 2 ON 16 7 = DUSTSTORM OR SANDSTORM:
VSBY 1/2 MILE OR LESS
8 = SMOKE OR HAZE
[NO. OF DAYS WITH] [WEATHER - DAYS WITH] 9 = BLOWING SNOW
X = TORNADO
MAX 32 OR BELOW: 6 0.01 INCH OR MORE: 16
MAX 90 OR ABOVE: 0 0.10 INCH OR MORE: 11
MIN 32 OR BELOW: 18 0.50 INCH OR MORE: 4
MIN 0 OR BELOW: 0 1.00 INCH OR MORE: 3
[HDD (BASE 65) ]
TOTAL THIS MO. 921 CLEAR (SCALE 0-3) 6
DPTR FM NORMAL -105 PTCLDY (SCALE 4-7) 12
TOTAL FM JUL 1 2508 CLOUDY (SCALE 8-10) 13
DPTR FM NORMAL -325
[CDD (BASE 65) ]
TOTAL THIS MO. 0
DPTR FM NORMAL 0 [PRESSURE DATA]
TOTAL FM JAN 1 0 HIGHEST SLP M ON M
DPTR FM NORMAL 0 LOWEST SLP 28.99 ON 10
[REMARKS]
#FINAL-01-24#